[Mon Dec 08 09:00:18.402655 2025] [:error] [pid 11313:tid 140450916685568] [client 198.23.224.203:49552] PHP Warning:  Error while sending QUERY packet. PID=2371 in /home/boxmealz/public_html/wp-includes/wp-db.php on line 1942, referer: https://www.boxedmealz.com/wp-cron.php?doing_wp_cron=1765202395.2064070701599121093750
[Mon Dec 08 09:01:33.526567 2025] [:error] [pid 11049:tid 140450883114752] [client 195.178.110.201:18740] PHP Notice:  Constant WP_DEBUG already defined in /home/boxmealz/public_html/wp-config.php on line 74, referer: https://www.google.com/
[Mon Dec 08 09:02:25.251991 2025] [:error] [pid 11047:tid 140451113780992] [client 195.178.110.201:45308] PHP Warning:  Error while sending QUERY packet. PID=9262 in /home/boxmealz/public_html/wp-includes/wp-db.php on line 1942, referer: https://www.google.com/
[Mon Dec 08 09:02:25.252540 2025] [:error] [pid 11313:tid 140450916685568] [client 195.178.110.201:38244] PHP Warning:  mysqli_query(): MySQL server has gone away in /home/boxmealz/public_html/wp-includes/wp-db.php on line 830, referer: https://www.google.com/
[Mon Dec 08 09:02:25.255911 2025] [:error] [pid 11313:tid 140450916685568] [client 195.178.110.201:38244] PHP Warning:  mysqli_query(): Error reading result set's header in /home/boxmealz/public_html/wp-includes/wp-db.php on line 830, referer: https://www.google.com/
[Mon Dec 08 09:02:25.254467 2025] [:error] [pid 11313:tid 140450983827200] [client 195.178.110.201:61912] PHP Warning:  mysqli_query(): MySQL server has gone away in /home/boxmealz/public_html/wp-includes/wp-db.php on line 1942, referer: https://www.google.com/
[Mon Dec 08 09:02:25.256096 2025] [:error] [pid 11313:tid 140450983827200] [client 195.178.110.201:61912] PHP Warning:  mysqli_query(): Error reading result set's header in /home/boxmealz/public_html/wp-includes/wp-db.php on line 1942, referer: https://www.google.com/
[Mon Dec 08 09:02:25.254837 2025] [:error] [pid 11048:tid 140450883114752] [client 195.178.110.201:61902] PHP Warning:  mysqli_query(): MySQL server has gone away in /home/boxmealz/public_html/wp-includes/wp-db.php on line 1942, referer: https://www.google.com/
[Mon Dec 08 09:02:25.256296 2025] [:error] [pid 11048:tid 140450883114752] [client 195.178.110.201:61902] PHP Warning:  mysqli_query(): Error reading result set's header in /home/boxmealz/public_html/wp-includes/wp-db.php on line 1942, referer: https://www.google.com/
[Mon Dec 08 09:02:25.252002 2025] [:error] [pid 2504:tid 140450925078272] [client 198.23.224.203:52270] PHP Warning:  Error while sending QUERY packet. PID=9213 in /home/boxmealz/public_html/wp-includes/wp-db.php on line 1942, referer: https://www.boxedmealz.com/index.php?swpnonce=1765202504.0689458847045898437500
[Mon Dec 08 09:02:25.269108 2025] [:error] [pid 11047:tid 140451122173696] [client 195.178.110.201:45632] PHP Warning:  mysqli_query(): MySQL server has gone away in /home/boxmealz/public_html/wp-includes/wp-db.php on line 1942, referer: https://www.google.com/
[Mon Dec 08 09:02:25.269330 2025] [:error] [pid 11047:tid 140451122173696] [client 195.178.110.201:45632] PHP Warning:  mysqli_query(): Error reading result set's header in /home/boxmealz/public_html/wp-includes/wp-db.php on line 1942, referer: https://www.google.com/
[Mon Dec 08 09:02:25.277383 2025] [:error] [pid 11313:tid 140451130566400] [client 195.178.110.201:38228] PHP Warning:  Error while sending QUERY packet. PID=9367 in /home/boxmealz/public_html/wp-includes/wp-db.php on line 1942, referer: https://www.google.com/
[Mon Dec 08 09:02:25.373638 2025] [:error] [pid 11048:tid 140450899900160] [client 195.178.110.201:45302] PHP Warning:  Error while sending QUERY packet. PID=9246 in /home/boxmealz/public_html/wp-includes/wp-db.php on line 1942, referer: https://www.google.com/
[Mon Dec 08 09:02:25.376868 2025] [:error] [pid 11049:tid 140451096995584] [client 195.178.110.201:45648] PHP Warning:  Error while sending QUERY packet. PID=9286 in /home/boxmealz/public_html/wp-includes/wp-db.php on line 1942, referer: https://www.google.com/
[Mon Dec 08 09:02:25.396040 2025] [:error] [pid 2504:tid 140450975434496] [client 195.178.110.201:45656] PHP Warning:  Error while sending QUERY packet. PID=9295 in /home/boxmealz/public_html/wp-includes/wp-db.php on line 1942, referer: https://www.google.com/
[Mon Dec 08 09:02:25.398177 2025] [:error] [pid 2504:tid 140450967041792] [client 195.178.110.201:45306] PHP Warning:  Error while sending QUERY packet. PID=9249 in /home/boxmealz/public_html/wp-includes/wp-db.php on line 1942, referer: https://www.google.com/
[Mon Dec 08 09:02:25.404990 2025] [:error] [pid 11048:tid 140450874722048] [client 195.178.110.201:45644] PHP Warning:  Error while sending QUERY packet. PID=9296 in /home/boxmealz/public_html/wp-includes/wp-db.php on line 1942, referer: https://www.google.com/
[Mon Dec 08 09:02:26.265864 2025] [:error] [pid 2504:tid 140451096995584] [client 15.235.145.72:63208] PHP Warning:  Error while sending QUERY packet. PID=9327 in /home/boxmealz/public_html/wp-includes/wp-db.php on line 1942
[Mon Dec 08 09:02:26.880621 2025] [:error] [pid 2504:tid 140450933470976] [client 195.178.110.201:18756] PHP Warning:  Error while sending QUERY packet. PID=9121 in /home/boxmealz/public_html/wp-includes/wp-db.php on line 1942, referer: https://www.google.com/
[Mon Dec 08 09:02:26.881442 2025] [:error] [pid 11049:tid 140450883114752] [client 195.178.110.201:18740] PHP Warning:  Error while sending QUERY packet. PID=9112 in /home/boxmealz/public_html/wp-includes/wp-db.php on line 1942, referer: https://www.google.com/
[Mon Dec 08 09:33:14.456943 2025] [:error] [pid 11048:tid 140450916685568] [client 117.33.163.216:34982] [client 117.33.163.216] ModSecurity: Access denied with code 403 (phase 2). Pattern match "\\\\b(keep-alive|close),\\\\s?(keep-alive|close)\\\\b" at REQUEST_HEADERS:Connection. [file "/usr/local/apache/modsecurity-owasp-old/base_rules/modsecurity_crs_20_protocol_violations.conf"] [line "447"] [id "958295"] [rev "2"] [msg "Multiple/Conflicting Connection Header Data Found."] [data "keep-alive, close"] [severity "WARNING"] [ver "OWASP_CRS/2.2.9"] [maturity "6"] [accuracy "8"] [tag "OWASP_CRS/PROTOCOL_VIOLATION/INVALID_HREQ"] [hostname "boxedmealz.com"] [uri "/"] [unique_id "aTbhqm_58-TvT0GMWy1DbAAAAFE"]
[Mon Dec 08 10:47:05.559015 2025] [:error] [pid 11313:tid 140450967041792] [client 43.153.87.54:36542] [client 43.153.87.54] ModSecurity: Access denied with code 403 (phase 2). Pattern match "\\\\b(keep-alive|close),\\\\s?(keep-alive|close)\\\\b" at REQUEST_HEADERS:Connection. [file "/usr/local/apache/modsecurity-owasp-old/base_rules/modsecurity_crs_20_protocol_violations.conf"] [line "447"] [id "958295"] [rev "2"] [msg "Multiple/Conflicting Connection Header Data Found."] [data "keep-alive, close"] [severity "WARNING"] [ver "OWASP_CRS/2.2.9"] [maturity "6"] [accuracy "8"] [tag "OWASP_CRS/PROTOCOL_VIOLATION/INVALID_HREQ"] [hostname "www.boxedmealz.com"] [uri "/"] [unique_id "aTby-RUH1xXbmv2mAPJOYAAAAMs"]
[Mon Dec 08 12:08:40.392372 2025] [:error] [pid 2504:tid 140450883114752] [client 20.58.147.220:61699] File does not exist: /usr/local/apache/autossl_tmp/.well-known/acme-challenge/file.php, referer: https://www.yahoo.com/
[Mon Dec 08 12:08:40.592522 2025] [:error] [pid 2504:tid 140450950256384] [client 20.58.147.220:61699] File does not exist: /usr/local/apache/autossl_tmp/.well-known/acme-challenge/wp-login.php, referer: https://www.google.co.uk/
[Mon Dec 08 12:08:40.812473 2025] [:error] [pid 2504:tid 140450992219904] [client 20.58.147.220:61699] File does not exist: /usr/local/apache/autossl_tmp/.well-known/acme-challenge/index.php, referer: https://duckduckgo.com/
[Mon Dec 08 12:11:58.688796 2025] [:error] [pid 2504:tid 140451088602880] [client 116.206.255.11:61017] [client 116.206.255.11] ModSecurity: Access denied with code 403 (phase 2). Pattern match "(?i:(?i:\\\\d[\\"'`\\xc2\\xb4\\xe2\\x80\\x99\\xe2\\x80\\x98]\\\\s+[\\"'`\\xc2\\xb4\\xe2\\x80\\x99\\xe2\\x80\\x98]\\\\s+\\\\d)|(?:^admin\\\\s*?[\\"'`\\xc2\\xb4\\xe2\\x80\\x99\\xe2\\x80\\x98]|(\\\\/\\\\*)+[\\"'`\\xc2\\xb4\\xe2\\x80\\x99\\xe2\\x80\\x98]+\\\\s?(?:--|#|\\\\/\\\\*|{)?)|(?:[\\"'`\\xc2\\xb4\\xe2\\x80\\x9 ..." at ARGS:actid. [file "/usr/local/apache/modsecurity-owasp-old/base_rules/modsecurity_crs_41_sql_injection_attacks.conf"] [line "205"] [id "981244"] [msg "Detects basic SQL authentication bypass attempts 1/3"] [data "Matched Data: '>\\x22 found within ARGS:actid: '>\\x22></script><svg/onload=confirm(672)>"] [severity "CRITICAL"] [tag "OWASP_CRS/WEB_ATTACK/SQL_INJECTION"] [hostname "boxedmealz.com"] [uri "/"] [unique_id "aTcG3px8vKAfwp2lDg9bFQAAAQU"]
[Mon Dec 08 12:14:45.370543 2025] [autoindex:error] [pid 11049:tid 140450950256384] [client 20.58.147.220:61787] AH01276: Cannot serve directory /home/boxmealz/public_html/wp-admin/images/: No matching DirectoryIndex (index.php,index.html.var,index.htm,index.html,index.shtml,index.xhtml,index.wml,index.perl,index.pl,index.plx,index.ppl,index.cgi,index.jsp,index.js,index.jp,index.php4,index.php3,index.phtml,default.htm,default.html,home.htm,index.php5,Default.html,Default.htm,home.html) found, and server-generated directory index forbidden by Options directive, referer: https://www.google.com/
[Mon Dec 08 12:14:48.067341 2025] [autoindex:error] [pid 11049:tid 140450883114752] [client 20.58.147.220:61787] AH01276: Cannot serve directory /home/boxmealz/public_html/wp-admin/includes/: No matching DirectoryIndex (index.php,index.html.var,index.htm,index.html,index.shtml,index.xhtml,index.wml,index.perl,index.pl,index.plx,index.ppl,index.cgi,index.jsp,index.js,index.jp,index.php4,index.php3,index.phtml,default.htm,default.html,home.htm,index.php5,Default.html,Default.htm,home.html) found, and server-generated directory index forbidden by Options directive, referer: https://duckduckgo.com/
[Mon Dec 08 12:24:30.218196 2025] [autoindex:error] [pid 11047:tid 140451096995584] [client 213.199.55.196:60415] AH01276: Cannot serve directory /home/boxmealz/public_html/wp-admin/css/: No matching DirectoryIndex (index.php,index.html.var,index.htm,index.html,index.shtml,index.xhtml,index.wml,index.perl,index.pl,index.plx,index.ppl,index.cgi,index.jsp,index.js,index.jp,index.php4,index.php3,index.phtml,default.htm,default.html,home.htm,index.php5,Default.html,Default.htm,home.html) found, and server-generated directory index forbidden by Options directive, referer: binance.com
[Mon Dec 08 13:03:46.131158 2025] [:error] [pid 11313:tid 140450992219904] [client 20.89.192.70:7050] File does not exist: /usr/local/apache/autossl_tmp/.well-known/acme-challenge/file.php, referer: https://www.google.com/
[Mon Dec 08 13:03:46.269877 2025] [:error] [pid 11313:tid 140450933470976] [client 20.89.192.70:7050] File does not exist: /usr/local/apache/autossl_tmp/.well-known/acme-challenge/wp-login.php, referer: https://duckduckgo.com/
[Mon Dec 08 13:03:46.855565 2025] [:error] [pid 11313:tid 140450874722048] [client 20.89.192.70:7050] File does not exist: /usr/local/apache/autossl_tmp/.well-known/acme-challenge/index.php, referer: https://duckduckgo.com/
[Mon Dec 08 13:06:37.598449 2025] [autoindex:error] [pid 2504:tid 140450983827200] [client 20.89.192.70:7155] AH01276: Cannot serve directory /home/boxmealz/public_html/wp-admin/images/: No matching DirectoryIndex (index.php,index.html.var,index.htm,index.html,index.shtml,index.xhtml,index.wml,index.perl,index.pl,index.plx,index.ppl,index.cgi,index.jsp,index.js,index.jp,index.php4,index.php3,index.phtml,default.htm,default.html,home.htm,index.php5,Default.html,Default.htm,home.html) found, and server-generated directory index forbidden by Options directive, referer: https://www.google.fr/
[Mon Dec 08 13:06:40.180517 2025] [autoindex:error] [pid 2504:tid 140451105388288] [client 20.89.192.70:7155] AH01276: Cannot serve directory /home/boxmealz/public_html/wp-admin/includes/: No matching DirectoryIndex (index.php,index.html.var,index.htm,index.html,index.shtml,index.xhtml,index.wml,index.perl,index.pl,index.plx,index.ppl,index.cgi,index.jsp,index.js,index.jp,index.php4,index.php3,index.phtml,default.htm,default.html,home.htm,index.php5,Default.html,Default.htm,home.html) found, and server-generated directory index forbidden by Options directive, referer: https://www.yahoo.com/
[Mon Dec 08 13:08:33.453518 2025] [autoindex:error] [pid 2504:tid 140451113780992] [client 20.89.192.70:7112] AH01276: Cannot serve directory /home/boxmealz/public_html/wp-includes/SimplePie/: No matching DirectoryIndex (index.php,index.html.var,index.htm,index.html,index.shtml,index.xhtml,index.wml,index.perl,index.pl,index.plx,index.ppl,index.cgi,index.jsp,index.js,index.jp,index.php4,index.php3,index.phtml,default.htm,default.html,home.htm,index.php5,Default.html,Default.htm,home.html) found, and server-generated directory index forbidden by Options directive, referer: https://www.google.co.uk/
[Mon Dec 08 13:08:35.948231 2025] [autoindex:error] [pid 2504:tid 140451130566400] [client 20.89.192.70:7112] AH01276: Cannot serve directory /home/boxmealz/public_html/wp-includes/Text/Diff/Renderer/: No matching DirectoryIndex (index.php,index.html.var,index.htm,index.html,index.shtml,index.xhtml,index.wml,index.perl,index.pl,index.plx,index.ppl,index.cgi,index.jsp,index.js,index.jp,index.php4,index.php3,index.phtml,default.htm,default.html,home.htm,index.php5,Default.html,Default.htm,home.html) found, and server-generated directory index forbidden by Options directive, referer: https://www.bing.com/
[Mon Dec 08 13:08:39.691866 2025] [autoindex:error] [pid 2504:tid 140450967041792] [client 20.89.192.70:7112] AH01276: Cannot serve directory /home/boxmealz/public_html/wp-includes/Text/Diff/: No matching DirectoryIndex (index.php,index.html.var,index.htm,index.html,index.shtml,index.xhtml,index.wml,index.perl,index.pl,index.plx,index.ppl,index.cgi,index.jsp,index.js,index.jp,index.php4,index.php3,index.phtml,default.htm,default.html,home.htm,index.php5,Default.html,Default.htm,home.html) found, and server-generated directory index forbidden by Options directive, referer: https://www.google.co.uk/
[Mon Dec 08 13:08:56.623949 2025] [autoindex:error] [pid 11313:tid 140450857936640] [client 20.89.192.70:7165] AH01276: Cannot serve directory /home/boxmealz/public_html/wp-includes/Text/: No matching DirectoryIndex (index.php,index.html.var,index.htm,index.html,index.shtml,index.xhtml,index.wml,index.perl,index.pl,index.plx,index.ppl,index.cgi,index.jsp,index.js,index.jp,index.php4,index.php3,index.phtml,default.htm,default.html,home.htm,index.php5,Default.html,Default.htm,home.html) found, and server-generated directory index forbidden by Options directive, referer: https://www.google.de/
[Mon Dec 08 13:09:35.770227 2025] [autoindex:error] [pid 11313:tid 140451113780992] [client 20.89.192.70:7165] AH01276: Cannot serve directory /home/boxmealz/public_html/wp-includes/css/: No matching DirectoryIndex (index.php,index.html.var,index.htm,index.html,index.shtml,index.xhtml,index.wml,index.perl,index.pl,index.plx,index.ppl,index.cgi,index.jsp,index.js,index.jp,index.php4,index.php3,index.phtml,default.htm,default.html,home.htm,index.php5,Default.html,Default.htm,home.html) found, and server-generated directory index forbidden by Options directive, referer: https://www.bing.com/
[Mon Dec 08 13:09:46.951426 2025] [autoindex:error] [pid 11313:tid 140450958649088] [client 20.89.192.70:7165] AH01276: Cannot serve directory /home/boxmealz/public_html/wp-includes/customize/: No matching DirectoryIndex (index.php,index.html.var,index.htm,index.html,index.shtml,index.xhtml,index.wml,index.perl,index.pl,index.plx,index.ppl,index.cgi,index.jsp,index.js,index.jp,index.php4,index.php3,index.phtml,default.htm,default.html,home.htm,index.php5,Default.html,Default.htm,home.html) found, and server-generated directory index forbidden by Options directive, referer: https://www.google.co.uk/
[Mon Dec 08 13:10:08.538863 2025] [autoindex:error] [pid 11047:tid 140451088602880] [client 20.89.192.70:7108] AH01276: Cannot serve directory /home/boxmealz/public_html/wp-includes/fonts/: No matching DirectoryIndex (index.php,index.html.var,index.htm,index.html,index.shtml,index.xhtml,index.wml,index.perl,index.pl,index.plx,index.ppl,index.cgi,index.jsp,index.js,index.jp,index.php4,index.php3,index.phtml,default.htm,default.html,home.htm,index.php5,Default.html,Default.htm,home.html) found, and server-generated directory index forbidden by Options directive, referer: https://www.google.fr/
[Mon Dec 08 13:10:20.167233 2025] [autoindex:error] [pid 11047:tid 140450975434496] [client 20.89.192.70:7108] AH01276: Cannot serve directory /home/boxmealz/public_html/wp-includes/: No matching DirectoryIndex (index.php,index.html.var,index.htm,index.html,index.shtml,index.xhtml,index.wml,index.perl,index.pl,index.plx,index.ppl,index.cgi,index.jsp,index.js,index.jp,index.php4,index.php3,index.phtml,default.htm,default.html,home.htm,index.php5,Default.html,Default.htm,home.html) found, and server-generated directory index forbidden by Options directive, referer: https://www.yahoo.com/
[Mon Dec 08 13:10:22.599133 2025] [autoindex:error] [pid 11047:tid 140451080210176] [client 20.89.192.70:7108] AH01276: Cannot serve directory /home/boxmealz/public_html/wp-includes/js/: No matching DirectoryIndex (index.php,index.html.var,index.htm,index.html,index.shtml,index.xhtml,index.wml,index.perl,index.pl,index.plx,index.ppl,index.cgi,index.jsp,index.js,index.jp,index.php4,index.php3,index.phtml,default.htm,default.html,home.htm,index.php5,Default.html,Default.htm,home.html) found, and server-generated directory index forbidden by Options directive, referer: https://www.google.co.uk/
[Mon Dec 08 13:10:29.488390 2025] [autoindex:error] [pid 11047:tid 140450866329344] [client 20.89.192.70:7108] AH01276: Cannot serve directory /home/boxmealz/public_html/wp-includes/rest-api/endpoints/: No matching DirectoryIndex (index.php,index.html.var,index.htm,index.html,index.shtml,index.xhtml,index.wml,index.perl,index.pl,index.plx,index.ppl,index.cgi,index.jsp,index.js,index.jp,index.php4,index.php3,index.phtml,default.htm,default.html,home.htm,index.php5,Default.html,Default.htm,home.html) found, and server-generated directory index forbidden by Options directive, referer: https://www.google.co.uk/
[Mon Dec 08 13:25:12.266639 2025] [:error] [pid 2504:tid 140450933470976] [client 186.22.17.80:62585] [client 186.22.17.80] ModSecurity: Access denied with code 403 (phase 2). Pattern match "(?i:(?:\\\\A|[^\\\\d])0x[a-f\\\\d]{3,}[a-f\\\\d]*)+" at XML. [file "/usr/local/apache/modsecurity-owasp-old/base_rules/modsecurity_crs_41_sql_injection_attacks.conf"] [line "55"] [id "981260"] [rev "2"] [msg "SQL Hex Encoding Identified"] [data "Matched Data: e0x1c8c5b6ade found within XML: metaWeblog.newPost1test01test01title0x1c8c5b6adescription0x1c8c5b6amt_keywords0x1c8c5b6amt_excerpt0x1c8c5b6a1"] [severity "CRITICAL"] [ver "OWASP_CRS/2.2.9"] [maturity "8"] [accuracy "8"] [tag "OWASP_CRS/WEB_ATTACK/SQL_INJECTION"] [tag "WASCTC/WASC-19"] [tag "OWASP_TOP_10/A1"] [tag "OWASP_AppSensor/CIE1"] [tag "PCI/6.5.2"] [hostname "boxedmealz.com"] [uri "/xmlrpc.php"] [unique_id "aTcYCJx8vKAfwp2lDg9boAAAAQ8"]
[Mon Dec 08 13:30:58.722568 2025] [:error] [pid 2504:tid 140450975434496] [client 195.178.110.223:41488] PHP Warning:  mysqli_query(): MySQL server has gone away in /home/boxmealz/public_html/wp-includes/wp-db.php on line 1942
[Mon Dec 08 13:30:58.745016 2025] [:error] [pid 2504:tid 140450883114752] [client 195.178.110.223:41644] PHP Warning:  mysqli_query(): MySQL server has gone away in /home/boxmealz/public_html/wp-includes/wp-db.php on line 1942
[Mon Dec 08 13:30:58.745100 2025] [:error] [pid 2504:tid 140450975434496] [client 195.178.110.223:41488] PHP Warning:  mysqli_query(): Error reading result set's header in /home/boxmealz/public_html/wp-includes/wp-db.php on line 1942
[Mon Dec 08 13:30:58.724386 2025] [:error] [pid 2504:tid 140450950256384] [client 195.178.110.223:41608] PHP Warning:  mysqli_query(): MySQL server has gone away in /home/boxmealz/public_html/wp-includes/wp-db.php on line 1942
[Mon Dec 08 13:30:58.745233 2025] [:error] [pid 2504:tid 140450883114752] [client 195.178.110.223:41644] PHP Warning:  mysqli_query(): Error reading result set's header in /home/boxmealz/public_html/wp-includes/wp-db.php on line 1942
[Mon Dec 08 13:30:58.745291 2025] [:error] [pid 2504:tid 140450950256384] [client 195.178.110.223:41608] PHP Warning:  mysqli_query(): Error reading result set's header in /home/boxmealz/public_html/wp-includes/wp-db.php on line 1942
[Mon Dec 08 13:30:58.724699 2025] [:error] [pid 11313:tid 140450941863680] [client 195.178.110.223:41704] PHP Warning:  mysqli_query(): MySQL server has gone away in /home/boxmealz/public_html/wp-includes/wp-db.php on line 1942
[Mon Dec 08 13:30:58.745478 2025] [:error] [pid 11313:tid 140450941863680] [client 195.178.110.223:41704] PHP Warning:  mysqli_query(): Error reading result set's header in /home/boxmealz/public_html/wp-includes/wp-db.php on line 1942
[Mon Dec 08 13:30:58.745482 2025] [:error] [pid 2504:tid 140450908292864] [client 195.178.110.223:41712] PHP Warning:  mysqli_query(): MySQL server has gone away in /home/boxmealz/public_html/wp-includes/wp-db.php on line 1942
[Mon Dec 08 13:30:58.745710 2025] [:error] [pid 2504:tid 140450908292864] [client 195.178.110.223:41712] PHP Warning:  mysqli_query(): Error reading result set's header in /home/boxmealz/public_html/wp-includes/wp-db.php on line 1942
[Mon Dec 08 13:30:58.745915 2025] [:error] [pid 2504:tid 140450941863680] [client 195.178.110.223:41718] PHP Warning:  mysqli_query(): MySQL server has gone away in /home/boxmealz/public_html/wp-includes/wp-db.php on line 1942
[Mon Dec 08 13:30:58.746081 2025] [:error] [pid 2504:tid 140450941863680] [client 195.178.110.223:41718] PHP Warning:  mysqli_query(): Error reading result set's header in /home/boxmealz/public_html/wp-includes/wp-db.php on line 1942
[Mon Dec 08 13:30:58.725438 2025] [:error] [pid 11048:tid 140450908292864] [client 195.178.110.223:41612] PHP Warning:  mysqli_query(): MySQL server has gone away in /home/boxmealz/public_html/wp-includes/wp-db.php on line 1942
[Mon Dec 08 13:30:58.746327 2025] [:error] [pid 11048:tid 140450908292864] [client 195.178.110.223:41612] PHP Warning:  mysqli_query(): Error reading result set's header in /home/boxmealz/public_html/wp-includes/wp-db.php on line 1942
[Mon Dec 08 13:30:58.738076 2025] [:error] [pid 11313:tid 140450933470976] [client 195.178.110.223:41688] PHP Warning:  mysqli_query(): MySQL server has gone away in /home/boxmealz/public_html/wp-includes/wp-db.php on line 1942
[Mon Dec 08 13:30:58.746562 2025] [:error] [pid 11313:tid 140450933470976] [client 195.178.110.223:41688] PHP Warning:  mysqli_query(): Error reading result set's header in /home/boxmealz/public_html/wp-includes/wp-db.php on line 1942
[Mon Dec 08 13:30:58.738278 2025] [:error] [pid 11313:tid 140451000612608] [client 195.178.110.223:41680] PHP Warning:  mysqli_query(): MySQL server has gone away in /home/boxmealz/public_html/wp-includes/wp-db.php on line 1942
[Mon Dec 08 13:30:58.746777 2025] [:error] [pid 11313:tid 140451000612608] [client 195.178.110.223:41680] PHP Warning:  mysqli_query(): Error reading result set's header in /home/boxmealz/public_html/wp-includes/wp-db.php on line 1942
[Mon Dec 08 13:30:58.738487 2025] [:error] [pid 11313:tid 140450958649088] [client 195.178.110.223:41734] PHP Warning:  mysqli_query(): MySQL server has gone away in /home/boxmealz/public_html/wp-includes/wp-db.php on line 1942
[Mon Dec 08 13:30:58.746954 2025] [:error] [pid 11313:tid 140450958649088] [client 195.178.110.223:41734] PHP Warning:  mysqli_query(): Error reading result set's header in /home/boxmealz/public_html/wp-includes/wp-db.php on line 1942
[Mon Dec 08 13:30:58.738717 2025] [:error] [pid 2504:tid 140450925078272] [client 195.178.110.223:41596] PHP Warning:  mysqli_query(): MySQL server has gone away in /home/boxmealz/public_html/wp-includes/wp-db.php on line 1942
[Mon Dec 08 13:30:58.747141 2025] [:error] [pid 2504:tid 140450925078272] [client 195.178.110.223:41596] PHP Warning:  mysqli_query(): Error reading result set's header in /home/boxmealz/public_html/wp-includes/wp-db.php on line 1942
[Mon Dec 08 13:30:58.740468 2025] [:error] [pid 2504:tid 140450891507456] [client 195.178.110.223:41724] PHP Warning:  mysqli_query(): MySQL server has gone away in /home/boxmealz/public_html/wp-includes/wp-db.php on line 1942
[Mon Dec 08 13:30:58.747338 2025] [:error] [pid 2504:tid 140450891507456] [client 195.178.110.223:41724] PHP Warning:  mysqli_query(): Error reading result set's header in /home/boxmealz/public_html/wp-includes/wp-db.php on line 1942
[Mon Dec 08 13:30:58.740708 2025] [:error] [pid 11313:tid 140450857936640] [client 195.178.110.223:41630] PHP Warning:  mysqli_query(): MySQL server has gone away in /home/boxmealz/public_html/wp-includes/wp-db.php on line 1942
[Mon Dec 08 13:30:58.747528 2025] [:error] [pid 11313:tid 140450857936640] [client 195.178.110.223:41630] PHP Warning:  mysqli_query(): Error reading result set's header in /home/boxmealz/public_html/wp-includes/wp-db.php on line 1942
[Mon Dec 08 13:30:58.741048 2025] [:error] [pid 11047:tid 140450992219904] [client 195.178.110.223:41762] PHP Warning:  mysqli_query(): MySQL server has gone away in /home/boxmealz/public_html/wp-includes/wp-db.php on line 1942
[Mon Dec 08 13:30:58.747776 2025] [:error] [pid 11047:tid 140450992219904] [client 195.178.110.223:41762] PHP Warning:  mysqli_query(): Error reading result set's header in /home/boxmealz/public_html/wp-includes/wp-db.php on line 1942
[Mon Dec 08 13:30:58.742356 2025] [:error] [pid 11047:tid 140451113780992] [client 195.178.110.223:41770] PHP Warning:  mysqli_query(): MySQL server has gone away in /home/boxmealz/public_html/wp-includes/wp-db.php on line 1942
[Mon Dec 08 13:30:58.747959 2025] [:error] [pid 11047:tid 140451113780992] [client 195.178.110.223:41770] PHP Warning:  mysqli_query(): Error reading result set's header in /home/boxmealz/public_html/wp-includes/wp-db.php on line 1942
[Mon Dec 08 13:30:58.742564 2025] [:error] [pid 11047:tid 140451130566400] [client 195.178.110.223:41732] PHP Warning:  mysqli_query(): MySQL server has gone away in /home/boxmealz/public_html/wp-includes/wp-db.php on line 1942
[Mon Dec 08 13:30:58.748154 2025] [:error] [pid 11047:tid 140451130566400] [client 195.178.110.223:41732] PHP Warning:  mysqli_query(): Error reading result set's header in /home/boxmealz/public_html/wp-includes/wp-db.php on line 1942
[Mon Dec 08 13:30:58.744159 2025] [:error] [pid 11313:tid 140450891507456] [client 195.178.110.223:41754] PHP Warning:  mysqli_query(): MySQL server has gone away in /home/boxmealz/public_html/wp-includes/wp-db.php on line 1942
[Mon Dec 08 13:30:58.748378 2025] [:error] [pid 11313:tid 140450891507456] [client 195.178.110.223:41754] PHP Warning:  mysqli_query(): Error reading result set's header in /home/boxmealz/public_html/wp-includes/wp-db.php on line 1942
[Mon Dec 08 13:30:58.744401 2025] [:error] [pid 2504:tid 140451000612608] [client 195.178.110.223:41692] PHP Warning:  mysqli_query(): MySQL server has gone away in /home/boxmealz/public_html/wp-includes/wp-db.php on line 1942
[Mon Dec 08 13:30:58.748590 2025] [:error] [pid 2504:tid 140451000612608] [client 195.178.110.223:41692] PHP Warning:  mysqli_query(): Error reading result set's header in /home/boxmealz/public_html/wp-includes/wp-db.php on line 1942
[Mon Dec 08 13:30:58.744514 2025] [:error] [pid 11047:tid 140450925078272] [client 195.178.110.223:41658] PHP Warning:  mysqli_query(): MySQL server has gone away in /home/boxmealz/public_html/wp-includes/wp-db.php on line 1942
[Mon Dec 08 13:30:58.748775 2025] [:error] [pid 11047:tid 140450925078272] [client 195.178.110.223:41658] PHP Warning:  mysqli_query(): Error reading result set's header in /home/boxmealz/public_html/wp-includes/wp-db.php on line 1942
[Mon Dec 08 13:30:58.744628 2025] [:error] [pid 11313:tid 140450950256384] [client 195.178.110.223:41740] PHP Warning:  mysqli_query(): MySQL server has gone away in /home/boxmealz/public_html/wp-includes/wp-db.php on line 1942
[Mon Dec 08 13:30:58.748947 2025] [:error] [pid 11313:tid 140450950256384] [client 195.178.110.223:41740] PHP Warning:  mysqli_query(): Error reading result set's header in /home/boxmealz/public_html/wp-includes/wp-db.php on line 1942
[Mon Dec 08 13:30:58.744750 2025] [:error] [pid 2504:tid 140451105388288] [client 195.178.110.223:41660] PHP Warning:  mysqli_query(): MySQL server has gone away in /home/boxmealz/public_html/wp-includes/wp-db.php on line 1942
[Mon Dec 08 13:30:58.749124 2025] [:error] [pid 2504:tid 140451105388288] [client 195.178.110.223:41660] PHP Warning:  mysqli_query(): Error reading result set's header in /home/boxmealz/public_html/wp-includes/wp-db.php on line 1942
[Mon Dec 08 13:30:58.744845 2025] [:error] [pid 11313:tid 140451088602880] [client 195.178.110.223:41738] PHP Warning:  mysqli_query(): MySQL server has gone away in /home/boxmealz/public_html/wp-includes/wp-db.php on line 1942
[Mon Dec 08 13:30:58.749312 2025] [:error] [pid 11313:tid 140451088602880] [client 195.178.110.223:41738] PHP Warning:  mysqli_query(): Error reading result set's header in /home/boxmealz/public_html/wp-includes/wp-db.php on line 1942
[Mon Dec 08 13:30:58.782241 2025] [:error] [pid 11313:tid 140451130566400] [client 195.178.110.223:41776] PHP Warning:  mysqli_query(): MySQL server has gone away in /home/boxmealz/public_html/wp-includes/wp-db.php on line 859
[Mon Dec 08 13:30:58.782510 2025] [:error] [pid 11313:tid 140451130566400] [client 195.178.110.223:41776] PHP Warning:  mysqli_query(): Error reading result set's header in /home/boxmealz/public_html/wp-includes/wp-db.php on line 859
[Mon Dec 08 13:30:58.827487 2025] [:error] [pid 2504:tid 140450933470976] [client 195.178.110.223:41520] PHP Warning:  Error while sending QUERY packet. PID=9383 in /home/boxmealz/public_html/wp-includes/wp-db.php on line 1942
[Mon Dec 08 13:30:58.850831 2025] [:error] [pid 11313:tid 140451122173696] [client 195.178.110.223:41662] PHP Warning:  Error while sending QUERY packet. PID=9405 in /home/boxmealz/public_html/wp-includes/wp-db.php on line 1942
[Mon Dec 08 13:30:58.854077 2025] [:error] [pid 2504:tid 140451122173696] [client 195.178.110.223:41480] PHP Warning:  Error while sending QUERY packet. PID=9379 in /home/boxmealz/public_html/wp-includes/wp-db.php on line 1942
[Mon Dec 08 13:30:58.872198 2025] [:error] [pid 2504:tid 140451096995584] [client 195.178.110.223:41568] PHP Warning:  Error while sending QUERY packet. PID=9389 in /home/boxmealz/public_html/wp-includes/wp-db.php on line 1942
[Mon Dec 08 13:30:58.917664 2025] [:error] [pid 11313:tid 140450975434496] [client 195.178.110.223:41560] PHP Warning:  Error while sending QUERY packet. PID=9387 in /home/boxmealz/public_html/wp-includes/wp-db.php on line 1942
[Mon Dec 08 13:30:58.921563 2025] [:error] [pid 11048:tid 140450958649088] [client 195.178.110.223:41580] PHP Warning:  Error while sending QUERY packet. PID=9390 in /home/boxmealz/public_html/wp-includes/wp-db.php on line 1942
[Mon Dec 08 13:30:58.956989 2025] [:error] [pid 2504:tid 140450916685568] [client 195.178.110.223:41512] PHP Warning:  Error while sending QUERY packet. PID=9382 in /home/boxmealz/public_html/wp-includes/wp-db.php on line 1942
[Mon Dec 08 13:30:58.964467 2025] [:error] [pid 2504:tid 140451130566400] [client 195.178.110.223:41542] PHP Warning:  Error while sending QUERY packet. PID=9385 in /home/boxmealz/public_html/wp-includes/wp-db.php on line 1942
[Mon Dec 08 13:30:59.023394 2025] [:error] [pid 2504:tid 140450983827200] [client 195.178.110.223:41586] PHP Warning:  Error while sending QUERY packet. PID=9392 in /home/boxmealz/public_html/wp-includes/wp-db.php on line 1942
[Mon Dec 08 13:30:59.708016 2025] [:error] [pid 11313:tid 140450967041792] [client 195.178.110.223:41666] PHP Warning:  Error while sending QUERY packet. PID=9406 in /home/boxmealz/public_html/wp-includes/wp-db.php on line 1942
[Mon Dec 08 13:30:59.716892 2025] [:error] [pid 2504:tid 140450899900160] [client 195.178.110.223:41500] PHP Warning:  Error while sending QUERY packet. PID=9381 in /home/boxmealz/public_html/wp-includes/wp-db.php on line 1942
[Mon Dec 08 13:30:59.724653 2025] [:error] [pid 11048:tid 140450874722048] [client 195.178.110.223:41546] PHP Warning:  Error while sending QUERY packet. PID=9386 in /home/boxmealz/public_html/wp-includes/wp-db.php on line 1942
[Mon Dec 08 13:31:00.112548 2025] [:error] [pid 11047:tid 140450866329344] [client 195.178.110.223:41626] PHP Warning:  Error while sending QUERY packet. PID=9404 in /home/boxmealz/public_html/wp-includes/wp-db.php on line 1942
[Mon Dec 08 13:31:03.417658 2025] [:error] [pid 9450:tid 140450874722048] (12)Cannot allocate memory: [client 195.178.110.223:44992] couldn't create child process: /usr/local/sbin/suphp for /home/boxmealz/public_html/wp-login.php
[Mon Dec 08 13:31:18.915800 2025] [:error] [pid 9450:tid 140450992219904] (12)Cannot allocate memory: [client 195.178.110.223:44856] couldn't create child process: /usr/local/sbin/suphp for /home/boxmealz/public_html/index.php
[Mon Dec 08 13:31:28.674087 2025] [:error] [pid 9450:tid 140451080210176] (12)Cannot allocate memory: [client 154.7.224.226:11558] couldn't create child process: /usr/local/sbin/suphp for /home/boxmealz/public_html/index.php
[Mon Dec 08 13:31:35.919417 2025] [core:error] [pid 2504:tid 140450975434496] [client 195.178.110.223:41488] End of script output before headers: index.php
[Mon Dec 08 13:31:45.398864 2025] [:error] [pid 2504:tid 140450874722048] [client 195.178.110.223:41526] PHP Warning:  Error while sending QUERY packet. PID=9384 in /home/boxmealz/public_html/wp-includes/wp-db.php on line 1942
[Mon Dec 08 15:36:20.717149 2025] [:error] [pid 11313:tid 140450916685568] [client 106.54.62.156:46338] [client 106.54.62.156] ModSecurity: Access denied with code 403 (phase 2). Pattern match "\\\\b(keep-alive|close),\\\\s?(keep-alive|close)\\\\b" at REQUEST_HEADERS:Connection. [file "/usr/local/apache/modsecurity-owasp-old/base_rules/modsecurity_crs_20_protocol_violations.conf"] [line "447"] [id "958295"] [rev "2"] [msg "Multiple/Conflicting Connection Header Data Found."] [data "keep-alive, close"] [severity "WARNING"] [ver "OWASP_CRS/2.2.9"] [maturity "6"] [accuracy "8"] [tag "OWASP_CRS/PROTOCOL_VIOLATION/INVALID_HREQ"] [hostname "www.boxedmealz.com"] [uri "/"] [unique_id "aTc2xBUH1xXbmv2mAPJQGQAAANE"]
[Mon Dec 08 15:49:37.401784 2025] [:error] [pid 11047:tid 140451088602880] [client 212.119.46.233:63153] PHP Warning:  mysqli_query(): (00000/0):  in /home/boxmealz/public_html/wp-includes/wp-db.php on line 1942
[Mon Dec 08 15:49:37.402795 2025] [:error] [pid 11047:tid 140451088602880] [client 212.119.46.233:63153] PHP Warning:  Error while sending QUERY packet. PID=1497 in /home/boxmealz/public_html/wp-includes/wp-db.php on line 1942
[Mon Dec 08 15:49:41.642004 2025] [:error] [pid 11047:tid 140450866329344] [client 52.45.92.83:26401] PHP Warning:  Error while sending QUERY packet. PID=1509 in /home/boxmealz/public_html/wp-includes/wp-db.php on line 1942
[Mon Dec 08 16:19:43.808396 2025] [autoindex:error] [pid 11313:tid 140450933470976] [client 20.239.251.133:33633] AH01276: Cannot serve directory /home/boxmealz/public_html/wp-admin/css/colors/blue/: No matching DirectoryIndex (index.php,index.html.var,index.htm,index.html,index.shtml,index.xhtml,index.wml,index.perl,index.pl,index.plx,index.ppl,index.cgi,index.jsp,index.js,index.jp,index.php4,index.php3,index.phtml,default.htm,default.html,home.htm,index.php5,Default.html,Default.htm,home.html) found, and server-generated directory index forbidden by Options directive, referer: https://www.google.de/
[Mon Dec 08 16:19:46.434630 2025] [autoindex:error] [pid 11047:tid 140450891507456] [client 20.239.251.133:33639] AH01276: Cannot serve directory /home/boxmealz/public_html/wp-admin/css/: No matching DirectoryIndex (index.php,index.html.var,index.htm,index.html,index.shtml,index.xhtml,index.wml,index.perl,index.pl,index.plx,index.ppl,index.cgi,index.jsp,index.js,index.jp,index.php4,index.php3,index.phtml,default.htm,default.html,home.htm,index.php5,Default.html,Default.htm,home.html) found, and server-generated directory index forbidden by Options directive, referer: https://www.yahoo.com/
[Mon Dec 08 16:20:03.207117 2025] [autoindex:error] [pid 11047:tid 140451130566400] [client 20.239.251.133:33639] AH01276: Cannot serve directory /home/boxmealz/public_html/wp-admin/images/: No matching DirectoryIndex (index.php,index.html.var,index.htm,index.html,index.shtml,index.xhtml,index.wml,index.perl,index.pl,index.plx,index.ppl,index.cgi,index.jsp,index.js,index.jp,index.php4,index.php3,index.phtml,default.htm,default.html,home.htm,index.php5,Default.html,Default.htm,home.html) found, and server-generated directory index forbidden by Options directive, referer: https://www.bing.com/
[Mon Dec 08 16:20:06.118799 2025] [autoindex:error] [pid 11047:tid 140451080210176] [client 20.239.251.133:33639] AH01276: Cannot serve directory /home/boxmealz/public_html/wp-admin/includes/: No matching DirectoryIndex (index.php,index.html.var,index.htm,index.html,index.shtml,index.xhtml,index.wml,index.perl,index.pl,index.plx,index.ppl,index.cgi,index.jsp,index.js,index.jp,index.php4,index.php3,index.phtml,default.htm,default.html,home.htm,index.php5,Default.html,Default.htm,home.html) found, and server-generated directory index forbidden by Options directive, referer: https://www.yahoo.com/
[Mon Dec 08 16:21:12.079400 2025] [:error] [pid 11313:tid 140450857936640] [client 198.23.224.203:33328] PHP Warning:  mysqli_query(): MySQL server has gone away in /home/boxmealz/public_html/wp-includes/wp-db.php on line 1942, referer: https://www.boxedmealz.com/wp-cron.php?doing_wp_cron=1765228847.1008489131927490234375
[Mon Dec 08 16:21:12.080201 2025] [:error] [pid 11313:tid 140450857936640] [client 198.23.224.203:33328] PHP Warning:  mysqli_query(): Error reading result set's header in /home/boxmealz/public_html/wp-includes/wp-db.php on line 1942, referer: https://www.boxedmealz.com/wp-cron.php?doing_wp_cron=1765228847.1008489131927490234375
[Mon Dec 08 16:21:12.078756 2025] [:error] [pid 2504:tid 140450975434496] [client 198.23.224.203:33320] PHP Warning:  mysqli_query(): MySQL server has gone away in /home/boxmealz/public_html/wp-includes/wp-db.php on line 1942, referer: https://www.boxedmealz.com/wp-cron.php?doing_wp_cron=1765228847.0509049892425537109375
[Mon Dec 08 16:21:12.080401 2025] [:error] [pid 2504:tid 140450975434496] [client 198.23.224.203:33320] PHP Warning:  mysqli_query(): Error reading result set's header in /home/boxmealz/public_html/wp-includes/wp-db.php on line 1942, referer: https://www.boxedmealz.com/wp-cron.php?doing_wp_cron=1765228847.0509049892425537109375
[Mon Dec 08 16:21:12.082147 2025] [:error] [pid 2504:tid 140451096995584] [client 195.172.200.36:2098] PHP Warning:  mysqli_query(): MySQL server has gone away in /home/boxmealz/public_html/wp-includes/wp-db.php on line 1942
[Mon Dec 08 16:21:12.082365 2025] [:error] [pid 2504:tid 140451096995584] [client 195.172.200.36:2098] PHP Warning:  mysqli_query(): Error reading result set's header in /home/boxmealz/public_html/wp-includes/wp-db.php on line 1942
[Mon Dec 08 16:21:12.092131 2025] [:error] [pid 9450:tid 140450908292864] [client 71.59.59.176:52181] PHP Warning:  mysqli_query(): MySQL server has gone away in /home/boxmealz/public_html/wp-includes/wp-db.php on line 1942
[Mon Dec 08 16:21:12.092401 2025] [:error] [pid 9450:tid 140450908292864] [client 71.59.59.176:52181] PHP Warning:  mysqli_query(): Error reading result set's header in /home/boxmealz/public_html/wp-includes/wp-db.php on line 1942
[Mon Dec 08 16:21:12.206359 2025] [:error] [pid 11313:tid 140450883114752] [client 83.99.206.237:3373] PHP Warning:  Error while sending QUERY packet. PID=422 in /home/boxmealz/public_html/wp-includes/wp-db.php on line 1942
[Mon Dec 08 16:21:12.401271 2025] [:error] [pid 2504:tid 140450933470976] [client 38.154.15.248:22438] PHP Warning:  Error while sending QUERY packet. PID=442 in /home/boxmealz/public_html/wp-includes/wp-db.php on line 1942
[Mon Dec 08 16:21:13.070634 2025] [:error] [pid 11313:tid 140451088602880] [client 43.173.180.53:56448] PHP Warning:  Error while sending QUERY packet. PID=514 in /home/boxmealz/public_html/wp-includes/wp-db.php on line 1942, referer: http://boxedmealz.com/
[Mon Dec 08 16:21:13.304669 2025] [:error] [pid 11313:tid 140450967041792] [client 43.173.182.20:40172] PHP Warning:  Error while sending QUERY packet. PID=648 in /home/boxmealz/public_html/wp-includes/wp-db.php on line 1942, referer: http://boxedmealz.com
[Mon Dec 08 16:43:04.269482 2025] [:error] [pid 2504:tid 140450908292864] [client 43.153.62.161:46120] [client 43.153.62.161] ModSecurity: Access denied with code 403 (phase 2). Pattern match "\\\\b(keep-alive|close),\\\\s?(keep-alive|close)\\\\b" at REQUEST_HEADERS:Connection. [file "/usr/local/apache/modsecurity-owasp-old/base_rules/modsecurity_crs_20_protocol_violations.conf"] [line "447"] [id "958295"] [rev "2"] [msg "Multiple/Conflicting Connection Header Data Found."] [data "keep-alive, close"] [severity "WARNING"] [ver "OWASP_CRS/2.2.9"] [maturity "6"] [accuracy "8"] [tag "OWASP_CRS/PROTOCOL_VIOLATION/INVALID_HREQ"] [hostname "boxedmealz.com"] [uri "/"] [unique_id "aTdGaJx8vKAfwp2lDg9ccwAAARI"]
[Mon Dec 08 17:16:03.149336 2025] [:error] [pid 11313:tid 140450983827200] [client 49.51.52.250:53062] [client 49.51.52.250] ModSecurity: Access denied with code 403 (phase 2). Pattern match "\\\\b(keep-alive|close),\\\\s?(keep-alive|close)\\\\b" at REQUEST_HEADERS:Connection. [file "/usr/local/apache/modsecurity-owasp-old/base_rules/modsecurity_crs_20_protocol_violations.conf"] [line "447"] [id "958295"] [rev "2"] [msg "Multiple/Conflicting Connection Header Data Found."] [data "keep-alive, close"] [severity "WARNING"] [ver "OWASP_CRS/2.2.9"] [maturity "6"] [accuracy "8"] [tag "OWASP_CRS/PROTOCOL_VIOLATION/INVALID_HREQ"] [hostname "www.boxedmealz.com"] [uri "/"] [unique_id "aTdOIxUH1xXbmv2mAPJRPAAAAMk"]
[Mon Dec 08 18:20:47.355404 2025] [authz_core:error] [pid 9450:tid 140450916685568] [client 185.226.196.30:38899] AH01630: client denied by server configuration: /home/boxmealz/public_html/wp-content/plugins/akismet/readme.txt
[Mon Dec 08 18:21:37.857916 2025] [:error] [pid 2504:tid 140450883114752] [client 185.226.196.29:42367] PHP Warning:  mysqli_query(): MySQL server has gone away in /home/boxmealz/public_html/wp-includes/wp-db.php on line 1942, referer: http://boxedmealz.com/wp-content/plugins/redux-framework/readme.txt
[Mon Dec 08 18:21:37.858493 2025] [:error] [pid 2504:tid 140450883114752] [client 185.226.196.29:42367] PHP Warning:  mysqli_query(): Error reading result set's header in /home/boxmealz/public_html/wp-includes/wp-db.php on line 1942, referer: http://boxedmealz.com/wp-content/plugins/redux-framework/readme.txt
[Mon Dec 08 18:21:37.860881 2025] [:error] [pid 9531:tid 140450857936640] [client 185.226.196.30:38103] PHP Warning:  mysqli_query(): MySQL server has gone away in /home/boxmealz/public_html/wp-includes/wp-db.php on line 1942, referer: http://boxedmealz.com/wp-content/plugins/disable-comments/readme.txt
[Mon Dec 08 18:21:37.861177 2025] [:error] [pid 9531:tid 140450857936640] [client 185.226.196.30:38103] PHP Warning:  mysqli_query(): Error reading result set's header in /home/boxmealz/public_html/wp-includes/wp-db.php on line 1942, referer: http://boxedmealz.com/wp-content/plugins/disable-comments/readme.txt
[Mon Dec 08 18:21:37.861475 2025] [:error] [pid 11313:tid 140450933470976] [client 185.226.196.28:52321] PHP Warning:  Error while sending QUERY packet. PID=15676 in /home/boxmealz/public_html/wp-includes/wp-db.php on line 1942, referer: http://boxedmealz.com/wp-content/plugins/really-simple-ssl/readme.txt
[Mon Dec 08 18:21:37.861790 2025] [:error] [pid 2504:tid 140450967041792] [client 185.226.196.30:55817] PHP Warning:  Error while sending QUERY packet. PID=15686 in /home/boxmealz/public_html/wp-includes/wp-db.php on line 1942, referer: http://boxedmealz.com/wp-content/plugins/svg-support/readme.txt
[Mon Dec 08 18:21:37.862143 2025] [:error] [pid 11048:tid 140450908292864] [client 185.226.196.30:48813] PHP Warning:  mysqli_query(): MySQL server has gone away in /home/boxmealz/public_html/wp-includes/wp-db.php on line 1942, referer: http://boxedmealz.com/wp-content/plugins/all-in-one-wp-migration/readme.txt
[Mon Dec 08 18:21:37.862381 2025] [:error] [pid 11048:tid 140450908292864] [client 185.226.196.30:48813] PHP Warning:  mysqli_query(): Error reading result set's header in /home/boxmealz/public_html/wp-includes/wp-db.php on line 1942, referer: http://boxedmealz.com/wp-content/plugins/all-in-one-wp-migration/readme.txt
[Mon Dec 08 18:21:37.865832 2025] [:error] [pid 11313:tid 140451105388288] [client 185.226.196.29:36817] PHP Warning:  mysqli_query(): MySQL server has gone away in /home/boxmealz/public_html/wp-includes/wp-db.php on line 1942, referer: http://boxedmealz.com/wp-content/plugins/insert-headers-and-footers/readme.txt
[Mon Dec 08 18:21:37.869863 2025] [:error] [pid 9531:tid 140450899900160] [client 185.226.196.29:35187] PHP Warning:  mysqli_query(): MySQL server has gone away in /home/boxmealz/public_html/wp-includes/wp-db.php on line 1942, referer: http://boxedmealz.com/wp-content/plugins/coming-soon/readme.txt
[Mon Dec 08 18:21:37.870072 2025] [:error] [pid 9531:tid 140450899900160] [client 185.226.196.29:35187] PHP Warning:  mysqli_query(): Error reading result set's header in /home/boxmealz/public_html/wp-includes/wp-db.php on line 1942, referer: http://boxedmealz.com/wp-content/plugins/coming-soon/readme.txt
[Mon Dec 08 18:21:37.870309 2025] [:error] [pid 9531:tid 140451096995584] [client 185.226.196.29:43127] PHP Warning:  Error while sending QUERY packet. PID=15681 in /home/boxmealz/public_html/wp-includes/wp-db.php on line 1942, referer: http://boxedmealz.com/wp-content/plugins/header-footer-elementor/readme.txt
[Mon Dec 08 18:21:37.874466 2025] [:error] [pid 2504:tid 140451000612608] [client 185.226.196.29:44593] PHP Warning:  mysqli_query(): MySQL server has gone away in /home/boxmealz/public_html/wp-includes/wp-db.php on line 1942, referer: http://boxedmealz.com/wp-content/plugins/smart-slider-3/readme.txt
[Mon Dec 08 18:21:37.874687 2025] [:error] [pid 2504:tid 140451000612608] [client 185.226.196.29:44593] PHP Warning:  mysqli_query(): Error reading result set's header in /home/boxmealz/public_html/wp-includes/wp-db.php on line 1942, referer: http://boxedmealz.com/wp-content/plugins/smart-slider-3/readme.txt
[Mon Dec 08 18:21:37.877408 2025] [:error] [pid 9531:tid 140450992219904] [client 185.226.196.28:54187] PHP Warning:  mysqli_query(): MySQL server has gone away in /home/boxmealz/public_html/wp-includes/wp-db.php on line 1942, referer: http://boxedmealz.com/wp-content/plugins/sg-security/readme.txt
[Mon Dec 08 18:21:37.877621 2025] [:error] [pid 9531:tid 140450992219904] [client 185.226.196.28:54187] PHP Warning:  mysqli_query(): Error reading result set's header in /home/boxmealz/public_html/wp-includes/wp-db.php on line 1942, referer: http://boxedmealz.com/wp-content/plugins/sg-security/readme.txt
[Mon Dec 08 18:21:37.878993 2025] [:error] [pid 11313:tid 140451105388288] [client 185.226.196.29:36817] PHP Warning:  mysqli_query(): Error reading result set's header in /home/boxmealz/public_html/wp-includes/wp-db.php on line 1942, referer: http://boxedmealz.com/wp-content/plugins/insert-headers-and-footers/readme.txt
[Mon Dec 08 18:21:37.881636 2025] [:error] [pid 2504:tid 140451088602880] [client 185.226.196.29:47707] PHP Warning:  Error while sending QUERY packet. PID=15677 in /home/boxmealz/public_html/wp-includes/wp-db.php on line 1942, referer: http://boxedmealz.com/wp-content/plugins/all-in-one-seo-pack/readme.txt
[Mon Dec 08 18:21:37.951234 2025] [:error] [pid 2504:tid 140451122173696] [client 185.226.196.30:39925] PHP Warning:  mysqli_query(): MySQL server has gone away in /home/boxmealz/public_html/wp-includes/wp-db.php on line 1942, referer: http://boxedmealz.com/wp-content/plugins/ultimate-addons-for-gutenberg/readme.txt
[Mon Dec 08 18:21:37.951472 2025] [:error] [pid 2504:tid 140451122173696] [client 185.226.196.30:39925] PHP Warning:  mysqli_query(): Error reading result set's header in /home/boxmealz/public_html/wp-includes/wp-db.php on line 1942, referer: http://boxedmealz.com/wp-content/plugins/ultimate-addons-for-gutenberg/readme.txt
[Mon Dec 08 18:21:37.949414 2025] [:error] [pid 2504:tid 140450992219904] [client 185.226.196.30:45841] PHP Warning:  mysqli_query(): MySQL server has gone away in /home/boxmealz/public_html/wp-includes/wp-db.php on line 1942, referer: http://boxedmealz.com/wp-content/plugins/all-in-one-wp-security-and-firewall/readme.txt
[Mon Dec 08 18:21:37.967267 2025] [:error] [pid 2504:tid 140450975434496] [client 185.226.196.27:55527] PHP Warning:  mysqli_query(): MySQL server has gone away in /home/boxmealz/public_html/wp-includes/wp-db.php on line 1942, referer: http://boxedmealz.com/wp-content/plugins/ewww-image-optimizer/readme.txt
[Mon Dec 08 18:21:37.967780 2025] [:error] [pid 2504:tid 140450992219904] [client 185.226.196.30:45841] PHP Warning:  mysqli_query(): Error reading result set's header in /home/boxmealz/public_html/wp-includes/wp-db.php on line 1942, referer: http://boxedmealz.com/wp-content/plugins/all-in-one-wp-security-and-firewall/readme.txt
[Mon Dec 08 18:21:37.968856 2025] [:error] [pid 2504:tid 140450975434496] [client 185.226.196.27:55527] PHP Warning:  mysqli_query(): Error reading result set's header in /home/boxmealz/public_html/wp-includes/wp-db.php on line 1942, referer: http://boxedmealz.com/wp-content/plugins/ewww-image-optimizer/readme.txt
