[Thu Dec 11 02:57:17.312059 2025] [autoindex:error] [pid 8447:tid 139648504391424] [client 68.218.18.4:35317] AH01276: Cannot serve directory /home/boxmealz/public_html/wp-admin/css/: No matching DirectoryIndex (index.php,index.html.var,index.htm,index.html,index.shtml,index.xhtml,index.wml,index.perl,index.pl,index.plx,index.ppl,index.cgi,index.jsp,index.js,index.jp,index.php4,index.php3,index.phtml,default.htm,default.html,home.htm,index.php5,Default.html,Default.htm,home.html) found, and server-generated directory index forbidden by Options directive, referer: https://www.yahoo.com/
[Thu Dec 11 02:57:22.245229 2025] [autoindex:error] [pid 8447:tid 139648537962240] [client 68.218.18.4:35317] AH01276: Cannot serve directory /home/boxmealz/public_html/wp-admin/css/colors/blue/: No matching DirectoryIndex (index.php,index.html.var,index.htm,index.html,index.shtml,index.xhtml,index.wml,index.perl,index.pl,index.plx,index.ppl,index.cgi,index.jsp,index.js,index.jp,index.php4,index.php3,index.phtml,default.htm,default.html,home.htm,index.php5,Default.html,Default.htm,home.html) found, and server-generated directory index forbidden by Options directive, referer: https://duckduckgo.com/
[Thu Dec 11 02:57:24.658145 2025] [autoindex:error] [pid 8447:tid 139648702469888] [client 68.218.18.4:35204] AH01276: Cannot serve directory /home/boxmealz/public_html/wp-admin/images/: No matching DirectoryIndex (index.php,index.html.var,index.htm,index.html,index.shtml,index.xhtml,index.wml,index.perl,index.pl,index.plx,index.ppl,index.cgi,index.jsp,index.js,index.jp,index.php4,index.php3,index.phtml,default.htm,default.html,home.htm,index.php5,Default.html,Default.htm,home.html) found, and server-generated directory index forbidden by Options directive, referer: https://www.google.de/
[Thu Dec 11 02:57:31.959429 2025] [autoindex:error] [pid 8447:tid 139648504391424] [client 68.218.18.4:35204] AH01276: Cannot serve directory /home/boxmealz/public_html/wp-admin/includes/: No matching DirectoryIndex (index.php,index.html.var,index.htm,index.html,index.shtml,index.xhtml,index.wml,index.perl,index.pl,index.plx,index.ppl,index.cgi,index.jsp,index.js,index.jp,index.php4,index.php3,index.phtml,default.htm,default.html,home.htm,index.php5,Default.html,Default.htm,home.html) found, and server-generated directory index forbidden by Options directive, referer: https://www.bing.com/
[Thu Dec 11 02:57:36.929978 2025] [autoindex:error] [pid 8447:tid 139648546354944] [client 68.218.18.4:35317] AH01276: Cannot serve directory /home/boxmealz/public_html/wp-admin/js/: No matching DirectoryIndex (index.php,index.html.var,index.htm,index.html,index.shtml,index.xhtml,index.wml,index.perl,index.pl,index.plx,index.ppl,index.cgi,index.jsp,index.js,index.jp,index.php4,index.php3,index.phtml,default.htm,default.html,home.htm,index.php5,Default.html,Default.htm,home.html) found, and server-generated directory index forbidden by Options directive, referer: https://duckduckgo.com/
[Thu Dec 11 02:57:39.386448 2025] [autoindex:error] [pid 8447:tid 139648454035200] [client 68.218.18.4:35204] AH01276: Cannot serve directory /home/boxmealz/public_html/wp-admin/js/: No matching DirectoryIndex (index.php,index.html.var,index.htm,index.html,index.shtml,index.xhtml,index.wml,index.perl,index.pl,index.plx,index.ppl,index.cgi,index.jsp,index.js,index.jp,index.php4,index.php3,index.phtml,default.htm,default.html,home.htm,index.php5,Default.html,Default.htm,home.html) found, and server-generated directory index forbidden by Options directive, referer: https://www.google.com/
[Thu Dec 11 03:02:22.645099 2025] [:error] [pid 8447:tid 139648677291776] [client 45.148.10.231:60983] PHP Notice:  Constant WP_DEBUG already defined in /home/boxmealz/public_html/wp-config.php on line 74
[Thu Dec 11 03:06:21.947582 2025] [:error] [pid 8447:tid 139648677291776] [client 45.148.10.231:56591] PHP Notice:  Constant WP_DEBUG already defined in /home/boxmealz/public_html/wp-config.php on line 74
[Thu Dec 11 03:36:25.750658 2025] [:error] [pid 8447:tid 139648537962240] [client 1.15.52.154:57164] [client 1.15.52.154] ModSecurity: Access denied with code 403 (phase 2). Pattern match "\\\\b(keep-alive|close),\\\\s?(keep-alive|close)\\\\b" at REQUEST_HEADERS:Connection. [file "/usr/local/apache/modsecurity-owasp-old/base_rules/modsecurity_crs_20_protocol_violations.conf"] [line "447"] [id "958295"] [rev "2"] [msg "Multiple/Conflicting Connection Header Data Found."] [data "keep-alive, close"] [severity "WARNING"] [ver "OWASP_CRS/2.2.9"] [maturity "6"] [accuracy "8"] [tag "OWASP_CRS/PROTOCOL_VIOLATION/INVALID_HREQ"] [hostname "www.boxedmealz.com"] [uri "/"] [unique_id "aTqCiWG1Yg2kBfFGTSB5XQAAAMs"]
[Thu Dec 11 04:20:46.794748 2025] [autoindex:error] [pid 8184:tid 139648437249792] [client 4.193.193.27:55752] AH01276: Cannot serve directory /home/boxmealz/public_html/wp-admin/css/: No matching DirectoryIndex (index.php,index.html.var,index.htm,index.html,index.shtml,index.xhtml,index.wml,index.perl,index.pl,index.plx,index.ppl,index.cgi,index.jsp,index.js,index.jp,index.php4,index.php3,index.phtml,default.htm,default.html,home.htm,index.php5,Default.html,Default.htm,home.html) found, and server-generated directory index forbidden by Options directive, referer: https://duckduckgo.com/
[Thu Dec 11 04:20:53.943848 2025] [autoindex:error] [pid 8184:tid 139648685684480] [client 4.193.193.27:55752] AH01276: Cannot serve directory /home/boxmealz/public_html/wp-admin/css/colors/blue/: No matching DirectoryIndex (index.php,index.html.var,index.htm,index.html,index.shtml,index.xhtml,index.wml,index.perl,index.pl,index.plx,index.ppl,index.cgi,index.jsp,index.js,index.jp,index.php4,index.php3,index.phtml,default.htm,default.html,home.htm,index.php5,Default.html,Default.htm,home.html) found, and server-generated directory index forbidden by Options directive, referer: https://duckduckgo.com/
[Thu Dec 11 04:20:56.455598 2025] [autoindex:error] [pid 8447:tid 139648479213312] [client 4.193.193.27:56454] AH01276: Cannot serve directory /home/boxmealz/public_html/wp-admin/images/: No matching DirectoryIndex (index.php,index.html.var,index.htm,index.html,index.shtml,index.xhtml,index.wml,index.perl,index.pl,index.plx,index.ppl,index.cgi,index.jsp,index.js,index.jp,index.php4,index.php3,index.phtml,default.htm,default.html,home.htm,index.php5,Default.html,Default.htm,home.html) found, and server-generated directory index forbidden by Options directive, referer: https://www.bing.com/
[Thu Dec 11 04:21:04.462791 2025] [autoindex:error] [pid 8447:tid 139648554747648] [client 4.193.193.27:56454] AH01276: Cannot serve directory /home/boxmealz/public_html/wp-admin/includes/: No matching DirectoryIndex (index.php,index.html.var,index.htm,index.html,index.shtml,index.xhtml,index.wml,index.perl,index.pl,index.plx,index.ppl,index.cgi,index.jsp,index.js,index.jp,index.php4,index.php3,index.phtml,default.htm,default.html,home.htm,index.php5,Default.html,Default.htm,home.html) found, and server-generated directory index forbidden by Options directive, referer: https://www.google.de/
[Thu Dec 11 04:21:09.551444 2025] [autoindex:error] [pid 8184:tid 139648479213312] [client 4.193.193.27:55752] AH01276: Cannot serve directory /home/boxmealz/public_html/wp-admin/js/: No matching DirectoryIndex (index.php,index.html.var,index.htm,index.html,index.shtml,index.xhtml,index.wml,index.perl,index.pl,index.plx,index.ppl,index.cgi,index.jsp,index.js,index.jp,index.php4,index.php3,index.phtml,default.htm,default.html,home.htm,index.php5,Default.html,Default.htm,home.html) found, and server-generated directory index forbidden by Options directive, referer: https://www.google.com/
[Thu Dec 11 04:21:12.020905 2025] [autoindex:error] [pid 8447:tid 139648495998720] [client 4.193.193.27:56454] AH01276: Cannot serve directory /home/boxmealz/public_html/wp-admin/js/: No matching DirectoryIndex (index.php,index.html.var,index.htm,index.html,index.shtml,index.xhtml,index.wml,index.perl,index.pl,index.plx,index.ppl,index.cgi,index.jsp,index.js,index.jp,index.php4,index.php3,index.phtml,default.htm,default.html,home.htm,index.php5,Default.html,Default.htm,home.html) found, and server-generated directory index forbidden by Options directive, referer: https://www.yahoo.com/
[Thu Dec 11 04:41:02.052877 2025] [:error] [pid 8185:tid 139648462427904] [client 43.166.224.244:58918] [client 43.166.224.244] ModSecurity: Access denied with code 403 (phase 2). Pattern match "\\\\b(keep-alive|close),\\\\s?(keep-alive|close)\\\\b" at REQUEST_HEADERS:Connection. [file "/usr/local/apache/modsecurity-owasp-old/base_rules/modsecurity_crs_20_protocol_violations.conf"] [line "447"] [id "958295"] [rev "2"] [msg "Multiple/Conflicting Connection Header Data Found."] [data "keep-alive, close"] [severity "WARNING"] [ver "OWASP_CRS/2.2.9"] [maturity "6"] [accuracy "8"] [tag "OWASP_CRS/PROTOCOL_VIOLATION/INVALID_HREQ"] [hostname "boxedmealz.com"] [uri "/"] [unique_id "aTqRrioYaZTtiyLOIPWnxAAAAFQ"]
[Thu Dec 11 05:34:40.619328 2025] [:error] [pid 1337:tid 139648660506368] (12)Cannot allocate memory: [client 45.80.158.164:55800] couldn't create child process: /usr/local/sbin/suphp for /home/boxmealz/public_html/index.php, referer: www.google.com
[Thu Dec 11 05:34:44.854398 2025] [:error] [pid 8184:tid 139648437249792] [client 198.23.224.203:38514] PHP Warning:  mysqli_query(): MySQL server has gone away in /home/boxmealz/public_html/wp-includes/wp-db.php on line 1942, referer: https://www.boxedmealz.com/wp-cron.php?doing_wp_cron=1765449260.7854950428009033203125
[Thu Dec 11 05:34:44.862646 2025] [:error] [pid 8184:tid 139648437249792] [client 198.23.224.203:38514] PHP Warning:  mysqli_query(): Error reading result set's header in /home/boxmealz/public_html/wp-includes/wp-db.php on line 1942, referer: https://www.boxedmealz.com/wp-cron.php?doing_wp_cron=1765449260.7854950428009033203125
[Thu Dec 11 05:34:44.864236 2025] [:error] [pid 8447:tid 139648668899072] [client 45.80.158.164:62103] PHP Warning:  mysqli_query(): MySQL server has gone away in /home/boxmealz/public_html/wp-includes/wp-db.php on line 1942, referer: www.google.com
[Thu Dec 11 05:34:44.864469 2025] [:error] [pid 8447:tid 139648668899072] [client 45.80.158.164:62103] PHP Warning:  mysqli_query(): Error reading result set's header in /home/boxmealz/public_html/wp-includes/wp-db.php on line 1942, referer: www.google.com
[Thu Dec 11 05:34:45.078367 2025] [:error] [pid 8447:tid 139648694077184] [client 45.80.158.164:62101] PHP Warning:  Error while sending QUERY packet. PID=1160 in /home/boxmealz/public_html/wp-includes/wp-db.php on line 1942
[Thu Dec 11 07:12:57.558447 2025] [:error] [pid 8447:tid 139648495998720] [client 49.51.36.179:45666] [client 49.51.36.179] ModSecurity: Access denied with code 403 (phase 2). Pattern match "\\\\b(keep-alive|close),\\\\s?(keep-alive|close)\\\\b" at REQUEST_HEADERS:Connection. [file "/usr/local/apache/modsecurity-owasp-old/base_rules/modsecurity_crs_20_protocol_violations.conf"] [line "447"] [id "958295"] [rev "2"] [msg "Multiple/Conflicting Connection Header Data Found."] [data "keep-alive, close"] [severity "WARNING"] [ver "OWASP_CRS/2.2.9"] [maturity "6"] [accuracy "8"] [tag "OWASP_CRS/PROTOCOL_VIOLATION/INVALID_HREQ"] [hostname "www.boxedmealz.com"] [uri "/"] [unique_id "aTq1SWG1Yg2kBfFGTSB6iQAAANA"]
[Thu Dec 11 07:54:23.509995 2025] [autoindex:error] [pid 1337:tid 139648685684480] [client 4.193.193.27:53529] AH01276: Cannot serve directory /home/boxmealz/public_html/wp-admin/css/: No matching DirectoryIndex (index.php,index.html.var,index.htm,index.html,index.shtml,index.xhtml,index.wml,index.perl,index.pl,index.plx,index.ppl,index.cgi,index.jsp,index.js,index.jp,index.php4,index.php3,index.phtml,default.htm,default.html,home.htm,index.php5,Default.html,Default.htm,home.html) found, and server-generated directory index forbidden by Options directive, referer: https://www.yahoo.com/
[Thu Dec 11 07:54:28.762382 2025] [autoindex:error] [pid 1337:tid 139648702469888] [client 4.193.193.27:53529] AH01276: Cannot serve directory /home/boxmealz/public_html/wp-admin/css/colors/blue/: No matching DirectoryIndex (index.php,index.html.var,index.htm,index.html,index.shtml,index.xhtml,index.wml,index.perl,index.pl,index.plx,index.ppl,index.cgi,index.jsp,index.js,index.jp,index.php4,index.php3,index.phtml,default.htm,default.html,home.htm,index.php5,Default.html,Default.htm,home.html) found, and server-generated directory index forbidden by Options directive, referer: https://www.google.de/
[Thu Dec 11 07:54:31.268119 2025] [autoindex:error] [pid 1337:tid 139648660506368] [client 4.193.193.27:53604] AH01276: Cannot serve directory /home/boxmealz/public_html/wp-admin/images/: No matching DirectoryIndex (index.php,index.html.var,index.htm,index.html,index.shtml,index.xhtml,index.wml,index.perl,index.pl,index.plx,index.ppl,index.cgi,index.jsp,index.js,index.jp,index.php4,index.php3,index.phtml,default.htm,default.html,home.htm,index.php5,Default.html,Default.htm,home.html) found, and server-generated directory index forbidden by Options directive, referer: https://duckduckgo.com/
[Thu Dec 11 07:54:39.173151 2025] [autoindex:error] [pid 1337:tid 139648504391424] [client 4.193.193.27:53604] AH01276: Cannot serve directory /home/boxmealz/public_html/wp-admin/includes/: No matching DirectoryIndex (index.php,index.html.var,index.htm,index.html,index.shtml,index.xhtml,index.wml,index.perl,index.pl,index.plx,index.ppl,index.cgi,index.jsp,index.js,index.jp,index.php4,index.php3,index.phtml,default.htm,default.html,home.htm,index.php5,Default.html,Default.htm,home.html) found, and server-generated directory index forbidden by Options directive, referer: https://www.google.com/
[Thu Dec 11 07:54:44.097348 2025] [autoindex:error] [pid 1337:tid 139648685684480] [client 4.193.193.27:53529] AH01276: Cannot serve directory /home/boxmealz/public_html/wp-admin/js/: No matching DirectoryIndex (index.php,index.html.var,index.htm,index.html,index.shtml,index.xhtml,index.wml,index.perl,index.pl,index.plx,index.ppl,index.cgi,index.jsp,index.js,index.jp,index.php4,index.php3,index.phtml,default.htm,default.html,home.htm,index.php5,Default.html,Default.htm,home.html) found, and server-generated directory index forbidden by Options directive, referer: https://www.google.com/
[Thu Dec 11 07:54:46.542858 2025] [autoindex:error] [pid 1337:tid 139648571533056] [client 4.193.193.27:53604] AH01276: Cannot serve directory /home/boxmealz/public_html/wp-admin/js/: No matching DirectoryIndex (index.php,index.html.var,index.htm,index.html,index.shtml,index.xhtml,index.wml,index.perl,index.pl,index.plx,index.ppl,index.cgi,index.jsp,index.js,index.jp,index.php4,index.php3,index.phtml,default.htm,default.html,home.htm,index.php5,Default.html,Default.htm,home.html) found, and server-generated directory index forbidden by Options directive, referer: https://www.google.fr/
[Thu Dec 11 08:21:19.256804 2025] [autoindex:error] [pid 1390:tid 139648677291776] [client 13.79.87.25:1146] AH01276: Cannot serve directory /home/boxmealz/public_html/wp-admin/css/colors/blue/: No matching DirectoryIndex (index.php,index.html.var,index.htm,index.html,index.shtml,index.xhtml,index.wml,index.perl,index.pl,index.plx,index.ppl,index.cgi,index.jsp,index.js,index.jp,index.php4,index.php3,index.phtml,default.htm,default.html,home.htm,index.php5,Default.html,Default.htm,home.html) found, and server-generated directory index forbidden by Options directive
[Thu Dec 11 08:26:11.447305 2025] [autoindex:error] [pid 1390:tid 139648660506368] [client 13.79.87.25:1146] AH01276: Cannot serve directory /home/boxmealz/public_html/wp-admin/maint/: No matching DirectoryIndex (index.php,index.html.var,index.htm,index.html,index.shtml,index.xhtml,index.wml,index.perl,index.pl,index.plx,index.ppl,index.cgi,index.jsp,index.js,index.jp,index.php4,index.php3,index.phtml,default.htm,default.html,home.htm,index.php5,Default.html,Default.htm,home.html) found, and server-generated directory index forbidden by Options directive
[Thu Dec 11 08:27:15.232252 2025] [:error] [pid 1390:tid 139648445642496] [client 13.79.87.25:13685] File does not exist: /usr/local/apache/autossl_tmp/.well-known/acme-challenge/index.php
[Thu Dec 11 08:27:42.162035 2025] [autoindex:error] [pid 1390:tid 139648462427904] [client 13.79.87.25:15263] AH01276: Cannot serve directory /home/boxmealz/public_html/wp-admin/js/: No matching DirectoryIndex (index.php,index.html.var,index.htm,index.html,index.shtml,index.xhtml,index.wml,index.perl,index.pl,index.plx,index.ppl,index.cgi,index.jsp,index.js,index.jp,index.php4,index.php3,index.phtml,default.htm,default.html,home.htm,index.php5,Default.html,Default.htm,home.html) found, and server-generated directory index forbidden by Options directive
[Thu Dec 11 08:28:01.163047 2025] [autoindex:error] [pid 1390:tid 139648571533056] [client 13.79.87.25:15263] AH01276: Cannot serve directory /home/boxmealz/public_html/wp-includes/fonts/: No matching DirectoryIndex (index.php,index.html.var,index.htm,index.html,index.shtml,index.xhtml,index.wml,index.perl,index.pl,index.plx,index.ppl,index.cgi,index.jsp,index.js,index.jp,index.php4,index.php3,index.phtml,default.htm,default.html,home.htm,index.php5,Default.html,Default.htm,home.html) found, and server-generated directory index forbidden by Options directive
[Thu Dec 11 08:31:58.383504 2025] [:error] [pid 1390:tid 139648579925760] [client 13.79.87.25:8059] File does not exist: /usr/local/apache/autossl_tmp/.well-known/acme-challenge/wp-login.php
[Thu Dec 11 08:32:29.469385 2025] [autoindex:error] [pid 1390:tid 139648554747648] [client 13.79.87.25:15263] AH01276: Cannot serve directory /home/boxmealz/public_html/wp-admin/includes/: No matching DirectoryIndex (index.php,index.html.var,index.htm,index.html,index.shtml,index.xhtml,index.wml,index.perl,index.pl,index.plx,index.ppl,index.cgi,index.jsp,index.js,index.jp,index.php4,index.php3,index.phtml,default.htm,default.html,home.htm,index.php5,Default.html,Default.htm,home.html) found, and server-generated directory index forbidden by Options directive
[Thu Dec 11 08:32:33.523673 2025] [autoindex:error] [pid 1390:tid 139648546354944] [client 13.79.87.25:15263] AH01276: Cannot serve directory /home/boxmealz/public_html/wp-includes/: No matching DirectoryIndex (index.php,index.html.var,index.htm,index.html,index.shtml,index.xhtml,index.wml,index.perl,index.pl,index.plx,index.ppl,index.cgi,index.jsp,index.js,index.jp,index.php4,index.php3,index.phtml,default.htm,default.html,home.htm,index.php5,Default.html,Default.htm,home.html) found, and server-generated directory index forbidden by Options directive
[Thu Dec 11 09:44:30.496588 2025] [:error] [pid 1390:tid 139648504391424] [client 4.193.208.244:59023] File does not exist: /usr/local/apache/autossl_tmp/.well-known/acme-challenge/file.php, referer: https://www.bing.com/
[Thu Dec 11 09:44:33.089559 2025] [:error] [pid 1390:tid 139648660506368] [client 4.193.208.244:59023] File does not exist: /usr/local/apache/autossl_tmp/.well-known/acme-challenge/wp-login.php, referer: https://www.google.fr/
[Thu Dec 11 09:44:36.604817 2025] [:error] [pid 1390:tid 139648462427904] [client 4.193.208.244:59023] File does not exist: /usr/local/apache/autossl_tmp/.well-known/acme-challenge/index.php, referer: https://www.yahoo.com/
[Thu Dec 11 09:44:51.701605 2025] [:error] [pid 1390:tid 139648495998720] (12)Cannot allocate memory: [client 4.193.208.244:59010] couldn't create child process: /usr/local/sbin/suphp for /home/boxmealz/public_html/index.php, referer: https://www.google.de/
[Thu Dec 11 10:02:28.594952 2025] [:error] [pid 1390:tid 139648512784128] [client 101.42.46.71:47432] [client 101.42.46.71] ModSecurity: Access denied with code 403 (phase 2). Pattern match "\\\\b(keep-alive|close),\\\\s?(keep-alive|close)\\\\b" at REQUEST_HEADERS:Connection. [file "/usr/local/apache/modsecurity-owasp-old/base_rules/modsecurity_crs_20_protocol_violations.conf"] [line "447"] [id "958295"] [rev "2"] [msg "Multiple/Conflicting Connection Header Data Found."] [data "keep-alive, close"] [severity "WARNING"] [ver "OWASP_CRS/2.2.9"] [maturity "6"] [accuracy "8"] [tag "OWASP_CRS/PROTOCOL_VIOLATION/INVALID_HREQ"] [hostname "boxedmealz.com"] [uri "/"] [unique_id "aTrdBK99tslDUkx8HkqFegAAAU4"]
[Thu Dec 11 10:38:31.892477 2025] [:error] [pid 1390:tid 139648694077184] [client 65.111.29.32:50565] [client 65.111.29.32] ModSecurity: Access denied with code 403 (phase 2). Pattern match "(?i:[\\"\\\\'][ ]*(([^a-z0-9~_:\\\\' ])|(in)).*?(((l|(\\\\\\\\u006C))(o|(\\\\\\\\u006F))(c|(\\\\\\\\u0063))(a|(\\\\\\\\u0061))(t|(\\\\\\\\u0074))(i|(\\\\\\\\u0069))(o|(\\\\\\\\u006F))(n|(\\\\\\\\u006E)))|((n|(\\\\\\\\u006E))(a|(\\\\\\\\u0061))(m|(\\\\\\\\u006D))(e|(\\\\\\\\u0065)))|((o|(\\\\\\\\u006F))(n|(\\\\ ..." at ARGS:<?xml version. [file "/usr/local/apache/modsecurity-owasp-old/base_rules/modsecurity_crs_41_xss_attacks.conf"] [line "514"] [id "973332"] [rev "2"] [msg "IE XSS Filters - Attack Detected."] [data "Matched Data: \\x22?>\\x5cn<methodCall>\\x5cn <methodName>pingback.ping</methodName>\\x5cn <params>\\x5cn <param>\\x5cn <value><string>http://www.riverbendadvisors.com/index.php?title= found within ARGS:<?xml version: \\x221.0\\x22 encoding=\\x22utf-8\\x22 standalone=\\x22yes\\x22?>\\x5cn<methodCall>\\x5cn <methodName>pingback.ping</methodName>\\x5cn <params>\\x5cn <param>\\x5cn <value><string>http://www.riverbendadvisors.com/index.php?title=Seven_Things_To_Do_Immediately_About_Casino_Game</string></value>\\x5cn </para [hostname "www.boxedmealz.com"] [uri "/xmlrpc.php"] [unique_id "aTrld699tslDUkx8HkqGGQAAAUE"], referer: https://www.boxedmealz.com/green-chef/
[Thu Dec 11 10:38:32.706099 2025] [:error] [pid 1390:tid 139648554747648] [client 104.167.19.51:17419] [client 104.167.19.51] ModSecurity: Access denied with code 403 (phase 2). Pattern match "(?i:[\\"\\\\'][ ]*(([^a-z0-9~_:\\\\' ])|(in)).*?(((l|(\\\\\\\\u006C))(o|(\\\\\\\\u006F))(c|(\\\\\\\\u0063))(a|(\\\\\\\\u0061))(t|(\\\\\\\\u0074))(i|(\\\\\\\\u0069))(o|(\\\\\\\\u006F))(n|(\\\\\\\\u006E)))|((n|(\\\\\\\\u006E))(a|(\\\\\\\\u0061))(m|(\\\\\\\\u006D))(e|(\\\\\\\\u0065)))|((o|(\\\\\\\\u006F))(n|(\\\\ ..." at ARGS:<?xml version. [file "/usr/local/apache/modsecurity-owasp-old/base_rules/modsecurity_crs_41_xss_attacks.conf"] [line "514"] [id "973332"] [rev "2"] [msg "IE XSS Filters - Attack Detected."] [data "Matched Data: \\x22?>\\x5cn<methodCall>\\x5cn <methodName>pingback.ping</methodName>\\x5cn <params>\\x5cn <param>\\x5cn <value><string>http://www.riverbendadvisors.com/index.php?title= found within ARGS:<?xml version: \\x221.0\\x22 encoding=\\x22utf-8\\x22 standalone=\\x22yes\\x22?>\\x5cn<methodCall>\\x5cn <methodName>pingback.ping</methodName>\\x5cn <params>\\x5cn <param>\\x5cn <value><string>http://www.riverbendadvisors.com/index.php?title=Seven_Things_To_Do_Immediately_About_Casino_Game</string></value>\\x5cn </para [hostname "www.boxedmealz.com"] [uri "/xmlrpc.php"] [unique_id "aTrleK99tslDUkx8HkqF5QAAAUk"], referer: https://www.boxedmealz.com/green-chef/
[Thu Dec 11 12:16:12.461547 2025] [:error] [pid 1390:tid 139648694077184] [client 70.224.198.136:51982] PHP Fatal error:  Call to a member function get_status() on null in /home/boxmealz/public_html/wp-content/plugins/contact-form-7/includes/contact-form.php on line 656, referer: https://www.boxedmealz.com/contact/
[Thu Dec 11 12:49:53.787606 2025] [:error] [pid 1390:tid 139648563140352] [client 49.51.47.100:51836] [client 49.51.47.100] ModSecurity: Access denied with code 403 (phase 2). Pattern match "\\\\b(keep-alive|close),\\\\s?(keep-alive|close)\\\\b" at REQUEST_HEADERS:Connection. [file "/usr/local/apache/modsecurity-owasp-old/base_rules/modsecurity_crs_20_protocol_violations.conf"] [line "447"] [id "958295"] [rev "2"] [msg "Multiple/Conflicting Connection Header Data Found."] [data "keep-alive, close"] [severity "WARNING"] [ver "OWASP_CRS/2.2.9"] [maturity "6"] [accuracy "8"] [tag "OWASP_CRS/PROTOCOL_VIOLATION/INVALID_HREQ"] [hostname "boxedmealz.com"] [uri "/"] [unique_id "aTsEQa99tslDUkx8HkqHhAAAAUg"]
[Thu Dec 11 12:59:29.381062 2025] [autoindex:error] [pid 1390:tid 139648677291776] [client 4.190.209.17:55960] AH01276: Cannot serve directory /home/boxmealz/public_html/wp-content/upgrade/: No matching DirectoryIndex (index.php,index.html.var,index.htm,index.html,index.shtml,index.xhtml,index.wml,index.perl,index.pl,index.plx,index.ppl,index.cgi,index.jsp,index.js,index.jp,index.php4,index.php3,index.phtml,default.htm,default.html,home.htm,index.php5,Default.html,Default.htm,home.html) found, and server-generated directory index forbidden by Options directive, referer: https://www.bing.com/
[Thu Dec 11 12:59:34.158285 2025] [autoindex:error] [pid 1337:tid 139648579925760] [client 4.190.209.17:55971] AH01276: Cannot serve directory /home/boxmealz/public_html/wp-content/uploads/: No matching DirectoryIndex (index.php,index.html.var,index.htm,index.html,index.shtml,index.xhtml,index.wml,index.perl,index.pl,index.plx,index.ppl,index.cgi,index.jsp,index.js,index.jp,index.php4,index.php3,index.phtml,default.htm,default.html,home.htm,index.php5,Default.html,Default.htm,home.html) found, and server-generated directory index forbidden by Options directive, referer: https://www.google.com/
[Thu Dec 11 12:59:41.049908 2025] [autoindex:error] [pid 1390:tid 139648563140352] [client 4.190.209.17:55960] AH01276: Cannot serve directory /home/boxmealz/public_html/wp-content/uploads/: No matching DirectoryIndex (index.php,index.html.var,index.htm,index.html,index.shtml,index.xhtml,index.wml,index.perl,index.pl,index.plx,index.ppl,index.cgi,index.jsp,index.js,index.jp,index.php4,index.php3,index.phtml,default.htm,default.html,home.htm,index.php5,Default.html,Default.htm,home.html) found, and server-generated directory index forbidden by Options directive, referer: https://www.yahoo.com/
[Thu Dec 11 12:59:45.818496 2025] [autoindex:error] [pid 1337:tid 139648537962240] [client 4.190.209.17:55971] AH01276: Cannot serve directory /home/boxmealz/public_html/wp-includes/ID3/: No matching DirectoryIndex (index.php,index.html.var,index.htm,index.html,index.shtml,index.xhtml,index.wml,index.perl,index.pl,index.plx,index.ppl,index.cgi,index.jsp,index.js,index.jp,index.php4,index.php3,index.phtml,default.htm,default.html,home.htm,index.php5,Default.html,Default.htm,home.html) found, and server-generated directory index forbidden by Options directive, referer: https://www.google.com/
[Thu Dec 11 12:59:50.547685 2025] [autoindex:error] [pid 1337:tid 139648685684480] [client 4.190.209.17:55971] AH01276: Cannot serve directory /home/boxmealz/public_html/wp-includes/IXR/: No matching DirectoryIndex (index.php,index.html.var,index.htm,index.html,index.shtml,index.xhtml,index.wml,index.perl,index.pl,index.plx,index.ppl,index.cgi,index.jsp,index.js,index.jp,index.php4,index.php3,index.phtml,default.htm,default.html,home.htm,index.php5,Default.html,Default.htm,home.html) found, and server-generated directory index forbidden by Options directive, referer: https://duckduckgo.com/
[Thu Dec 11 12:59:57.649183 2025] [autoindex:error] [pid 1390:tid 139648694077184] [client 4.190.209.17:55960] AH01276: Cannot serve directory /home/boxmealz/public_html/wp-includes/Requests/: No matching DirectoryIndex (index.php,index.html.var,index.htm,index.html,index.shtml,index.xhtml,index.wml,index.perl,index.pl,index.plx,index.ppl,index.cgi,index.jsp,index.js,index.jp,index.php4,index.php3,index.phtml,default.htm,default.html,home.htm,index.php5,Default.html,Default.htm,home.html) found, and server-generated directory index forbidden by Options directive, referer: https://www.yahoo.com/
[Thu Dec 11 12:59:59.974804 2025] [autoindex:error] [pid 1390:tid 139648454035200] [client 4.190.209.17:55960] AH01276: Cannot serve directory /home/boxmealz/public_html/wp-includes/SimplePie/: No matching DirectoryIndex (index.php,index.html.var,index.htm,index.html,index.shtml,index.xhtml,index.wml,index.perl,index.pl,index.plx,index.ppl,index.cgi,index.jsp,index.js,index.jp,index.php4,index.php3,index.phtml,default.htm,default.html,home.htm,index.php5,Default.html,Default.htm,home.html) found, and server-generated directory index forbidden by Options directive, referer: https://www.bing.com/
[Thu Dec 11 13:00:00.264955 2025] [autoindex:error] [pid 1337:tid 139648571533056] [client 4.190.209.17:55971] AH01276: Cannot serve directory /home/boxmealz/public_html/wp-includes/Text/: No matching DirectoryIndex (index.php,index.html.var,index.htm,index.html,index.shtml,index.xhtml,index.wml,index.perl,index.pl,index.plx,index.ppl,index.cgi,index.jsp,index.js,index.jp,index.php4,index.php3,index.phtml,default.htm,default.html,home.htm,index.php5,Default.html,Default.htm,home.html) found, and server-generated directory index forbidden by Options directive, referer: https://www.google.co.uk/
[Thu Dec 11 13:00:00.553199 2025] [autoindex:error] [pid 1337:tid 139648512784128] [client 4.190.209.17:55971] AH01276: Cannot serve directory /home/boxmealz/public_html/wp-includes/Text/Diff/Engine/: No matching DirectoryIndex (index.php,index.html.var,index.htm,index.html,index.shtml,index.xhtml,index.wml,index.perl,index.pl,index.plx,index.ppl,index.cgi,index.jsp,index.js,index.jp,index.php4,index.php3,index.phtml,default.htm,default.html,home.htm,index.php5,Default.html,Default.htm,home.html) found, and server-generated directory index forbidden by Options directive, referer: https://www.google.de/
[Thu Dec 11 13:00:02.871962 2025] [autoindex:error] [pid 1390:tid 139648694077184] [client 4.190.209.17:55960] AH01276: Cannot serve directory /home/boxmealz/public_html/wp-includes/Text/Diff/Renderer/: No matching DirectoryIndex (index.php,index.html.var,index.htm,index.html,index.shtml,index.xhtml,index.wml,index.perl,index.pl,index.plx,index.ppl,index.cgi,index.jsp,index.js,index.jp,index.php4,index.php3,index.phtml,default.htm,default.html,home.htm,index.php5,Default.html,Default.htm,home.html) found, and server-generated directory index forbidden by Options directive, referer: https://www.google.fr/
[Thu Dec 11 13:00:27.859928 2025] [autoindex:error] [pid 1337:tid 139648685684480] [client 4.190.209.17:55971] AH01276: Cannot serve directory /home/boxmealz/public_html/wp-includes/certificates/: No matching DirectoryIndex (index.php,index.html.var,index.htm,index.html,index.shtml,index.xhtml,index.wml,index.perl,index.pl,index.plx,index.ppl,index.cgi,index.jsp,index.js,index.jp,index.php4,index.php3,index.phtml,default.htm,default.html,home.htm,index.php5,Default.html,Default.htm,home.html) found, and server-generated directory index forbidden by Options directive, referer: https://www.yahoo.com/
[Thu Dec 11 13:00:41.458249 2025] [autoindex:error] [pid 1337:tid 139648470820608] [client 4.190.209.17:55971] AH01276: Cannot serve directory /home/boxmealz/public_html/wp-includes/images/: No matching DirectoryIndex (index.php,index.html.var,index.htm,index.html,index.shtml,index.xhtml,index.wml,index.perl,index.pl,index.plx,index.ppl,index.cgi,index.jsp,index.js,index.jp,index.php4,index.php3,index.phtml,default.htm,default.html,home.htm,index.php5,Default.html,Default.htm,home.html) found, and server-generated directory index forbidden by Options directive, referer: https://www.google.de/
[Thu Dec 11 13:00:43.753144 2025] [autoindex:error] [pid 1390:tid 139648479213312] [client 4.190.209.17:55960] AH01276: Cannot serve directory /home/boxmealz/public_html/wp-includes/: No matching DirectoryIndex (index.php,index.html.var,index.htm,index.html,index.shtml,index.xhtml,index.wml,index.perl,index.pl,index.plx,index.ppl,index.cgi,index.jsp,index.js,index.jp,index.php4,index.php3,index.phtml,default.htm,default.html,home.htm,index.php5,Default.html,Default.htm,home.html) found, and server-generated directory index forbidden by Options directive, referer: https://www.bing.com/
[Thu Dec 11 13:00:48.627098 2025] [autoindex:error] [pid 1337:tid 139648563140352] [client 4.190.209.17:55971] AH01276: Cannot serve directory /home/boxmealz/public_html/wp-includes/js/crop/: No matching DirectoryIndex (index.php,index.html.var,index.htm,index.html,index.shtml,index.xhtml,index.wml,index.perl,index.pl,index.plx,index.ppl,index.cgi,index.jsp,index.js,index.jp,index.php4,index.php3,index.phtml,default.htm,default.html,home.htm,index.php5,Default.html,Default.htm,home.html) found, and server-generated directory index forbidden by Options directive, referer: https://www.google.de/
[Thu Dec 11 13:01:05.022369 2025] [autoindex:error] [pid 1390:tid 139648563140352] [client 4.190.209.17:55960] AH01276: Cannot serve directory /home/boxmealz/public_html/wp-includes/pomo/: No matching DirectoryIndex (index.php,index.html.var,index.htm,index.html,index.shtml,index.xhtml,index.wml,index.perl,index.pl,index.plx,index.ppl,index.cgi,index.jsp,index.js,index.jp,index.php4,index.php3,index.phtml,default.htm,default.html,home.htm,index.php5,Default.html,Default.htm,home.html) found, and server-generated directory index forbidden by Options directive, referer: https://www.yahoo.com/
[Thu Dec 11 13:01:07.322789 2025] [autoindex:error] [pid 1390:tid 139648454035200] [client 4.190.209.17:55960] AH01276: Cannot serve directory /home/boxmealz/public_html/wp-includes/random_compat/: No matching DirectoryIndex (index.php,index.html.var,index.htm,index.html,index.shtml,index.xhtml,index.wml,index.perl,index.pl,index.plx,index.ppl,index.cgi,index.jsp,index.js,index.jp,index.php4,index.php3,index.phtml,default.htm,default.html,home.htm,index.php5,Default.html,Default.htm,home.html) found, and server-generated directory index forbidden by Options directive, referer: https://www.bing.com/
[Thu Dec 11 13:01:07.612909 2025] [autoindex:error] [pid 1337:tid 139648529569536] [client 4.190.209.17:55971] AH01276: Cannot serve directory /home/boxmealz/public_html/wp-includes/rest-api/fields/: No matching DirectoryIndex (index.php,index.html.var,index.htm,index.html,index.shtml,index.xhtml,index.wml,index.perl,index.pl,index.plx,index.ppl,index.cgi,index.jsp,index.js,index.jp,index.php4,index.php3,index.phtml,default.htm,default.html,home.htm,index.php5,Default.html,Default.htm,home.html) found, and server-generated directory index forbidden by Options directive, referer: https://www.yahoo.com/
[Thu Dec 11 13:01:09.943839 2025] [autoindex:error] [pid 1390:tid 139648504391424] [client 4.190.209.17:55960] AH01276: Cannot serve directory /home/boxmealz/public_html/wp-includes/rest-api/: No matching DirectoryIndex (index.php,index.html.var,index.htm,index.html,index.shtml,index.xhtml,index.wml,index.perl,index.pl,index.plx,index.ppl,index.cgi,index.jsp,index.js,index.jp,index.php4,index.php3,index.phtml,default.htm,default.html,home.htm,index.php5,Default.html,Default.htm,home.html) found, and server-generated directory index forbidden by Options directive, referer: https://www.google.co.uk/
[Thu Dec 11 13:01:23.826096 2025] [autoindex:error] [pid 1337:tid 139648677291776] [client 4.190.209.17:55971] AH01276: Cannot serve directory /home/boxmealz/public_html/wp-includes/theme-compat/: No matching DirectoryIndex (index.php,index.html.var,index.htm,index.html,index.shtml,index.xhtml,index.wml,index.perl,index.pl,index.plx,index.ppl,index.cgi,index.jsp,index.js,index.jp,index.php4,index.php3,index.phtml,default.htm,default.html,home.htm,index.php5,Default.html,Default.htm,home.html) found, and server-generated directory index forbidden by Options directive, referer: https://duckduckgo.com/
[Thu Dec 11 14:07:03.617967 2025] [core:error] [pid 1390:tid 139648470820608] [client 185.191.171.10:38026] Script timed out before returning headers: index.php
[Thu Dec 11 14:10:04.390563 2025] [:error] [pid 8447:tid 139648694077184] [client 112.86.225.144:43306] PHP Warning:  mysqli_query(): MySQL server has gone away in /home/boxmealz/public_html/wp-includes/wp-db.php on line 830
[Thu Dec 11 14:10:04.394659 2025] [:error] [pid 8447:tid 139648694077184] [client 112.86.225.144:43306] PHP Warning:  mysqli_query(): Error reading result set's header in /home/boxmealz/public_html/wp-includes/wp-db.php on line 830
[Thu Dec 11 14:10:04.391029 2025] [:error] [pid 1390:tid 139648470820608] [client 195.24.236.121:61604] PHP Warning:  mysqli_query(): MySQL server has gone away in /home/boxmealz/public_html/wp-includes/wp-db.php on line 859
[Thu Dec 11 14:10:04.394841 2025] [:error] [pid 1390:tid 139648470820608] [client 195.24.236.121:61604] PHP Warning:  mysqli_query(): Error reading result set's header in /home/boxmealz/public_html/wp-includes/wp-db.php on line 859
[Thu Dec 11 14:10:04.391150 2025] [:error] [pid 8447:tid 139648677291776] [client 195.24.236.121:65507] PHP Warning:  mysqli_query(): MySQL server has gone away in /home/boxmealz/public_html/wp-includes/wp-db.php on line 1942
[Thu Dec 11 14:10:04.390930 2025] [:error] [pid 8185:tid 139648668899072] [client 195.24.236.121:63710] PHP Warning:  mysqli_query(): MySQL server has gone away in /home/boxmealz/public_html/wp-includes/wp-db.php on line 830, referer: www.google.com
[Thu Dec 11 14:10:04.395048 2025] [:error] [pid 8185:tid 139648668899072] [client 195.24.236.121:63710] PHP Warning:  mysqli_query(): Error reading result set's header in /home/boxmealz/public_html/wp-includes/wp-db.php on line 830, referer: www.google.com
[Thu Dec 11 14:10:04.393308 2025] [:error] [pid 1390:tid 139648546354944] [client 198.23.224.203:37792] PHP Warning:  mysqli_query(): MySQL server has gone away in /home/boxmealz/public_html/wp-includes/wp-db.php on line 1942, referer: https://www.boxedmealz.com/?wordfence_syncAttackData=1765480168.3202
[Thu Dec 11 14:10:04.395287 2025] [:error] [pid 1390:tid 139648546354944] [client 198.23.224.203:37792] PHP Warning:  mysqli_query(): Error reading result set's header in /home/boxmealz/public_html/wp-includes/wp-db.php on line 1942, referer: https://www.boxedmealz.com/?wordfence_syncAttackData=1765480168.3202
[Thu Dec 11 14:10:04.412627 2025] [:error] [pid 8447:tid 139648677291776] [client 195.24.236.121:65507] PHP Warning:  mysqli_query(): Error reading result set's header in /home/boxmealz/public_html/wp-includes/wp-db.php on line 1942
[Thu Dec 11 14:10:04.613521 2025] [:error] [pid 1390:tid 139648668899072] [client 198.23.224.203:37836] PHP Warning:  Error while sending QUERY packet. PID=10545 in /home/boxmealz/public_html/wp-includes/wp-db.php on line 1942, referer: https://www.boxedmealz.com/wp-cron.php?doing_wp_cron=1765480173.7770349979400634765625
[Thu Dec 11 14:10:04.693679 2025] [:error] [pid 1390:tid 139648554747648] [client 195.24.236.121:50233] PHP Warning:  Error while sending QUERY packet. PID=10588 in /home/boxmealz/public_html/wp-includes/wp-db.php on line 1942
[Thu Dec 11 14:10:05.114907 2025] [:error] [pid 1390:tid 139648487606016] [client 195.24.236.121:50307] PHP Warning:  Error while sending QUERY packet. PID=10600 in /home/boxmealz/public_html/wp-includes/wp-db.php on line 1942, referer: www.google.com
[Thu Dec 11 14:10:05.229695 2025] [:error] [pid 1390:tid 139648702469888] [client 112.86.225.144:40758] PHP Warning:  Error while sending QUERY packet. PID=10523 in /home/boxmealz/public_html/wp-includes/wp-db.php on line 1942
[Thu Dec 11 14:10:05.293637 2025] [:error] [pid 1390:tid 139648512784128] [client 198.23.224.203:37820] PHP Warning:  Error while sending QUERY packet. PID=10531 in /home/boxmealz/public_html/wp-includes/wp-db.php on line 1942, referer: https://www.boxedmealz.com/wp-cron.php?doing_wp_cron=1765480171.7800478935241699218750
[Thu Dec 11 15:03:59.087177 2025] [autoindex:error] [pid 1390:tid 139648571533056] [client 109.199.96.67:61132] AH01276: Cannot serve directory /home/boxmealz/public_html/wp-admin/css/: No matching DirectoryIndex (index.php,index.html.var,index.htm,index.html,index.shtml,index.xhtml,index.wml,index.perl,index.pl,index.plx,index.ppl,index.cgi,index.jsp,index.js,index.jp,index.php4,index.php3,index.phtml,default.htm,default.html,home.htm,index.php5,Default.html,Default.htm,home.html) found, and server-generated directory index forbidden by Options directive, referer: binance.com
[Thu Dec 11 15:12:16.544444 2025] [:error] [pid 1337:tid 139648529569536] [client 43.153.113.127:50264] [client 43.153.113.127] ModSecurity: Access denied with code 403 (phase 2). Pattern match "\\\\b(keep-alive|close),\\\\s?(keep-alive|close)\\\\b" at REQUEST_HEADERS:Connection. [file "/usr/local/apache/modsecurity-owasp-old/base_rules/modsecurity_crs_20_protocol_violations.conf"] [line "447"] [id "958295"] [rev "2"] [msg "Multiple/Conflicting Connection Header Data Found."] [data "keep-alive, close"] [severity "WARNING"] [ver "OWASP_CRS/2.2.9"] [maturity "6"] [accuracy "8"] [tag "OWASP_CRS/PROTOCOL_VIOLATION/INVALID_HREQ"] [hostname "www.boxedmealz.com"] [uri "/"] [unique_id "aTsloJkUtsnQ0p51p8aPkAAAAQw"]
[Thu Dec 11 15:23:53.557883 2025] [autoindex:error] [pid 8186:tid 139648660506368] [client 139.59.62.176:64052] AH01276: Cannot serve directory /home/boxmealz/public_html/wp-admin/css/: No matching DirectoryIndex (index.php,index.html.var,index.htm,index.html,index.shtml,index.xhtml,index.wml,index.perl,index.pl,index.plx,index.ppl,index.cgi,index.jsp,index.js,index.jp,index.php4,index.php3,index.phtml,default.htm,default.html,home.htm,index.php5,Default.html,Default.htm,home.html) found, and server-generated directory index forbidden by Options directive, referer: binance.com
[Thu Dec 11 16:07:51.366732 2025] [:error] [pid 8184:tid 139648677291776] [client 175.6.217.4:52568] [client 175.6.217.4] ModSecurity: Access denied with code 403 (phase 2). Pattern match "\\\\b(keep-alive|close),\\\\s?(keep-alive|close)\\\\b" at REQUEST_HEADERS:Connection. [file "/usr/local/apache/modsecurity-owasp-old/base_rules/modsecurity_crs_20_protocol_violations.conf"] [line "447"] [id "958295"] [rev "2"] [msg "Multiple/Conflicting Connection Header Data Found."] [data "keep-alive, close"] [severity "WARNING"] [ver "OWASP_CRS/2.2.9"] [maturity "6"] [accuracy "8"] [tag "OWASP_CRS/PROTOCOL_VIOLATION/INVALID_HREQ"] [hostname "www.boxedmealz.com"] [uri "/"] [unique_id "aTsyp0GwsQ0C6O0dcZFzXAAAAAM"]
[Thu Dec 11 16:37:05.288313 2025] [:error] [pid 1390:tid 139648677291776] [client 207.154.244.234:49702] [client 207.154.244.234] ModSecurity: Access denied with code 403 (phase 2). Pattern match "(?i:(\\\\!\\\\=|\\\\&\\\\&|\\\\|\\\\||>>|<<|>=|<=|<>|<=>|xor|rlike|regexp|isnull)|(?:not\\\\s+between\\\\s+0\\\\s+and)|(?:is\\\\s+null)|(like\\\\s+null)|(?:(?:^|\\\\W)in[+\\\\s]*\\\\([\\\\s\\\\d\\"]+[^()]*\\\\))|(?:xor|<>|rlike(?:\\\\s+binary)?)|(?:regexp\\\\s+binary))" at ARGS:0. [file "/usr/local/apache/modsecurity-owasp-old/base_rules/modsecurity_crs_41_sql_injection_attacks.conf"] [line "70"] [id "981319"] [rev "2"] [msg "SQL Injection Attack: SQL Operator Detected"] [data "Matched Data: && found within ARGS:0: {\\x22then\\x22: \\x22$1:__proto__:then\\x22, \\x22status\\x22: \\x22resolved_model\\x22, \\x22reason\\x22: -1, \\x22value\\x22: \\x22{\\x5c\\x22then\\x5c\\x22: \\x5c\\x22$B0\\x5c\\x22}\\x22, \\x22_response\\x22: {\\x22_prefix\\x22: \\x22var req = null; try { req = \\x5c\\x5cu0070\\x5c\\x5cu0072\\x5c\\x5cu006f\\x5c\\x5cu0063\\x5c\\x5cu0065\\x5c\\x5cu0073\\x5c\\x5cu0073[String.fromCharCode(109,97,105,110,77,111,100,117,108,101)][String.fromCharCode(114,101,113,117,105,114,101)]; } catch(e) {} if (!req) { try..."] [severity  [hostname "boxedmealz.com"] [uri "/"] [unique_id "aTs5ga99tslDUkx8HkqKUAAAAUM"]
[Thu Dec 11 16:58:06.209759 2025] [:error] [pid 1390:tid 139648546354944] [client 138.68.79.50:51030] [client 138.68.79.50] ModSecurity: Access denied with code 403 (phase 2). Pattern match "(?i:(\\\\!\\\\=|\\\\&\\\\&|\\\\|\\\\||>>|<<|>=|<=|<>|<=>|xor|rlike|regexp|isnull)|(?:not\\\\s+between\\\\s+0\\\\s+and)|(?:is\\\\s+null)|(like\\\\s+null)|(?:(?:^|\\\\W)in[+\\\\s]*\\\\([\\\\s\\\\d\\"]+[^()]*\\\\))|(?:xor|<>|rlike(?:\\\\s+binary)?)|(?:regexp\\\\s+binary))" at ARGS:0. [file "/usr/local/apache/modsecurity-owasp-old/base_rules/modsecurity_crs_41_sql_injection_attacks.conf"] [line "70"] [id "981319"] [rev "2"] [msg "SQL Injection Attack: SQL Operator Detected"] [data "Matched Data: && found within ARGS:0: {\\x22then\\x22: \\x22$1:__proto__:then\\x22, \\x22status\\x22: \\x22resolved_model\\x22, \\x22reason\\x22: -1, \\x22value\\x22: \\x22{\\x5c\\x22then\\x5c\\x22: \\x5c\\x22$B0\\x5c\\x22}\\x22, \\x22_response\\x22: {\\x22_prefix\\x22: \\x22var req = null; try { req = \\x5c\\x5cu0070\\x5c\\x5cu0072\\x5c\\x5cu006f\\x5c\\x5cu0063\\x5c\\x5cu0065\\x5c\\x5cu0073\\x5c\\x5cu0073[String.fromCharCode(109,97,105,110,77,111,100,117,108,101)][String.fromCharCode(114,101,113,117,105,114,101)]; } catch(e) {} if (!req) { try..."] [severity  [hostname "boxedmealz.com"] [uri "/"] [unique_id "aTs-bq99tslDUkx8HkqJtQAAAUo"]
[Thu Dec 11 17:00:53.283565 2025] [autoindex:error] [pid 1390:tid 139648571533056] [client 109.199.122.239:64199] AH01276: Cannot serve directory /home/boxmealz/public_html/wp-admin/css/: No matching DirectoryIndex (index.php,index.html.var,index.htm,index.html,index.shtml,index.xhtml,index.wml,index.perl,index.pl,index.plx,index.ppl,index.cgi,index.jsp,index.js,index.jp,index.php4,index.php3,index.phtml,default.htm,default.html,home.htm,index.php5,Default.html,Default.htm,home.html) found, and server-generated directory index forbidden by Options directive, referer: binance.com
[Thu Dec 11 17:57:06.398381 2025] [:error] [pid 1337:tid 139648487606016] [client 144.124.230.163:61491] [client 144.124.230.163] ModSecurity: Access denied with code 403 (phase 2). Pattern match "(?i:(?:\\\\A|[^\\\\d])0x[a-f\\\\d]{3,}[a-f\\\\d]*)+" at REQUEST_COOKIES:irld. [file "/usr/local/apache/modsecurity-owasp-old/base_rules/modsecurity_crs_41_sql_injection_attacks.conf"] [line "55"] [id "981260"] [rev "2"] [msg "SQL Hex Encoding Identified"] [data "Matched Data: -0xb09 found within REQUEST_COOKIES:irld: LzFWV4Vx2H2Kk1721nzynvyQGQz60K-0xb09Ky20W9:0AB2U8"] [severity "CRITICAL"] [ver "OWASP_CRS/2.2.9"] [maturity "8"] [accuracy "8"] [tag "OWASP_CRS/WEB_ATTACK/SQL_INJECTION"] [tag "WASCTC/WASC-19"] [tag "OWASP_TOP_10/A1"] [tag "OWASP_AppSensor/CIE1"] [tag "PCI/6.5.2"] [hostname "www.boxedmealz.com"] [uri "/deals/sun-basket-family-dinner-50-off-promo/"] [unique_id "aTtMQpkUtsnQ0p51p8aP9AAAARE"], referer: https://www.boxedmealz.com/deals/sun-basket-family-dinner-50-off-promo/
[Thu Dec 11 17:57:06.867096 2025] [:error] [pid 8184:tid 139648685684480] [client 144.124.230.163:61516] [client 144.124.230.163] ModSecurity: Access denied with code 403 (phase 2). Pattern match "(?i:(?:\\\\A|[^\\\\d])0x[a-f\\\\d]{3,}[a-f\\\\d]*)+" at REQUEST_COOKIES:irld. [file "/usr/local/apache/modsecurity-owasp-old/base_rules/modsecurity_crs_41_sql_injection_attacks.conf"] [line "55"] [id "981260"] [rev "2"] [msg "SQL Hex Encoding Identified"] [data "Matched Data: -0xb09 found within REQUEST_COOKIES:irld: LzFWV4Vx2H2Kk1721nzynvyQGQz60K-0xb09Ky20W9:0AB2U8"] [severity "CRITICAL"] [ver "OWASP_CRS/2.2.9"] [maturity "8"] [accuracy "8"] [tag "OWASP_CRS/WEB_ATTACK/SQL_INJECTION"] [tag "WASCTC/WASC-19"] [tag "OWASP_TOP_10/A1"] [tag "OWASP_AppSensor/CIE1"] [tag "PCI/6.5.2"] [hostname "www.boxedmealz.com"] [uri "/"] [unique_id "aTtMQkGwsQ0C6O0dcZFzYAAAAAI"], referer: https://www.boxedmealz.com/deals/sun-basket-family-dinner-50-off-promo/
[Thu Dec 11 18:15:22.085664 2025] [:error] [pid 1390:tid 139648660506368] [client 4.189.122.191:16758] File does not exist: /usr/local/apache/autossl_tmp/.well-known/acme-challenge/file.php, referer: https://www.bing.com/
[Thu Dec 11 18:15:22.228836 2025] [:error] [pid 1390:tid 139648546354944] [client 4.189.122.191:16758] File does not exist: /usr/local/apache/autossl_tmp/.well-known/acme-challenge/wp-login.php, referer: https://www.google.de/
[Thu Dec 11 18:15:22.370133 2025] [:error] [pid 1390:tid 139648454035200] [client 4.189.122.191:16758] File does not exist: /usr/local/apache/autossl_tmp/.well-known/acme-challenge/index.php, referer: https://www.yahoo.com/
[Thu Dec 11 18:18:14.998867 2025] [autoindex:error] [pid 1390:tid 139648470820608] [client 4.189.122.191:16733] AH01276: Cannot serve directory /home/boxmealz/public_html/wp-admin/images/: No matching DirectoryIndex (index.php,index.html.var,index.htm,index.html,index.shtml,index.xhtml,index.wml,index.perl,index.pl,index.plx,index.ppl,index.cgi,index.jsp,index.js,index.jp,index.php4,index.php3,index.phtml,default.htm,default.html,home.htm,index.php5,Default.html,Default.htm,home.html) found, and server-generated directory index forbidden by Options directive, referer: https://www.google.co.uk/
[Thu Dec 11 18:18:19.344158 2025] [autoindex:error] [pid 1390:tid 139648521176832] [client 4.189.122.191:16733] AH01276: Cannot serve directory /home/boxmealz/public_html/wp-admin/includes/: No matching DirectoryIndex (index.php,index.html.var,index.htm,index.html,index.shtml,index.xhtml,index.wml,index.perl,index.pl,index.plx,index.ppl,index.cgi,index.jsp,index.js,index.jp,index.php4,index.php3,index.phtml,default.htm,default.html,home.htm,index.php5,Default.html,Default.htm,home.html) found, and server-generated directory index forbidden by Options directive, referer: https://www.yahoo.com/
[Thu Dec 11 18:19:55.982160 2025] [autoindex:error] [pid 1390:tid 139648445642496] [client 4.189.122.191:17364] AH01276: Cannot serve directory /home/boxmealz/public_html/wp-includes/SimplePie/: No matching DirectoryIndex (index.php,index.html.var,index.htm,index.html,index.shtml,index.xhtml,index.wml,index.perl,index.pl,index.plx,index.ppl,index.cgi,index.jsp,index.js,index.jp,index.php4,index.php3,index.phtml,default.htm,default.html,home.htm,index.php5,Default.html,Default.htm,home.html) found, and server-generated directory index forbidden by Options directive, referer: https://www.google.de/
