[Tue Dec 02 20:05:21.435857 2025] [autoindex:error] [pid 9137:tid 140194091063040] [client 172.192.18.188:9883] AH01276: Cannot serve directory /home/boxmealz/public_html/wp-includes/images/: No matching DirectoryIndex (index.php,index.html.var,index.htm,index.html,index.shtml,index.xhtml,index.wml,index.perl,index.pl,index.plx,index.ppl,index.cgi,index.jsp,index.js,index.jp,index.php4,index.php3,index.phtml,default.htm,default.html,home.htm,index.php5,Default.html,Default.htm,home.html) found, and server-generated directory index forbidden by Options directive
[Tue Dec 02 20:05:55.845269 2025] [autoindex:error] [pid 22330:tid 140194286954240] [client 172.192.18.188:9225] AH01276: Cannot serve directory /home/boxmealz/public_html/wp-includes/images/smilies/: No matching DirectoryIndex (index.php,index.html.var,index.htm,index.html,index.shtml,index.xhtml,index.wml,index.perl,index.pl,index.plx,index.ppl,index.cgi,index.jsp,index.js,index.jp,index.php4,index.php3,index.phtml,default.htm,default.html,home.htm,index.php5,Default.html,Default.htm,home.html) found, and server-generated directory index forbidden by Options directive
[Tue Dec 02 20:06:00.502260 2025] [autoindex:error] [pid 9137:tid 140194141419264] [client 172.192.18.188:9883] AH01276: Cannot serve directory /home/boxmealz/public_html/wp-includes/js/tinymce/plugins/compat3x/css/: No matching DirectoryIndex (index.php,index.html.var,index.htm,index.html,index.shtml,index.xhtml,index.wml,index.perl,index.pl,index.plx,index.ppl,index.cgi,index.jsp,index.js,index.jp,index.php4,index.php3,index.phtml,default.htm,default.html,home.htm,index.php5,Default.html,Default.htm,home.html) found, and server-generated directory index forbidden by Options directive
[Tue Dec 02 20:06:05.119771 2025] [autoindex:error] [pid 9137:tid 140194099455744] [client 172.192.18.188:9883] AH01276: Cannot serve directory /home/boxmealz/public_html/wp-content/upgrade/: No matching DirectoryIndex (index.php,index.html.var,index.htm,index.html,index.shtml,index.xhtml,index.wml,index.perl,index.pl,index.plx,index.ppl,index.cgi,index.jsp,index.js,index.jp,index.php4,index.php3,index.phtml,default.htm,default.html,home.htm,index.php5,Default.html,Default.htm,home.html) found, and server-generated directory index forbidden by Options directive
[Tue Dec 02 22:08:39.286659 2025] [:error] [pid 9137:tid 140194082670336] [client 182.44.67.97:41068] [client 182.44.67.97] ModSecurity: Access denied with code 403 (phase 2). Pattern match "\\\\b(keep-alive|close),\\\\s?(keep-alive|close)\\\\b" at REQUEST_HEADERS:Connection. [file "/usr/local/apache/modsecurity-owasp-old/base_rules/modsecurity_crs_20_protocol_violations.conf"] [line "447"] [id "958295"] [rev "2"] [msg "Multiple/Conflicting Connection Header Data Found."] [data "keep-alive, close"] [severity "WARNING"] [ver "OWASP_CRS/2.2.9"] [maturity "6"] [accuracy "8"] [tag "OWASP_CRS/PROTOCOL_VIOLATION/INVALID_HREQ"] [hostname "www.boxedmealz.com"] [uri "/"] [unique_id "aS-ptxwTWn7vnNM0YXd0jgAAAVE"]
[Tue Dec 02 22:40:25.008729 2025] [:error] [pid 9137:tid 140194166597376] [client 216.24.210.146:45553] [client 216.24.210.146] ModSecurity: Access denied with code 403 (phase 2). Pattern match "<\\\\?(?!xml)" at ARGS:pwd. [file "/usr/local/apache/modsecurity-owasp-old/base_rules/modsecurity_crs_40_generic_attacks.conf"] [line "230"] [id "959151"] [rev "2"] [msg "PHP Injection Attack"] [severity "CRITICAL"] [ver "OWASP_CRS/2.2.9"] [maturity "9"] [accuracy "9"] [tag "OWASP_CRS/WEB_ATTACK/PHP_INJECTION"] [tag "WASCTC/WASC-15"] [tag "OWASP_TOP_10/A6"] [tag "PCI/6.5.2"] [tag "WASCTC/WASC-25"] [tag "OWASP_TOP_10/A1"] [tag "OWASP_AppSensor/CIE4"] [tag "PCI/6.5.2"] [hostname "boxedmealz.com"] [uri "/admin"] [unique_id "aS-xKRwTWn7vnNM0YXd0kwAAAUc"], referer: http://boxedmealz.com/wp-admin/
[Tue Dec 02 22:41:02.151667 2025] [:error] [pid 9138:tid 140194270168832] [client 98.159.37.51:62905] [client 98.159.37.51] ModSecurity: Access denied with code 403 (phase 2). Pattern match "<\\\\?(?!xml)" at ARGS:pwd. [file "/usr/local/apache/modsecurity-owasp-old/base_rules/modsecurity_crs_40_generic_attacks.conf"] [line "230"] [id "959151"] [rev "2"] [msg "PHP Injection Attack"] [severity "CRITICAL"] [ver "OWASP_CRS/2.2.9"] [maturity "9"] [accuracy "9"] [tag "OWASP_CRS/WEB_ATTACK/PHP_INJECTION"] [tag "WASCTC/WASC-15"] [tag "OWASP_TOP_10/A6"] [tag "PCI/6.5.2"] [tag "WASCTC/WASC-25"] [tag "OWASP_TOP_10/A1"] [tag "OWASP_AppSensor/CIE4"] [tag "PCI/6.5.2"] [hostname "boxedmealz.com"] [uri "/admin"] [unique_id "aS-xTsWImeidKKTMOALdswAAAYM"], referer: http://boxedmealz.com/wp-admin/
[Wed Dec 03 00:36:00.410102 2025] [:error] [pid 22328:tid 140194166597376] [client 43.159.136.201:33234] [client 43.159.136.201] ModSecurity: Access denied with code 403 (phase 2). Pattern match "\\\\b(keep-alive|close),\\\\s?(keep-alive|close)\\\\b" at REQUEST_HEADERS:Connection. [file "/usr/local/apache/modsecurity-owasp-old/base_rules/modsecurity_crs_20_protocol_violations.conf"] [line "447"] [id "958295"] [rev "2"] [msg "Multiple/Conflicting Connection Header Data Found."] [data "keep-alive, close"] [severity "WARNING"] [ver "OWASP_CRS/2.2.9"] [maturity "6"] [accuracy "8"] [tag "OWASP_CRS/PROTOCOL_VIOLATION/INVALID_HREQ"] [hostname "boxedmealz.com"] [uri "/"] [unique_id "aS_MQMVTEdoApMt0TSphSAAAAAc"]
[Wed Dec 03 00:41:38.535342 2025] [autoindex:error] [pid 9137:tid 140194141419264] [client 4.241.192.251:26501] AH01276: Cannot serve directory /home/boxmealz/public_html/wp-admin/js/: No matching DirectoryIndex (index.php,index.html.var,index.htm,index.html,index.shtml,index.xhtml,index.wml,index.perl,index.pl,index.plx,index.ppl,index.cgi,index.jsp,index.js,index.jp,index.php4,index.php3,index.phtml,default.htm,default.html,home.htm,index.php5,Default.html,Default.htm,home.html) found, and server-generated directory index forbidden by Options directive, referer: https://www.yahoo.com/
[Wed Dec 03 00:42:20.299177 2025] [autoindex:error] [pid 9138:tid 140194253383424] [client 4.241.192.251:26620] AH01276: Cannot serve directory /home/boxmealz/public_html/wp-content/upgrade/: No matching DirectoryIndex (index.php,index.html.var,index.htm,index.html,index.shtml,index.xhtml,index.wml,index.perl,index.pl,index.plx,index.ppl,index.cgi,index.jsp,index.js,index.jp,index.php4,index.php3,index.phtml,default.htm,default.html,home.htm,index.php5,Default.html,Default.htm,home.html) found, and server-generated directory index forbidden by Options directive, referer: https://www.yahoo.com/
[Wed Dec 03 00:42:20.591579 2025] [autoindex:error] [pid 9137:tid 140194099455744] [client 4.241.192.251:26501] AH01276: Cannot serve directory /home/boxmealz/public_html/wp-content/uploads/: No matching DirectoryIndex (index.php,index.html.var,index.htm,index.html,index.shtml,index.xhtml,index.wml,index.perl,index.pl,index.plx,index.ppl,index.cgi,index.jsp,index.js,index.jp,index.php4,index.php3,index.phtml,default.htm,default.html,home.htm,index.php5,Default.html,Default.htm,home.html) found, and server-generated directory index forbidden by Options directive, referer: https://www.google.co.uk/
[Wed Dec 03 00:42:51.252308 2025] [autoindex:error] [pid 9137:tid 140194049099520] [client 4.241.192.251:26501] AH01276: Cannot serve directory /home/boxmealz/public_html/wp-includes/js/crop/: No matching DirectoryIndex (index.php,index.html.var,index.htm,index.html,index.shtml,index.xhtml,index.wml,index.perl,index.pl,index.plx,index.ppl,index.cgi,index.jsp,index.js,index.jp,index.php4,index.php3,index.phtml,default.htm,default.html,home.htm,index.php5,Default.html,Default.htm,home.html) found, and server-generated directory index forbidden by Options directive, referer: https://www.bing.com/
[Wed Dec 03 00:42:51.520530 2025] [autoindex:error] [pid 9137:tid 140194116241152] [client 4.241.192.251:26501] AH01276: Cannot serve directory /home/boxmealz/public_html/wp-includes/pomo/: No matching DirectoryIndex (index.php,index.html.var,index.htm,index.html,index.shtml,index.xhtml,index.wml,index.perl,index.pl,index.plx,index.ppl,index.cgi,index.jsp,index.js,index.jp,index.php4,index.php3,index.phtml,default.htm,default.html,home.htm,index.php5,Default.html,Default.htm,home.html) found, and server-generated directory index forbidden by Options directive, referer: https://www.google.fr/
[Wed Dec 03 00:43:09.430014 2025] [autoindex:error] [pid 9137:tid 140194074277632] [client 4.241.192.251:26501] AH01276: Cannot serve directory /home/boxmealz/public_html/wp-includes/theme-compat/: No matching DirectoryIndex (index.php,index.html.var,index.htm,index.html,index.shtml,index.xhtml,index.wml,index.perl,index.pl,index.plx,index.ppl,index.cgi,index.jsp,index.js,index.jp,index.php4,index.php3,index.phtml,default.htm,default.html,home.htm,index.php5,Default.html,Default.htm,home.html) found, and server-generated directory index forbidden by Options directive, referer: https://duckduckgo.com/
[Wed Dec 03 01:45:14.822478 2025] [:error] [pid 9138:tid 140194124633856] [client 168.158.27.179:35081] PHP Warning:  mysqli_query(): MySQL server has gone away in /home/boxmealz/public_html/wp-includes/wp-db.php on line 1942
[Wed Dec 03 01:45:14.823144 2025] [:error] [pid 9138:tid 140194124633856] [client 168.158.27.179:35081] PHP Warning:  mysqli_query(): Error reading result set's header in /home/boxmealz/public_html/wp-includes/wp-db.php on line 1942
[Wed Dec 03 01:45:14.822959 2025] [:error] [pid 9138:tid 140194116241152] [client 168.158.33.102:37617] PHP Warning:  mysqli_query(): MySQL server has gone away in /home/boxmealz/public_html/wp-includes/wp-db.php on line 1942
[Wed Dec 03 01:45:14.823328 2025] [:error] [pid 9138:tid 140194116241152] [client 168.158.33.102:37617] PHP Warning:  mysqli_query(): Error reading result set's header in /home/boxmealz/public_html/wp-includes/wp-db.php on line 1942
[Wed Dec 03 01:45:14.823865 2025] [:error] [pid 9138:tid 140194253383424] [client 92.112.76.197:45281] PHP Warning:  mysqli_query(): MySQL server has gone away in /home/boxmealz/public_html/wp-includes/wp-db.php on line 1942
[Wed Dec 03 01:45:14.824060 2025] [:error] [pid 9138:tid 140194253383424] [client 92.112.76.197:45281] PHP Warning:  mysqli_query(): Error reading result set's header in /home/boxmealz/public_html/wp-includes/wp-db.php on line 1942
[Wed Dec 03 01:45:14.824929 2025] [:error] [pid 9138:tid 140194065884928] [client 168.158.117.205:33085] PHP Warning:  mysqli_query(): MySQL server has gone away in /home/boxmealz/public_html/wp-includes/wp-db.php on line 1942
[Wed Dec 03 01:45:14.825189 2025] [:error] [pid 9138:tid 140194082670336] [client 199.14.116.74:38285] PHP Warning:  mysqli_query(): MySQL server has gone away in /home/boxmealz/public_html/wp-includes/wp-db.php on line 1942
[Wed Dec 03 01:45:14.825366 2025] [:error] [pid 9138:tid 140194082670336] [client 199.14.116.74:38285] PHP Warning:  mysqli_query(): Error reading result set's header in /home/boxmealz/public_html/wp-includes/wp-db.php on line 1942
[Wed Dec 03 01:45:14.825549 2025] [:error] [pid 9138:tid 140194065884928] [client 168.158.117.205:33085] PHP Warning:  mysqli_query(): Error reading result set's header in /home/boxmealz/public_html/wp-includes/wp-db.php on line 1942
[Wed Dec 03 01:45:14.827126 2025] [:error] [pid 9137:tid 140194278561536] [client 92.114.61.72:43481] PHP Warning:  mysqli_query(): MySQL server has gone away in /home/boxmealz/public_html/wp-includes/wp-db.php on line 1942
[Wed Dec 03 01:45:14.827424 2025] [:error] [pid 9137:tid 140194278561536] [client 92.114.61.72:43481] PHP Warning:  mysqli_query(): Error reading result set's header in /home/boxmealz/public_html/wp-includes/wp-db.php on line 1942
[Wed Dec 03 01:45:14.831015 2025] [:error] [pid 9138:tid 140194141419264] [client 69.117.119.132:63121] PHP Warning:  Error while sending QUERY packet. PID=32545 in /home/boxmealz/public_html/wp-includes/wp-db.php on line 1942
[Wed Dec 03 01:45:14.843071 2025] [:error] [pid 9137:tid 140194023921408] [client 188.212.137.170:40445] PHP Warning:  mysqli_query(): MySQL server has gone away in /home/boxmealz/public_html/wp-includes/wp-db.php on line 1942
[Wed Dec 03 01:45:14.843308 2025] [:error] [pid 9137:tid 140194023921408] [client 188.212.137.170:40445] PHP Warning:  mysqli_query(): Error reading result set's header in /home/boxmealz/public_html/wp-includes/wp-db.php on line 1942
[Wed Dec 03 01:45:14.884579 2025] [:error] [pid 9137:tid 140194286954240] [client 195.133.209.156:35475] PHP Warning:  Error while sending QUERY packet. PID=32527 in /home/boxmealz/public_html/wp-includes/wp-db.php on line 1942
[Wed Dec 03 01:45:14.892670 2025] [:error] [pid 9138:tid 140194040706816] [client 73.219.207.44:50757] PHP Warning:  Error while sending QUERY packet. PID=32531 in /home/boxmealz/public_html/wp-includes/wp-db.php on line 1942
[Wed Dec 03 01:45:15.232011 2025] [:error] [pid 9138:tid 140194270168832] [client 97.221.216.42:53430] PHP Warning:  Error while sending QUERY packet. PID=32535 in /home/boxmealz/public_html/wp-includes/wp-db.php on line 1942
[Wed Dec 03 01:45:17.389263 2025] [:error] [pid 9138:tid 140194049099520] [client 91.192.213.17:34715] PHP Warning:  Error while sending QUERY packet. PID=32530 in /home/boxmealz/public_html/wp-includes/wp-db.php on line 1942
[Wed Dec 03 01:45:17.393118 2025] [:error] [pid 9138:tid 140194107848448] [client 158.46.128.154:39067] PHP Warning:  Error while sending QUERY packet. PID=32544 in /home/boxmealz/public_html/wp-includes/wp-db.php on line 1942
[Wed Dec 03 01:45:17.525799 2025] [:error] [pid 9137:tid 140194253383424] [client 198.240.121.234:39473] PHP Warning:  Error while sending QUERY packet. PID=32528 in /home/boxmealz/public_html/wp-includes/wp-db.php on line 1942
[Wed Dec 03 01:45:17.540086 2025] [:error] [pid 9138:tid 140194158204672] [client 64.248.159.252:41757] PHP Warning:  Error while sending QUERY packet. PID=32533 in /home/boxmealz/public_html/wp-includes/wp-db.php on line 1942
[Wed Dec 03 01:45:25.051086 2025] [:error] [pid 9137:tid 140194286954240] [client 195.133.209.156:35475] PHP Warning:  Cannot modify header information - headers already sent by (output started at /home/boxmealz/public_html/wp-includes/functions.php:3774) in /home/boxmealz/public_html/wp-includes/functions.php on line 3813
[Wed Dec 03 03:12:48.071465 2025] [:error] [pid 9137:tid 140194116241152] [client 170.106.167.214:56852] [client 170.106.167.214] ModSecurity: Access denied with code 403 (phase 2). Pattern match "\\\\b(keep-alive|close),\\\\s?(keep-alive|close)\\\\b" at REQUEST_HEADERS:Connection. [file "/usr/local/apache/modsecurity-owasp-old/base_rules/modsecurity_crs_20_protocol_violations.conf"] [line "447"] [id "958295"] [rev "2"] [msg "Multiple/Conflicting Connection Header Data Found."] [data "keep-alive, close"] [severity "WARNING"] [ver "OWASP_CRS/2.2.9"] [maturity "6"] [accuracy "8"] [tag "OWASP_CRS/PROTOCOL_VIOLATION/INVALID_HREQ"] [hostname "www.boxedmealz.com"] [uri "/"] [unique_id "aS_xABwTWn7vnNM0YXd1SwAAAU0"]
[Wed Dec 03 04:41:05.137508 2025] [:error] [pid 22328:tid 140194253383424] [client 113.141.91.58:49285] [client 113.141.91.58] ModSecurity: Access denied with code 403 (phase 2). Pattern match "\\\\b(keep-alive|close),\\\\s?(keep-alive|close)\\\\b" at REQUEST_HEADERS:Connection. [file "/usr/local/apache/modsecurity-owasp-old/base_rules/modsecurity_crs_20_protocol_violations.conf"] [line "447"] [id "958295"] [rev "2"] [msg "Multiple/Conflicting Connection Header Data Found."] [data "keep-alive, close"] [severity "WARNING"] [ver "OWASP_CRS/2.2.9"] [maturity "6"] [accuracy "8"] [tag "OWASP_CRS/PROTOCOL_VIOLATION/INVALID_HREQ"] [hostname "boxedmealz.com"] [uri "/"] [unique_id "aTAFscVTEdoApMt0TSphYAAAAAU"]
[Wed Dec 03 05:05:55.375529 2025] [autoindex:error] [pid 9137:tid 140194286954240] [client 4.189.253.242:50045] AH01276: Cannot serve directory /home/boxmealz/public_html/wp-admin/css/colors/blue/: No matching DirectoryIndex (index.php,index.html.var,index.htm,index.html,index.shtml,index.xhtml,index.wml,index.perl,index.pl,index.plx,index.ppl,index.cgi,index.jsp,index.js,index.jp,index.php4,index.php3,index.phtml,default.htm,default.html,home.htm,index.php5,Default.html,Default.htm,home.html) found, and server-generated directory index forbidden by Options directive
[Wed Dec 03 05:09:50.040105 2025] [autoindex:error] [pid 9138:tid 140194091063040] [client 4.189.253.242:49992] AH01276: Cannot serve directory /home/boxmealz/public_html/wp-admin/maint/: No matching DirectoryIndex (index.php,index.html.var,index.htm,index.html,index.shtml,index.xhtml,index.wml,index.perl,index.pl,index.plx,index.ppl,index.cgi,index.jsp,index.js,index.jp,index.php4,index.php3,index.phtml,default.htm,default.html,home.htm,index.php5,Default.html,Default.htm,home.html) found, and server-generated directory index forbidden by Options directive
[Wed Dec 03 05:10:09.031589 2025] [:error] [pid 9138:tid 140194278561536] [client 4.189.253.242:50019] File does not exist: /usr/local/apache/autossl_tmp/.well-known/acme-challenge/index.php
[Wed Dec 03 05:10:22.400917 2025] [autoindex:error] [pid 9138:tid 140194149811968] [client 4.189.253.242:49992] AH01276: Cannot serve directory /home/boxmealz/public_html/wp-admin/js/: No matching DirectoryIndex (index.php,index.html.var,index.htm,index.html,index.shtml,index.xhtml,index.wml,index.perl,index.pl,index.plx,index.ppl,index.cgi,index.jsp,index.js,index.jp,index.php4,index.php3,index.phtml,default.htm,default.html,home.htm,index.php5,Default.html,Default.htm,home.html) found, and server-generated directory index forbidden by Options directive
[Wed Dec 03 05:10:33.908428 2025] [autoindex:error] [pid 9138:tid 140194286954240] [client 4.189.253.242:50025] AH01276: Cannot serve directory /home/boxmealz/public_html/wp-includes/fonts/: No matching DirectoryIndex (index.php,index.html.var,index.htm,index.html,index.shtml,index.xhtml,index.wml,index.perl,index.pl,index.plx,index.ppl,index.cgi,index.jsp,index.js,index.jp,index.php4,index.php3,index.phtml,default.htm,default.html,home.htm,index.php5,Default.html,Default.htm,home.html) found, and server-generated directory index forbidden by Options directive
[Wed Dec 03 07:08:58.723841 2025] [:error] [pid 32309:tid 140082790115072] [client 43.173.176.204:49480] PHP Warning:  Error while sending QUERY packet. PID=23688 in /home/boxmealz/public_html/wp-includes/wp-db.php on line 1942, referer: https://www.boxedmealz.com/deals/splendid-spoon-594244/
[Wed Dec 03 07:08:59.850254 2025] [:error] [pid 32309:tid 140082832078592] [client 43.173.173.164:55406] PHP Warning:  Error while sending QUERY packet. PID=23784 in /home/boxmealz/public_html/wp-includes/wp-db.php on line 1942, referer: https://www.boxedmealz.com/deals/splendid-spoon-594244/
[Wed Dec 03 07:08:59.863931 2025] [:error] [pid 31968:tid 140082815293184] [client 198.23.224.203:34372] PHP Warning:  Error while sending QUERY packet. PID=23799 in /home/boxmealz/public_html/wp-includes/wp-db.php on line 1942, referer: https://www.boxedmealz.com/wp-cron.php?doing_wp_cron=1764763701.7870368957519531250000
[Wed Dec 03 07:08:59.876629 2025] [:error] [pid 32309:tid 140082815293184] [client 43.173.180.237:56986] PHP Warning:  Error while sending QUERY packet. PID=23787 in /home/boxmealz/public_html/wp-includes/wp-db.php on line 1942, referer: https://www.boxedmealz.com/deals/splendid-spoon-594244/
[Wed Dec 03 07:09:00.376037 2025] [:error] [pid 32309:tid 140082631632640] [client 43.173.182.178:36810] PHP Warning:  Error while sending QUERY packet. PID=23794 in /home/boxmealz/public_html/wp-includes/wp-db.php on line 1942, referer: https://www.boxedmealz.com/deals/splendid-spoon-594244/
[Wed Dec 03 07:09:00.613362 2025] [:error] [pid 32309:tid 140082707166976] [client 43.173.180.82:43680] PHP Warning:  Error while sending QUERY packet. PID=23810 in /home/boxmealz/public_html/wp-includes/wp-db.php on line 1942, referer: https://www.boxedmealz.com/deals/splendid-spoon-594244/
[Wed Dec 03 07:09:01.081942 2025] [:error] [pid 32309:tid 140082572883712] [client 43.173.177.36:34546] PHP Warning:  Error while sending QUERY packet. PID=23818 in /home/boxmealz/public_html/wp-includes/wp-db.php on line 1942, referer: https://www.boxedmealz.com/deals/splendid-spoon-594244/
[Wed Dec 03 07:09:01.095643 2025] [:error] [pid 32309:tid 140082823685888] [client 43.173.175.63:34424] PHP Warning:  Error while sending QUERY packet. PID=23815 in /home/boxmealz/public_html/wp-includes/wp-db.php on line 1942, referer: https://www.boxedmealz.com/deals/splendid-spoon-594244/
[Wed Dec 03 07:09:01.164036 2025] [:error] [pid 32309:tid 140082673596160] [client 43.173.178.114:43328] PHP Warning:  Error while sending QUERY packet. PID=23825 in /home/boxmealz/public_html/wp-includes/wp-db.php on line 1942, referer: https://www.boxedmealz.com/deals/splendid-spoon-594244/
[Wed Dec 03 07:09:01.247095 2025] [:error] [pid 31966:tid 140082832078592] [client 43.173.174.242:56332] PHP Warning:  Error while sending QUERY packet. PID=23820 in /home/boxmealz/public_html/wp-includes/wp-db.php on line 1942, referer: https://www.boxedmealz.com/deals/splendid-spoon-594244/
[Wed Dec 03 07:09:01.470387 2025] [:error] [pid 32309:tid 140082614847232] [client 43.173.180.56:50488] PHP Warning:  Error while sending QUERY packet. PID=23819 in /home/boxmealz/public_html/wp-includes/wp-db.php on line 1942, referer: https://www.boxedmealz.com/deals/splendid-spoon-594244/
[Wed Dec 03 07:09:01.995992 2025] [:error] [pid 31966:tid 140082665203456] [client 43.173.187.166:24159] [client 43.173.187.166] ModSecurity: Access denied with code 403 (phase 1). Match of "rx ^%{tx.allowed_request_content_type}$" against "TX:0" required. [file "/usr/local/apache/modsecurity-owasp-old/base_rules/modsecurity_crs_30_http_policy.conf"] [line "64"] [id "960010"] [rev "2"] [msg "Request content type is not allowed by policy"] [data "text/plain"] [severity "CRITICAL"] [ver "OWASP_CRS/2.2.9"] [maturity "9"] [accuracy "9"] [tag "OWASP_CRS/POLICY/ENCODING_NOT_ALLOWED"] [tag "WASCTC/WASC-20"] [tag "OWASP_TOP_10/A1"] [tag "OWASP_AppSensor/EE2"] [tag "PCI/12.1"] [hostname "www.boxedmealz.com"] [uri "/.well-known/shopify/monorail/unstable/produce_batch"] [unique_id "aTAoXc0danxj2inCoJSEAAAAAAs"], referer: https://www.boxedmealz.com/deals/splendid-spoon-594244/
[Wed Dec 03 07:09:02.057903 2025] [:error] [pid 32309:tid 140082698774272] [client 43.173.181.72:48278] PHP Warning:  Error while sending QUERY packet. PID=23807 in /home/boxmealz/public_html/wp-includes/wp-db.php on line 1942, referer: https://www.boxedmealz.com/deals/splendid-spoon-594244/
[Wed Dec 03 07:09:02.262603 2025] [:error] [pid 32309:tid 140082640025344] [client 43.173.179.240:39956] PHP Warning:  Error while sending QUERY packet. PID=23740 in /home/boxmealz/public_html/wp-includes/wp-db.php on line 1942, referer: https://www.boxedmealz.com/deals/splendid-spoon-594244/
[Wed Dec 03 07:09:12.742152 2025] [:error] [pid 32309:tid 140082640025344] [client 43.173.179.240:39956] PHP Warning:  Cannot modify header information - headers already sent by (output started at /home/boxmealz/public_html/wp-includes/functions.php:3774) in /home/boxmealz/public_html/wp-includes/functions.php on line 3813, referer: https://www.boxedmealz.com/deals/splendid-spoon-594244/
[Wed Dec 03 08:43:12.169948 2025] [:error] [pid 23898:tid 140082832078592] [client 43.153.122.30:35174] [client 43.153.122.30] ModSecurity: Access denied with code 403 (phase 2). Pattern match "\\\\b(keep-alive|close),\\\\s?(keep-alive|close)\\\\b" at REQUEST_HEADERS:Connection. [file "/usr/local/apache/modsecurity-owasp-old/base_rules/modsecurity_crs_20_protocol_violations.conf"] [line "447"] [id "958295"] [rev "2"] [msg "Multiple/Conflicting Connection Header Data Found."] [data "keep-alive, close"] [severity "WARNING"] [ver "OWASP_CRS/2.2.9"] [maturity "6"] [accuracy "8"] [tag "OWASP_CRS/PROTOCOL_VIOLATION/INVALID_HREQ"] [hostname "boxedmealz.com"] [uri "/"] [unique_id "aTA-cLjP-vIDvIaXf2v3PgAAAQA"]
[Wed Dec 03 09:45:12.948119 2025] [:error] [pid 23898:tid 140082614847232] [client 194.163.171.108:62031] PHP Fatal error:  Call to a member function get_status() on null in /home/boxmealz/public_html/wp-content/plugins/contact-form-7/includes/contact-form.php on line 656, referer: https://www.boxedmealz.com/contact/
[Wed Dec 03 10:57:43.901779 2025] [:error] [pid 23898:tid 140082589669120] [client 43.157.147.3:56410] [client 43.157.147.3] ModSecurity: Access denied with code 403 (phase 2). Pattern match "\\\\b(keep-alive|close),\\\\s?(keep-alive|close)\\\\b" at REQUEST_HEADERS:Connection. [file "/usr/local/apache/modsecurity-owasp-old/base_rules/modsecurity_crs_20_protocol_violations.conf"] [line "447"] [id "958295"] [rev "2"] [msg "Multiple/Conflicting Connection Header Data Found."] [data "keep-alive, close"] [severity "WARNING"] [ver "OWASP_CRS/2.2.9"] [maturity "6"] [accuracy "8"] [tag "OWASP_CRS/PROTOCOL_VIOLATION/INVALID_HREQ"] [hostname "www.boxedmealz.com"] [uri "/"] [unique_id "aTBd97jP-vIDvIaXf2v3kQAAARQ"]
[Wed Dec 03 11:20:47.381911 2025] [:error] [pid 31968:tid 140082665203456] [client 182.42.105.144:39349] [client 182.42.105.144] ModSecurity: Access denied with code 403 (phase 2). Pattern match "\\\\b(keep-alive|close),\\\\s?(keep-alive|close)\\\\b" at REQUEST_HEADERS:Connection. [file "/usr/local/apache/modsecurity-owasp-old/base_rules/modsecurity_crs_20_protocol_violations.conf"] [line "447"] [id "958295"] [rev "2"] [msg "Multiple/Conflicting Connection Header Data Found."] [data "keep-alive, close"] [severity "WARNING"] [ver "OWASP_CRS/2.2.9"] [maturity "6"] [accuracy "8"] [tag "OWASP_CRS/PROTOCOL_VIOLATION/INVALID_HREQ"] [hostname "www.boxedmealz.com"] [uri "/"] [unique_id "aTBjX61iao_g7sGp6hm4BAAAAIs"]
[Wed Dec 03 11:26:18.334988 2025] [autoindex:error] [pid 23898:tid 140082790115072] [client 4.241.192.251:61885] AH01276: Cannot serve directory /home/boxmealz/public_html/wp-admin/js/: No matching DirectoryIndex (index.php,index.html.var,index.htm,index.html,index.shtml,index.xhtml,index.wml,index.perl,index.pl,index.plx,index.ppl,index.cgi,index.jsp,index.js,index.jp,index.php4,index.php3,index.phtml,default.htm,default.html,home.htm,index.php5,Default.html,Default.htm,home.html) found, and server-generated directory index forbidden by Options directive, referer: https://www.google.fr/
[Wed Dec 03 11:27:22.995060 2025] [autoindex:error] [pid 23898:tid 140082556098304] [client 4.241.192.251:61676] AH01276: Cannot serve directory /home/boxmealz/public_html/wp-content/upgrade/: No matching DirectoryIndex (index.php,index.html.var,index.htm,index.html,index.shtml,index.xhtml,index.wml,index.perl,index.pl,index.plx,index.ppl,index.cgi,index.jsp,index.js,index.jp,index.php4,index.php3,index.phtml,default.htm,default.html,home.htm,index.php5,Default.html,Default.htm,home.html) found, and server-generated directory index forbidden by Options directive, referer: https://www.bing.com/
[Wed Dec 03 11:27:23.280934 2025] [autoindex:error] [pid 23898:tid 140082656810752] [client 4.241.192.251:61874] AH01276: Cannot serve directory /home/boxmealz/public_html/wp-content/uploads/: No matching DirectoryIndex (index.php,index.html.var,index.htm,index.html,index.shtml,index.xhtml,index.wml,index.perl,index.pl,index.plx,index.ppl,index.cgi,index.jsp,index.js,index.jp,index.php4,index.php3,index.phtml,default.htm,default.html,home.htm,index.php5,Default.html,Default.htm,home.html) found, and server-generated directory index forbidden by Options directive, referer: https://www.google.fr/
[Wed Dec 03 11:27:54.816461 2025] [autoindex:error] [pid 23898:tid 140082614847232] [client 4.241.192.251:61874] AH01276: Cannot serve directory /home/boxmealz/public_html/wp-includes/js/crop/: No matching DirectoryIndex (index.php,index.html.var,index.htm,index.html,index.shtml,index.xhtml,index.wml,index.perl,index.pl,index.plx,index.ppl,index.cgi,index.jsp,index.js,index.jp,index.php4,index.php3,index.phtml,default.htm,default.html,home.htm,index.php5,Default.html,Default.htm,home.html) found, and server-generated directory index forbidden by Options directive, referer: https://duckduckgo.com/
[Wed Dec 03 11:27:55.097535 2025] [autoindex:error] [pid 23898:tid 140082564491008] [client 4.241.192.251:61874] AH01276: Cannot serve directory /home/boxmealz/public_html/wp-includes/pomo/: No matching DirectoryIndex (index.php,index.html.var,index.htm,index.html,index.shtml,index.xhtml,index.wml,index.perl,index.pl,index.plx,index.ppl,index.cgi,index.jsp,index.js,index.jp,index.php4,index.php3,index.phtml,default.htm,default.html,home.htm,index.php5,Default.html,Default.htm,home.html) found, and server-generated directory index forbidden by Options directive, referer: https://www.google.co.uk/
[Wed Dec 03 11:28:13.697031 2025] [autoindex:error] [pid 23898:tid 140082581276416] [client 4.241.192.251:61874] AH01276: Cannot serve directory /home/boxmealz/public_html/wp-includes/theme-compat/: No matching DirectoryIndex (index.php,index.html.var,index.htm,index.html,index.shtml,index.xhtml,index.wml,index.perl,index.pl,index.plx,index.ppl,index.cgi,index.jsp,index.js,index.jp,index.php4,index.php3,index.phtml,default.htm,default.html,home.htm,index.php5,Default.html,Default.htm,home.html) found, and server-generated directory index forbidden by Options directive, referer: https://duckduckgo.com/
[Wed Dec 03 11:52:25.588816 2025] [:error] [pid 23898:tid 140082598061824] (12)Cannot allocate memory: [client 51.68.236.91:33805] couldn't create child process: /usr/local/sbin/suphp for /home/boxmealz/public_html/index.php
[Wed Dec 03 12:10:03.016432 2025] [autoindex:error] [pid 24205:tid 140082556098304] [client 75.119.143.158:59849] AH01276: Cannot serve directory /home/boxmealz/public_html/wp-admin/css/: No matching DirectoryIndex (index.php,index.html.var,index.htm,index.html,index.shtml,index.xhtml,index.wml,index.perl,index.pl,index.plx,index.ppl,index.cgi,index.jsp,index.js,index.jp,index.php4,index.php3,index.phtml,default.htm,default.html,home.htm,index.php5,Default.html,Default.htm,home.html) found, and server-generated directory index forbidden by Options directive, referer: binance.com
[Wed Dec 03 14:37:29.394037 2025] [:error] [pid 32309:tid 140082656810752] [client 194.163.171.108:60803] PHP Fatal error:  Call to a member function get_status() on null in /home/boxmealz/public_html/wp-content/plugins/contact-form-7/includes/contact-form.php on line 656, referer: https://www.boxedmealz.com/contact/
[Wed Dec 03 15:26:22.683374 2025] [:error] [pid 24205:tid 140082581276416] [client 5.252.55.178:60580] PHP Warning:  mysqli_query(): MySQL server has gone away in /home/boxmealz/public_html/wp-includes/wp-db.php on line 1942
[Wed Dec 03 15:26:22.683900 2025] [:error] [pid 24205:tid 140082581276416] [client 5.252.55.178:60580] PHP Warning:  mysqli_query(): Error reading result set's header in /home/boxmealz/public_html/wp-includes/wp-db.php on line 1942
[Wed Dec 03 15:26:22.697837 2025] [:error] [pid 24205:tid 140082606454528] [client 5.252.55.178:60575] PHP Warning:  mysqli_query(): MySQL server has gone away in /home/boxmealz/public_html/wp-includes/wp-db.php on line 1942, referer: www.google.com
[Wed Dec 03 15:26:22.698076 2025] [:error] [pid 24205:tid 140082606454528] [client 5.252.55.178:60575] PHP Warning:  mysqli_query(): Error reading result set's header in /home/boxmealz/public_html/wp-includes/wp-db.php on line 1942, referer: www.google.com
[Wed Dec 03 15:26:23.135464 2025] [:error] [pid 23898:tid 140082631632640] [client 5.252.55.178:60576] PHP Warning:  mysqli_query(): MySQL server has gone away in /home/boxmealz/public_html/wp-includes/wp-db.php on line 1942, referer: www.google.com
[Wed Dec 03 15:26:23.182265 2025] [:error] [pid 23898:tid 140082631632640] [client 5.252.55.178:60576] PHP Warning:  mysqli_query(): Error reading result set's header in /home/boxmealz/public_html/wp-includes/wp-db.php on line 1942, referer: www.google.com
[Wed Dec 03 15:26:23.209925 2025] [:error] [pid 24205:tid 140082798507776] [client 5.252.55.178:60577] PHP Warning:  Error while sending QUERY packet. PID=17554 in /home/boxmealz/public_html/wp-includes/wp-db.php on line 1942
[Wed Dec 03 16:11:43.551618 2025] [autoindex:error] [pid 32309:tid 140082790115072] [client 4.218.11.183:49010] AH01276: Cannot serve directory /home/boxmealz/public_html/wp-admin/js/: No matching DirectoryIndex (index.php,index.html.var,index.htm,index.html,index.shtml,index.xhtml,index.wml,index.perl,index.pl,index.plx,index.ppl,index.cgi,index.jsp,index.js,index.jp,index.php4,index.php3,index.phtml,default.htm,default.html,home.htm,index.php5,Default.html,Default.htm,home.html) found, and server-generated directory index forbidden by Options directive, referer: https://www.google.com/
[Wed Dec 03 16:12:27.103041 2025] [autoindex:error] [pid 24205:tid 140082614847232] [client 4.218.11.183:61778] AH01276: Cannot serve directory /home/boxmealz/public_html/wp-content/upgrade/: No matching DirectoryIndex (index.php,index.html.var,index.htm,index.html,index.shtml,index.xhtml,index.wml,index.perl,index.pl,index.plx,index.ppl,index.cgi,index.jsp,index.js,index.jp,index.php4,index.php3,index.phtml,default.htm,default.html,home.htm,index.php5,Default.html,Default.htm,home.html) found, and server-generated directory index forbidden by Options directive, referer: https://www.google.com/
[Wed Dec 03 16:12:27.437180 2025] [autoindex:error] [pid 32309:tid 140082631632640] [client 4.218.11.183:49010] AH01276: Cannot serve directory /home/boxmealz/public_html/wp-content/uploads/: No matching DirectoryIndex (index.php,index.html.var,index.htm,index.html,index.shtml,index.xhtml,index.wml,index.perl,index.pl,index.plx,index.ppl,index.cgi,index.jsp,index.js,index.jp,index.php4,index.php3,index.phtml,default.htm,default.html,home.htm,index.php5,Default.html,Default.htm,home.html) found, and server-generated directory index forbidden by Options directive, referer: https://www.google.com/
[Wed Dec 03 16:12:59.425437 2025] [autoindex:error] [pid 32309:tid 140082589669120] [client 4.218.11.183:49010] AH01276: Cannot serve directory /home/boxmealz/public_html/wp-includes/js/crop/: No matching DirectoryIndex (index.php,index.html.var,index.htm,index.html,index.shtml,index.xhtml,index.wml,index.perl,index.pl,index.plx,index.ppl,index.cgi,index.jsp,index.js,index.jp,index.php4,index.php3,index.phtml,default.htm,default.html,home.htm,index.php5,Default.html,Default.htm,home.html) found, and server-generated directory index forbidden by Options directive, referer: https://www.google.de/
[Wed Dec 03 16:12:59.752901 2025] [autoindex:error] [pid 32309:tid 140082690381568] [client 4.218.11.183:49010] AH01276: Cannot serve directory /home/boxmealz/public_html/wp-includes/pomo/: No matching DirectoryIndex (index.php,index.html.var,index.htm,index.html,index.shtml,index.xhtml,index.wml,index.perl,index.pl,index.plx,index.ppl,index.cgi,index.jsp,index.js,index.jp,index.php4,index.php3,index.phtml,default.htm,default.html,home.htm,index.php5,Default.html,Default.htm,home.html) found, and server-generated directory index forbidden by Options directive, referer: https://www.google.com/
[Wed Dec 03 16:13:18.868135 2025] [autoindex:error] [pid 32309:tid 140082564491008] [client 4.218.11.183:49010] AH01276: Cannot serve directory /home/boxmealz/public_html/wp-includes/theme-compat/: No matching DirectoryIndex (index.php,index.html.var,index.htm,index.html,index.shtml,index.xhtml,index.wml,index.perl,index.pl,index.plx,index.ppl,index.cgi,index.jsp,index.js,index.jp,index.php4,index.php3,index.phtml,default.htm,default.html,home.htm,index.php5,Default.html,Default.htm,home.html) found, and server-generated directory index forbidden by Options directive, referer: https://www.bing.com/
[Wed Dec 03 16:42:08.445843 2025] [:error] [pid 23898:tid 140082631632640] [client 43.159.143.139:46950] [client 43.159.143.139] ModSecurity: Access denied with code 403 (phase 2). Pattern match "\\\\b(keep-alive|close),\\\\s?(keep-alive|close)\\\\b" at REQUEST_HEADERS:Connection. [file "/usr/local/apache/modsecurity-owasp-old/base_rules/modsecurity_crs_20_protocol_violations.conf"] [line "447"] [id "958295"] [rev "2"] [msg "Multiple/Conflicting Connection Header Data Found."] [data "keep-alive, close"] [severity "WARNING"] [ver "OWASP_CRS/2.2.9"] [maturity "6"] [accuracy "8"] [tag "OWASP_CRS/PROTOCOL_VIOLATION/INVALID_HREQ"] [hostname "boxedmealz.com"] [uri "/"] [unique_id "aTCusLjP-vIDvIaXf2v4VQAAAQ8"]
[Wed Dec 03 17:42:45.286761 2025] [:error] [pid 24205:tid 140082648418048] [client 106.227.49.113:35418] [client 106.227.49.113] ModSecurity: Access denied with code 403 (phase 2). Pattern match "\\\\b(keep-alive|close),\\\\s?(keep-alive|close)\\\\b" at REQUEST_HEADERS:Connection. [file "/usr/local/apache/modsecurity-owasp-old/base_rules/modsecurity_crs_20_protocol_violations.conf"] [line "447"] [id "958295"] [rev "2"] [msg "Multiple/Conflicting Connection Header Data Found."] [data "keep-alive, close"] [severity "WARNING"] [ver "OWASP_CRS/2.2.9"] [maturity "6"] [accuracy "8"] [tag "OWASP_CRS/PROTOCOL_VIOLATION/INVALID_HREQ"] [hostname "boxedmealz.com"] [uri "/"] [unique_id "aTC85S0Xv9PT45FfEV68NQAAAU0"]
[Wed Dec 03 19:02:54.759893 2025] [:error] [pid 23898:tid 140082698774272] [client 49.51.183.84:37282] [client 49.51.183.84] ModSecurity: Access denied with code 403 (phase 2). Pattern match "\\\\b(keep-alive|close),\\\\s?(keep-alive|close)\\\\b" at REQUEST_HEADERS:Connection. [file "/usr/local/apache/modsecurity-owasp-old/base_rules/modsecurity_crs_20_protocol_violations.conf"] [line "447"] [id "958295"] [rev "2"] [msg "Multiple/Conflicting Connection Header Data Found."] [data "keep-alive, close"] [severity "WARNING"] [ver "OWASP_CRS/2.2.9"] [maturity "6"] [accuracy "8"] [tag "OWASP_CRS/PROTOCOL_VIOLATION/INVALID_HREQ"] [hostname "www.boxedmealz.com"] [uri "/"] [unique_id "aTDPrrjP-vIDvIaXf2v4ewAAAQc"]
[Wed Dec 03 19:36:46.070976 2025] [:error] [pid 32309:tid 140082556098304] (12)Cannot allocate memory: [client 51.75.23.120:48076] couldn't create child process: /usr/local/sbin/suphp for /home/boxmealz/public_html/index.php
[Wed Dec 03 19:36:55.849255 2025] [:error] [pid 31966:tid 140082673596160] [client 98.85.3.114:18559] PHP Warning:  mysqli_query(): MySQL server has gone away in /home/boxmealz/public_html/wp-includes/wp-db.php on line 1942
[Wed Dec 03 19:36:55.851298 2025] [:error] [pid 31966:tid 140082673596160] [client 98.85.3.114:18559] PHP Warning:  mysqli_query(): Error reading result set's header in /home/boxmealz/public_html/wp-includes/wp-db.php on line 1942
[Wed Dec 03 19:36:55.850878 2025] [:error] [pid 24205:tid 140082832078592] [client 198.23.224.203:58820] PHP Warning:  mysqli_query(): MySQL server has gone away in /home/boxmealz/public_html/wp-includes/wp-db.php on line 1942, referer: https://www.boxedmealz.com/wp-cron.php?doing_wp_cron=1764808573.7100470066070556640625
[Wed Dec 03 19:36:55.851500 2025] [:error] [pid 24205:tid 140082832078592] [client 198.23.224.203:58820] PHP Warning:  mysqli_query(): Error reading result set's header in /home/boxmealz/public_html/wp-includes/wp-db.php on line 1942, referer: https://www.boxedmealz.com/wp-cron.php?doing_wp_cron=1764808573.7100470066070556640625
[Wed Dec 03 19:36:55.855219 2025] [:error] [pid 23898:tid 140082648418048] [client 198.23.224.203:58822] PHP Warning:  mysqli_query(): MySQL server has gone away in /home/boxmealz/public_html/wp-includes/wp-db.php on line 1942, referer: https://www.boxedmealz.com/wp-cron.php?doing_wp_cron=1764808573.6936550140380859375000
[Wed Dec 03 19:36:55.855426 2025] [:error] [pid 23898:tid 140082648418048] [client 198.23.224.203:58822] PHP Warning:  mysqli_query(): Error reading result set's header in /home/boxmealz/public_html/wp-includes/wp-db.php on line 1942, referer: https://www.boxedmealz.com/wp-cron.php?doing_wp_cron=1764808573.6936550140380859375000
[Wed Dec 03 19:36:55.873890 2025] [:error] [pid 23898:tid 140082673596160] [client 98.85.3.114:42983] PHP Warning:  Error while sending QUERY packet. PID=31425 in /home/boxmealz/public_html/wp-includes/wp-db.php on line 1942
[Wed Dec 03 19:36:55.985868 2025] [:error] [pid 23898:tid 140082581276416] [client 98.85.3.114:11331] PHP Warning:  Error while sending QUERY packet. PID=31426 in /home/boxmealz/public_html/wp-includes/wp-db.php on line 1942
[Wed Dec 03 19:36:56.066760 2025] [:error] [pid 23898:tid 140082790115072] [client 98.85.3.114:55108] PHP Warning:  Error while sending QUERY packet. PID=31431 in /home/boxmealz/public_html/wp-includes/wp-db.php on line 1942
[Wed Dec 03 19:36:56.126643 2025] [:error] [pid 24205:tid 140082572883712] [client 98.85.3.114:31631] PHP Warning:  Error while sending QUERY packet. PID=31424 in /home/boxmealz/public_html/wp-includes/wp-db.php on line 1942
[Wed Dec 03 19:36:56.152653 2025] [:error] [pid 24205:tid 140082681988864] [client 198.23.224.203:58824] PHP Warning:  Error while sending QUERY packet. PID=31603 in /home/boxmealz/public_html/wp-includes/wp-db.php on line 1942, referer: https://www.boxedmealz.com/wp-cron.php?doing_wp_cron=1764808573.6700220108032226562500
[Wed Dec 03 23:08:34.293503 2025] [:error] [pid 24205:tid 140082673596160] [client 155.117.98.112:49263] [client 155.117.98.112] ModSecurity: Access denied with code 403 (phase 2). Pattern match "<\\\\?(?!xml)" at ARGS_NAMES:<?php echo md5(123456);?>. [file "/usr/local/apache/modsecurity-owasp-old/base_rules/modsecurity_crs_40_generic_attacks.conf"] [line "230"] [id "959151"] [rev "2"] [msg "PHP Injection Attack"] [severity "CRITICAL"] [ver "OWASP_CRS/2.2.9"] [maturity "9"] [accuracy "9"] [tag "OWASP_CRS/WEB_ATTACK/PHP_INJECTION"] [tag "WASCTC/WASC-15"] [tag "OWASP_TOP_10/A6"] [tag "PCI/6.5.2"] [tag "WASCTC/WASC-25"] [tag "OWASP_TOP_10/A1"] [tag "OWASP_AppSensor/CIE4"] [tag "PCI/6.5.2"] [hostname "www.boxedmealz.com"] [uri "/php-cgi/php-cgi.exe"] [unique_id "aTEJQi0Xv9PT45FfEV69BAAAAUo"]
[Wed Dec 03 23:08:37.754014 2025] [:error] [pid 32309:tid 140082606454528] [client 155.117.98.112:61819] [client 155.117.98.112] ModSecurity: Access denied with code 403 (phase 2). Pattern match "<\\\\?(?!xml)" at ARGS_NAMES:<?php echo md5(123456);?>. [file "/usr/local/apache/modsecurity-owasp-old/base_rules/modsecurity_crs_40_generic_attacks.conf"] [line "230"] [id "959151"] [rev "2"] [msg "PHP Injection Attack"] [severity "CRITICAL"] [ver "OWASP_CRS/2.2.9"] [maturity "9"] [accuracy "9"] [tag "OWASP_CRS/WEB_ATTACK/PHP_INJECTION"] [tag "WASCTC/WASC-15"] [tag "OWASP_TOP_10/A6"] [tag "PCI/6.5.2"] [tag "WASCTC/WASC-25"] [tag "OWASP_TOP_10/A1"] [tag "OWASP_AppSensor/CIE4"] [tag "PCI/6.5.2"] [hostname "www.boxedmealz.com"] [uri "/php-cgi/php-cgi.exe"] [unique_id "aTEJRcLiEMrLPwq5xs8wrQAAANI"]
[Wed Dec 03 23:08:42.834534 2025] [:error] [pid 23898:tid 140082564491008] [client 155.117.98.112:54792] [client 155.117.98.112] ModSecurity: Access denied with code 403 (phase 2). Pattern match "<\\\\?(?!xml)" at ARGS_NAMES:<?php echo md5(123456);?>. [file "/usr/local/apache/modsecurity-owasp-old/base_rules/modsecurity_crs_40_generic_attacks.conf"] [line "230"] [id "959151"] [rev "2"] [msg "PHP Injection Attack"] [severity "CRITICAL"] [ver "OWASP_CRS/2.2.9"] [maturity "9"] [accuracy "9"] [tag "OWASP_CRS/WEB_ATTACK/PHP_INJECTION"] [tag "WASCTC/WASC-15"] [tag "OWASP_TOP_10/A6"] [tag "PCI/6.5.2"] [tag "WASCTC/WASC-25"] [tag "OWASP_TOP_10/A1"] [tag "OWASP_AppSensor/CIE4"] [tag "PCI/6.5.2"] [hostname "www.boxedmealz.com"] [uri "/php-cgi/php-cgi.exe"] [unique_id "aTEJSrjP-vIDvIaXf2v4nwAAARc"]
[Wed Dec 03 23:56:46.103541 2025] [:error] [pid 24205:tid 140082598061824] [client 219.136.244.66:42082] PHP Warning:  mysqli_query(): (00000/0):  in /home/boxmealz/public_html/wp-includes/wp-db.php on line 1942
[Wed Dec 03 23:56:46.104040 2025] [:error] [pid 24205:tid 140082681988864] [client 14.116.236.191:37432] PHP Warning:  mysqli_query(): MySQL server has gone away in /home/boxmealz/public_html/wp-includes/wp-db.php on line 1942
[Wed Dec 03 23:56:46.104201 2025] [:error] [pid 24205:tid 140082598061824] [client 219.136.244.66:42082] PHP Warning:  Error while sending QUERY packet. PID=11090 in /home/boxmealz/public_html/wp-includes/wp-db.php on line 1942
[Wed Dec 03 23:56:46.104287 2025] [:error] [pid 24205:tid 140082681988864] [client 14.116.236.191:37432] PHP Warning:  mysqli_query(): Error reading result set's header in /home/boxmealz/public_html/wp-includes/wp-db.php on line 1942
[Wed Dec 03 23:56:46.104539 2025] [:error] [pid 24205:tid 140082798507776] [client 43.173.187.5:43248] PHP Warning:  Error while sending QUERY packet. PID=10877 in /home/boxmealz/public_html/wp-includes/wp-db.php on line 1942
[Wed Dec 03 23:56:46.104877 2025] [:error] [pid 24205:tid 140082656810752] [client 43.166.255.251:58862] PHP Warning:  Error while sending QUERY packet. PID=11085 in /home/boxmealz/public_html/wp-includes/wp-db.php on line 1942
[Wed Dec 03 23:56:46.103745 2025] [:error] [pid 24205:tid 140082640025344] [client 198.23.224.203:60208] PHP Warning:  mysqli_query(): MySQL server has gone away in /home/boxmealz/public_html/wp-includes/wp-db.php on line 1942, referer: https://www.boxedmealz.com/wp-cron.php?doing_wp_cron=1764824100.8598520755767822265625
[Wed Dec 03 23:56:46.105118 2025] [:error] [pid 24205:tid 140082640025344] [client 198.23.224.203:60208] PHP Warning:  mysqli_query(): Error reading result set's header in /home/boxmealz/public_html/wp-includes/wp-db.php on line 1942, referer: https://www.boxedmealz.com/wp-cron.php?doing_wp_cron=1764824100.8598520755767822265625
[Wed Dec 03 23:56:46.109937 2025] [:error] [pid 24205:tid 140082665203456] [client 117.135.136.51:58360] PHP Warning:  Error while sending QUERY packet. PID=10992 in /home/boxmealz/public_html/wp-includes/wp-db.php on line 1942
[Wed Dec 03 23:56:46.110698 2025] [:error] [pid 23898:tid 140082673596160] [client 43.173.187.152:55944] PHP Warning:  Error while sending QUERY packet. PID=11051 in /home/boxmealz/public_html/wp-includes/wp-db.php on line 1942, referer: http://www.boxedmealz.com/
[Wed Dec 03 23:56:46.149383 2025] [:error] [pid 32309:tid 140082556098304] [client 43.166.255.251:58846] PHP Warning:  Error while sending QUERY packet. PID=11037 in /home/boxmealz/public_html/wp-includes/wp-db.php on line 1942, referer: http://www.boxedmealz.com/
[Wed Dec 03 23:56:46.160286 2025] [:error] [pid 31966:tid 140082631632640] [client 111.206.96.236:47524] PHP Warning:  Error while sending QUERY packet. PID=11055 in /home/boxmealz/public_html/wp-includes/wp-db.php on line 1942, referer: http://www.boxedmealz.com/
[Wed Dec 03 23:56:46.175141 2025] [:error] [pid 24205:tid 140082564491008] [client 14.116.236.209:43350] PHP Warning:  Error while sending QUERY packet. PID=11066 in /home/boxmealz/public_html/wp-includes/wp-db.php on line 1942, referer: http://www.boxedmealz.com/
[Wed Dec 03 23:56:46.190817 2025] [:error] [pid 31968:tid 140082623239936] [client 120.204.13.124:35020] PHP Warning:  Error while sending QUERY packet. PID=11084 in /home/boxmealz/public_html/wp-includes/wp-db.php on line 1942
[Wed Dec 03 23:56:46.204439 2025] [:error] [pid 24205:tid 140082832078592] [client 111.206.96.211:33778] PHP Warning:  Error while sending QUERY packet. PID=10904 in /home/boxmealz/public_html/wp-includes/wp-db.php on line 1942
[Wed Dec 03 23:56:46.307214 2025] [:error] [pid 31966:tid 140082815293184] [client 117.135.136.51:58372] PHP Warning:  Error while sending QUERY packet. PID=11054 in /home/boxmealz/public_html/wp-includes/wp-db.php on line 1942, referer: http://www.boxedmealz.com/
[Wed Dec 03 23:56:46.434895 2025] [:error] [pid 24205:tid 140082690381568] [client 43.173.187.195:32880] PHP Warning:  Error while sending QUERY packet. PID=11083 in /home/boxmealz/public_html/wp-includes/wp-db.php on line 1942
[Wed Dec 03 23:56:46.481940 2025] [:error] [pid 24205:tid 140082631632640] [client 111.206.96.139:41452] PHP Warning:  Error while sending QUERY packet. PID=11081 in /home/boxmealz/public_html/wp-includes/wp-db.php on line 1942
[Thu Dec 04 00:10:07.438253 2025] [autoindex:error] [pid 31968:tid 140082707166976] [client 52.169.206.229:12920] AH01276: Cannot serve directory /home/boxmealz/public_html/wp-admin/css/colors/blue/: No matching DirectoryIndex (index.php,index.html.var,index.htm,index.html,index.shtml,index.xhtml,index.wml,index.perl,index.pl,index.plx,index.ppl,index.cgi,index.jsp,index.js,index.jp,index.php4,index.php3,index.phtml,default.htm,default.html,home.htm,index.php5,Default.html,Default.htm,home.html) found, and server-generated directory index forbidden by Options directive
[Thu Dec 04 00:13:31.725961 2025] [autoindex:error] [pid 24205:tid 140082665203456] [client 52.169.206.229:13830] AH01276: Cannot serve directory /home/boxmealz/public_html/wp-admin/maint/: No matching DirectoryIndex (index.php,index.html.var,index.htm,index.html,index.shtml,index.xhtml,index.wml,index.perl,index.pl,index.plx,index.ppl,index.cgi,index.jsp,index.js,index.jp,index.php4,index.php3,index.phtml,default.htm,default.html,home.htm,index.php5,Default.html,Default.htm,home.html) found, and server-generated directory index forbidden by Options directive
[Thu Dec 04 00:13:47.805100 2025] [:error] [pid 23898:tid 140082606454528] [client 52.169.206.229:16118] File does not exist: /usr/local/apache/autossl_tmp/.well-known/acme-challenge/index.php
[Thu Dec 04 00:14:00.936718 2025] [autoindex:error] [pid 24205:tid 140082698774272] [client 52.169.206.229:13830] AH01276: Cannot serve directory /home/boxmealz/public_html/wp-admin/js/: No matching DirectoryIndex (index.php,index.html.var,index.htm,index.html,index.shtml,index.xhtml,index.wml,index.perl,index.pl,index.plx,index.ppl,index.cgi,index.jsp,index.js,index.jp,index.php4,index.php3,index.phtml,default.htm,default.html,home.htm,index.php5,Default.html,Default.htm,home.html) found, and server-generated directory index forbidden by Options directive
