[Sat Dec 06 01:01:03.853817 2025] [:error] [pid 27008:tid 140616818190080] [client 3.83.175.228:50240] [client 3.83.175.228] ModSecurity: Access denied with code 403 (phase 2). String match within ".asa/ .asax/ .ascx/ .axd/ .backup/ .bak/ .bat/ .cdx/ .cer/ .cfg/ .cmd/ .com/ .config/ .conf/ .cs/ .csproj/ .csr/ .dat/ .db/ .dbf/ .dll/ .dos/ .htr/ .htw/ .ida/ .idc/ .idq/ .inc/ .ini/ .key/ .licx/ .lnk/ .log/ .mdb/ .old/ .pass/ .pdb/ .pol/ .printer/ .pwd/ .resources/ .resx/ .sql/ .sys/ .vb/ .vbs/ .vbproj/ .vsdisco/ .webinfo/ .xsd/ .xsx/" at TX:extension. [file "/usr/local/apache/modsecurity-owasp-old/base_rules/modsecurity_crs_30_http_policy.conf"] [line "88"] [id "960035"] [rev "2"] [msg "URL file extension is restricted by policy"] [data ".sql"] [severity "CRITICAL"] [ver "OWASP_CRS/2.2.9"] [maturity "9"] [accuracy "9"] [tag "OWASP_CRS/POLICY/EXT_RESTRICTED"] [tag "WASCTC/WASC-15"] [tag "OWASP_TOP_10/A7"] [tag "PCI/6.5.10"] [hostname "boxedmealz.com"] [uri "/db_backup.sql"] [unique_id "aTPGn2q3Zqd0EDqOQ5sQWgAAAA8"]
[Sat Dec 06 01:01:40.571181 2025] [:error] [pid 27008:tid 140616860153600] [client 3.83.175.228:50240] [client 3.83.175.228] ModSecurity: Access denied with code 403 (phase 2). String match within ".asa/ .asax/ .ascx/ .axd/ .backup/ .bak/ .bat/ .cdx/ .cer/ .cfg/ .cmd/ .com/ .config/ .conf/ .cs/ .csproj/ .csr/ .dat/ .db/ .dbf/ .dll/ .dos/ .htr/ .htw/ .ida/ .idc/ .idq/ .inc/ .ini/ .key/ .licx/ .lnk/ .log/ .mdb/ .old/ .pass/ .pdb/ .pol/ .printer/ .pwd/ .resources/ .resx/ .sql/ .sys/ .vb/ .vbs/ .vbproj/ .vsdisco/ .webinfo/ .xsd/ .xsx/" at TX:extension. [file "/usr/local/apache/modsecurity-owasp-old/base_rules/modsecurity_crs_30_http_policy.conf"] [line "88"] [id "960035"] [rev "2"] [msg "URL file extension is restricted by policy"] [data ".log"] [severity "CRITICAL"] [ver "OWASP_CRS/2.2.9"] [maturity "9"] [accuracy "9"] [tag "OWASP_CRS/POLICY/EXT_RESTRICTED"] [tag "WASCTC/WASC-15"] [tag "OWASP_TOP_10/A7"] [tag "PCI/6.5.10"] [hostname "boxedmealz.com"] [uri "/php_error.log"] [unique_id "aTPGxGq3Zqd0EDqOQ5sQpgAAAAo"]
[Sat Dec 06 01:02:01.714502 2025] [:error] [pid 27008:tid 140616995202816] [client 3.83.175.228:50240] [client 3.83.175.228] ModSecurity: Access denied with code 403 (phase 2). String match within ".asa/ .asax/ .ascx/ .axd/ .backup/ .bak/ .bat/ .cdx/ .cer/ .cfg/ .cmd/ .com/ .config/ .conf/ .cs/ .csproj/ .csr/ .dat/ .db/ .dbf/ .dll/ .dos/ .htr/ .htw/ .ida/ .idc/ .idq/ .inc/ .ini/ .key/ .licx/ .lnk/ .log/ .mdb/ .old/ .pass/ .pdb/ .pol/ .printer/ .pwd/ .resources/ .resx/ .sql/ .sys/ .vb/ .vbs/ .vbproj/ .vsdisco/ .webinfo/ .xsd/ .xsx/" at TX:extension. [file "/usr/local/apache/modsecurity-owasp-old/base_rules/modsecurity_crs_30_http_policy.conf"] [line "88"] [id "960035"] [rev "2"] [msg "URL file extension is restricted by policy"] [data ".log"] [severity "CRITICAL"] [ver "OWASP_CRS/2.2.9"] [maturity "9"] [accuracy "9"] [tag "OWASP_CRS/POLICY/EXT_RESTRICTED"] [tag "WASCTC/WASC-15"] [tag "OWASP_TOP_10/A7"] [tag "PCI/6.5.10"] [hostname "boxedmealz.com"] [uri "/errors.log"] [unique_id "aTPG2Wq3Zqd0EDqOQ5sQkAAAAAI"]
[Sat Dec 06 01:02:03.736088 2025] [:error] [pid 27008:tid 140616893724416] [client 3.83.175.228:50240] [client 3.83.175.228] ModSecurity: Access denied with code 403 (phase 2). String match within ".asa/ .asax/ .ascx/ .axd/ .backup/ .bak/ .bat/ .cdx/ .cer/ .cfg/ .cmd/ .com/ .config/ .conf/ .cs/ .csproj/ .csr/ .dat/ .db/ .dbf/ .dll/ .dos/ .htr/ .htw/ .ida/ .idc/ .idq/ .inc/ .ini/ .key/ .licx/ .lnk/ .log/ .mdb/ .old/ .pass/ .pdb/ .pol/ .printer/ .pwd/ .resources/ .resx/ .sql/ .sys/ .vb/ .vbs/ .vbproj/ .vsdisco/ .webinfo/ .xsd/ .xsx/" at TX:extension. [file "/usr/local/apache/modsecurity-owasp-old/base_rules/modsecurity_crs_30_http_policy.conf"] [line "88"] [id "960035"] [rev "2"] [msg "URL file extension is restricted by policy"] [data ".log"] [severity "CRITICAL"] [ver "OWASP_CRS/2.2.9"] [maturity "9"] [accuracy "9"] [tag "OWASP_CRS/POLICY/EXT_RESTRICTED"] [tag "WASCTC/WASC-15"] [tag "OWASP_TOP_10/A7"] [tag "PCI/6.5.10"] [hostname "boxedmealz.com"] [uri "/logs/application.log"] [unique_id "aTPG22q3Zqd0EDqOQ5sQUAAAAAY"]
[Sat Dec 06 01:02:03.771981 2025] [:error] [pid 27008:tid 140617011988224] [client 3.83.175.228:50240] [client 3.83.175.228] ModSecurity: Access denied with code 403 (phase 2). String match within ".asa/ .asax/ .ascx/ .axd/ .backup/ .bak/ .bat/ .cdx/ .cer/ .cfg/ .cmd/ .com/ .config/ .conf/ .cs/ .csproj/ .csr/ .dat/ .db/ .dbf/ .dll/ .dos/ .htr/ .htw/ .ida/ .idc/ .idq/ .inc/ .ini/ .key/ .licx/ .lnk/ .log/ .mdb/ .old/ .pass/ .pdb/ .pol/ .printer/ .pwd/ .resources/ .resx/ .sql/ .sys/ .vb/ .vbs/ .vbproj/ .vsdisco/ .webinfo/ .xsd/ .xsx/" at TX:extension. [file "/usr/local/apache/modsecurity-owasp-old/base_rules/modsecurity_crs_30_http_policy.conf"] [line "88"] [id "960035"] [rev "2"] [msg "URL file extension is restricted by policy"] [data ".log"] [severity "CRITICAL"] [ver "OWASP_CRS/2.2.9"] [maturity "9"] [accuracy "9"] [tag "OWASP_CRS/POLICY/EXT_RESTRICTED"] [tag "WASCTC/WASC-15"] [tag "OWASP_TOP_10/A7"] [tag "PCI/6.5.10"] [hostname "boxedmealz.com"] [uri "/app/logs/dev.log"] [unique_id "aTPG22q3Zqd0EDqOQ5sQVwAAAAA"]
[Sat Dec 06 01:02:03.807874 2025] [:error] [pid 27008:tid 140616834975488] [client 3.83.175.228:50240] [client 3.83.175.228] ModSecurity: Access denied with code 403 (phase 2). String match within ".asa/ .asax/ .ascx/ .axd/ .backup/ .bak/ .bat/ .cdx/ .cer/ .cfg/ .cmd/ .com/ .config/ .conf/ .cs/ .csproj/ .csr/ .dat/ .db/ .dbf/ .dll/ .dos/ .htr/ .htw/ .ida/ .idc/ .idq/ .inc/ .ini/ .key/ .licx/ .lnk/ .log/ .mdb/ .old/ .pass/ .pdb/ .pol/ .printer/ .pwd/ .resources/ .resx/ .sql/ .sys/ .vb/ .vbs/ .vbproj/ .vsdisco/ .webinfo/ .xsd/ .xsx/" at TX:extension. [file "/usr/local/apache/modsecurity-owasp-old/base_rules/modsecurity_crs_30_http_policy.conf"] [line "88"] [id "960035"] [rev "2"] [msg "URL file extension is restricted by policy"] [data ".log"] [severity "CRITICAL"] [ver "OWASP_CRS/2.2.9"] [maturity "9"] [accuracy "9"] [tag "OWASP_CRS/POLICY/EXT_RESTRICTED"] [tag "WASCTC/WASC-15"] [tag "OWASP_TOP_10/A7"] [tag "PCI/6.5.10"] [hostname "boxedmealz.com"] [uri "/app/logs/prod.log"] [unique_id "aTPG22q3Zqd0EDqOQ5sQUwAAAA0"]
[Sat Dec 06 01:02:03.844042 2025] [:error] [pid 27008:tid 140616978417408] [client 3.83.175.228:50240] [client 3.83.175.228] ModSecurity: Access denied with code 403 (phase 2). String match within ".asa/ .asax/ .ascx/ .axd/ .backup/ .bak/ .bat/ .cdx/ .cer/ .cfg/ .cmd/ .com/ .config/ .conf/ .cs/ .csproj/ .csr/ .dat/ .db/ .dbf/ .dll/ .dos/ .htr/ .htw/ .ida/ .idc/ .idq/ .inc/ .ini/ .key/ .licx/ .lnk/ .log/ .mdb/ .old/ .pass/ .pdb/ .pol/ .printer/ .pwd/ .resources/ .resx/ .sql/ .sys/ .vb/ .vbs/ .vbproj/ .vsdisco/ .webinfo/ .xsd/ .xsx/" at TX:extension. [file "/usr/local/apache/modsecurity-owasp-old/base_rules/modsecurity_crs_30_http_policy.conf"] [line "88"] [id "960035"] [rev "2"] [msg "URL file extension is restricted by policy"] [data ".db"] [severity "CRITICAL"] [ver "OWASP_CRS/2.2.9"] [maturity "9"] [accuracy "9"] [tag "OWASP_CRS/POLICY/EXT_RESTRICTED"] [tag "WASCTC/WASC-15"] [tag "OWASP_TOP_10/A7"] [tag "PCI/6.5.10"] [hostname "boxedmealz.com"] [uri "/Thumbs.db"] [unique_id "aTPG22q3Zqd0EDqOQ5sQZAAAAAQ"]
[Sat Dec 06 01:03:08.008507 2025] [:error] [pid 27008:tid 140616826582784] [client 3.83.175.228:38200] PHP Warning:  phpinfo(): It is not safe to rely on the system's timezone settings. You are *required* to use the date.timezone setting or the date_default_timezone_set() function. In case you used any of those methods and you are still getting this warning, you most likely misspelled the timezone identifier. We selected the timezone 'UTC' for now, but please set date.timezone to select your timezone. in /home/boxmealz/public_html/php-info.php on line 3
[Sat Dec 06 01:03:08.010821 2025] [:error] [pid 27008:tid 140616826582784] [client 3.83.175.228:38200] PHP Warning:  phpinfo(): It is not safe to rely on the system's timezone settings. You are *required* to use the date.timezone setting or the date_default_timezone_set() function. In case you used any of those methods and you are still getting this warning, you most likely misspelled the timezone identifier. We selected the timezone 'UTC' for now, but please set date.timezone to select your timezone. in /home/boxmealz/public_html/php-info.php on line 5
[Sat Dec 06 03:29:13.852622 2025] [:error] [pid 27520:tid 140380980856576] [client 77.88.9.1:45164] PHP Warning:  mysqli_query(): MySQL server has gone away in /home/boxmealz/public_html/wp-includes/wp-db.php on line 1942
[Sat Dec 06 03:29:13.853840 2025] [:error] [pid 27520:tid 140380980856576] [client 77.88.9.1:45164] PHP Warning:  mysqli_query(): Error reading result set's header in /home/boxmealz/public_html/wp-includes/wp-db.php on line 1942
[Sat Dec 06 03:29:13.863563 2025] [:error] [pid 27520:tid 140381073176320] [client 87.250.224.203:61524] PHP Warning:  Error while sending QUERY packet. PID=30634 in /home/boxmealz/public_html/wp-includes/wp-db.php on line 1942
[Sat Dec 06 03:29:13.981432 2025] [:error] [pid 27397:tid 140380972463872] [client 95.108.213.250:45488] PHP Warning:  Error while sending QUERY packet. PID=30545 in /home/boxmealz/public_html/wp-includes/wp-db.php on line 1942
[Sat Dec 06 03:29:15.085684 2025] [:error] [pid 27520:tid 140381176366848] [client 95.108.213.243:60550] PHP Warning:  Error while sending QUERY packet. PID=30638 in /home/boxmealz/public_html/wp-includes/wp-db.php on line 1942
[Sat Dec 06 03:29:15.247094 2025] [:error] [pid 27520:tid 140380997641984] [client 5.255.231.153:62204] PHP Warning:  Error while sending QUERY packet. PID=30652 in /home/boxmealz/public_html/wp-includes/wp-db.php on line 1942
[Sat Dec 06 03:29:15.822286 2025] [:error] [pid 27520:tid 140380922107648] [client 87.250.224.41:55622] PHP Warning:  Error while sending QUERY packet. PID=30551 in /home/boxmealz/public_html/wp-includes/wp-db.php on line 1942
[Sat Dec 06 03:29:16.092715 2025] [:error] [pid 27520:tid 140381031212800] [client 141.8.143.1:54876] PHP Warning:  Error while sending QUERY packet. PID=30615 in /home/boxmealz/public_html/wp-includes/wp-db.php on line 1942
[Sat Dec 06 03:29:16.113157 2025] [:error] [pid 27520:tid 140381039605504] [client 77.88.9.129:50332] PHP Warning:  Error while sending QUERY packet. PID=30549 in /home/boxmealz/public_html/wp-includes/wp-db.php on line 1942
[Sat Dec 06 03:29:16.120657 2025] [:error] [pid 16489:tid 140380980856576] [client 95.108.213.159:40492] PHP Warning:  Error while sending QUERY packet. PID=30552 in /home/boxmealz/public_html/wp-includes/wp-db.php on line 1942
[Sat Dec 06 03:29:16.909336 2025] [:error] [pid 27520:tid 140380955678464] [client 87.250.233.1:41510] PHP Warning:  Error while sending QUERY packet. PID=30614 in /home/boxmealz/public_html/wp-includes/wp-db.php on line 1942
[Sat Dec 06 03:29:17.019006 2025] [:error] [pid 27520:tid 140381047998208] [client 213.180.203.220:37538] PHP Warning:  Error while sending QUERY packet. PID=30639 in /home/boxmealz/public_html/wp-includes/wp-db.php on line 1942
[Sat Dec 06 03:29:17.533630 2025] [:error] [pid 27396:tid 140380989249280] [client 5.255.251.134:63810] PHP Warning:  Error while sending QUERY packet. PID=30550 in /home/boxmealz/public_html/wp-includes/wp-db.php on line 1942
[Sat Dec 06 03:29:17.545896 2025] [:error] [pid 27520:tid 140380972463872] [client 77.88.47.4:33714] PHP Warning:  Error while sending QUERY packet. PID=30590 in /home/boxmealz/public_html/wp-includes/wp-db.php on line 1942
[Sat Dec 06 03:29:24.085637 2025] [:error] [pid 27397:tid 140380972463872] [client 95.108.213.250:45488] PHP Warning:  Cannot modify header information - headers already sent by (output started at /home/boxmealz/public_html/wp-includes/functions.php:3774) in /home/boxmealz/public_html/wp-includes/functions.php on line 3813
[Sat Dec 06 03:29:27.554850 2025] [:error] [pid 27396:tid 140380989249280] [client 5.255.251.134:63810] PHP Warning:  Cannot modify header information - headers already sent by (output started at /home/boxmealz/public_html/wp-includes/functions.php:3774) in /home/boxmealz/public_html/wp-includes/functions.php on line 3813
[Sat Dec 06 03:29:27.555285 2025] [:error] [pid 27520:tid 140380972463872] [client 77.88.47.4:33714] PHP Warning:  Cannot modify header information - headers already sent by (output started at /home/boxmealz/public_html/wp-includes/functions.php:3774) in /home/boxmealz/public_html/wp-includes/functions.php on line 3813
[Sat Dec 06 03:36:16.543138 2025] [autoindex:error] [pid 27520:tid 140380938893056] [client 75.119.143.158:59733] AH01276: Cannot serve directory /home/boxmealz/public_html/wp-admin/css/: No matching DirectoryIndex (index.php,index.html.var,index.htm,index.html,index.shtml,index.xhtml,index.wml,index.perl,index.pl,index.plx,index.ppl,index.cgi,index.jsp,index.js,index.jp,index.php4,index.php3,index.phtml,default.htm,default.html,home.htm,index.php5,Default.html,Default.htm,home.html) found, and server-generated directory index forbidden by Options directive, referer: binance.com
[Sat Dec 06 03:47:08.216907 2025] [:error] [pid 27520:tid 140381167974144] [client 182.40.104.255:37704] [client 182.40.104.255] ModSecurity: Access denied with code 403 (phase 2). Pattern match "\\\\b(keep-alive|close),\\\\s?(keep-alive|close)\\\\b" at REQUEST_HEADERS:Connection. [file "/usr/local/apache/modsecurity-owasp-old/base_rules/modsecurity_crs_20_protocol_violations.conf"] [line "447"] [id "958295"] [rev "2"] [msg "Multiple/Conflicting Connection Header Data Found."] [data "keep-alive, close"] [severity "WARNING"] [ver "OWASP_CRS/2.2.9"] [maturity "6"] [accuracy "8"] [tag "OWASP_CRS/PROTOCOL_VIOLATION/INVALID_HREQ"] [hostname "www.boxedmealz.com"] [uri "/"] [unique_id "aTPtjMVb5b1MJHFI4-zK-wAAAMM"]
[Sat Dec 06 04:35:54.865189 2025] [:error] [pid 27520:tid 140381176366848] [client 112.121.183.94:50321] [client 112.121.183.94] ModSecurity: Access denied with code 403 (phase 2). Pattern match "(?i)(?:\\\\x5c|(?:%(?:2(?:5(?:2f|5c)|%46|f)|c(?:0%(?:9v|af)|1%1c)|u(?:221[56]|002f)|%32(?:%46|F)|e0%80%af|1u|5c)|\\\\/))(?:%(?:2(?:(?:52)?e|%45)|(?:e0%8|c)0%ae|u(?:002e|2024)|%32(?:%45|E))|\\\\.){2}(?:\\\\x5c|(?:%(?:2(?:5(?:2f|5c)|%46|f)|c(?:0%(?:9v|af)|1%1c)| ..." at REQUEST_URI. [file "/usr/local/apache/modsecurity-owasp-old/base_rules/modsecurity_crs_42_tight_security.conf"] [line "20"] [id "950103"] [rev "2"] [msg "Path Traversal Attack"] [data "Matched Data: /../ found within REQUEST_URI: /index/ajax/lang?lang=..//..//application/database"] [severity "CRITICAL"] [ver "OWASP_CRS/2.2.9"] [maturity "9"] [accuracy "7"] [tag "OWASP_CRS/WEB_ATTACK/DIR_TRAVERSAL"] [hostname "boxedmealz.com"] [uri "/index/ajax/lang"] [unique_id "aTP4-sVb5b1MJHFI4-zL3QAAAMI"]
[Sat Dec 06 04:37:35.867176 2025] [:error] [pid 27520:tid 140380997641984] [client 112.121.183.94:60564] [client 112.121.183.94] ModSecurity: Access denied with code 403 (phase 2). Pattern match "(?i)(?:\\\\x5c|(?:%(?:2(?:5(?:2f|5c)|%46|f)|c(?:0%(?:9v|af)|1%1c)|u(?:221[56]|002f)|%32(?:%46|F)|e0%80%af|1u|5c)|\\\\/))(?:%(?:2(?:(?:52)?e|%45)|(?:e0%8|c)0%ae|u(?:002e|2024)|%32(?:%45|E))|\\\\.){2}(?:\\\\x5c|(?:%(?:2(?:5(?:2f|5c)|%46|f)|c(?:0%(?:9v|af)|1%1c)| ..." at REQUEST_URI. [file "/usr/local/apache/modsecurity-owasp-old/base_rules/modsecurity_crs_42_tight_security.conf"] [line "20"] [id "950103"] [rev "2"] [msg "Path Traversal Attack"] [data "Matched Data: /../ found within REQUEST_URI: /index/ajax/lang?lang=..//..//application/database"] [severity "CRITICAL"] [ver "OWASP_CRS/2.2.9"] [maturity "9"] [accuracy "7"] [tag "OWASP_CRS/WEB_ATTACK/DIR_TRAVERSAL"] [hostname "boxedmealz.com"] [uri "/index/ajax/lang"] [unique_id "aTP5X8Vb5b1MJHFI4-zLsQAAAM8"]
[Sat Dec 06 05:44:36.551934 2025] [:error] [pid 27397:tid 140381056390912] [client 43.135.182.43:49076] [client 43.135.182.43] ModSecurity: Access denied with code 403 (phase 2). Pattern match "\\\\b(keep-alive|close),\\\\s?(keep-alive|close)\\\\b" at REQUEST_HEADERS:Connection. [file "/usr/local/apache/modsecurity-owasp-old/base_rules/modsecurity_crs_20_protocol_violations.conf"] [line "447"] [id "958295"] [rev "2"] [msg "Multiple/Conflicting Connection Header Data Found."] [data "keep-alive, close"] [severity "WARNING"] [ver "OWASP_CRS/2.2.9"] [maturity "6"] [accuracy "8"] [tag "OWASP_CRS/PROTOCOL_VIOLATION/INVALID_HREQ"] [hostname "boxedmealz.com"] [uri "/"] [unique_id "aTQJFN2ZxB62VDveOyLlwAAAAEg"]
[Sat Dec 06 06:58:09.894423 2025] [:error] [pid 27397:tid 140380989249280] [client 146.103.107.252:56771] [client 146.103.107.252] ModSecurity: Access denied with code 403 (phase 2). Pattern match "(?i:(?:\\\\A|[^\\\\d])0x[a-f\\\\d]{3,}[a-f\\\\d]*)+" at REQUEST_COOKIES:irld. [file "/usr/local/apache/modsecurity-owasp-old/base_rules/modsecurity_crs_41_sql_injection_attacks.conf"] [line "55"] [id "981260"] [rev "2"] [msg "SQL Hex Encoding Identified"] [data "Matched Data: w0x0f9 found within REQUEST_COOKIES:irld: Lw0x0f9RDHRygwFY2vi3Qf3UDTsd0H-Q37xvqRcCw9mSXNRLV"] [severity "CRITICAL"] [ver "OWASP_CRS/2.2.9"] [maturity "8"] [accuracy "8"] [tag "OWASP_CRS/WEB_ATTACK/SQL_INJECTION"] [tag "WASCTC/WASC-19"] [tag "OWASP_TOP_10/A1"] [tag "OWASP_AppSensor/CIE1"] [tag "PCI/6.5.2"] [hostname "www.boxedmealz.com"] [uri "/deals/sun-basket-family-dinner-50-off-promo/"] [unique_id "aTQaUd2ZxB62VDveOyLmmgAAAFA"], referer: https://www.boxedmealz.com/deals/sun-basket-family-dinner-50-off-promo/
[Sat Dec 06 06:58:10.399832 2025] [:error] [pid 27397:tid 140380964071168] [client 146.103.107.252:56789] [client 146.103.107.252] ModSecurity: Access denied with code 403 (phase 2). Pattern match "(?i:(?:\\\\A|[^\\\\d])0x[a-f\\\\d]{3,}[a-f\\\\d]*)+" at REQUEST_COOKIES:irld. [file "/usr/local/apache/modsecurity-owasp-old/base_rules/modsecurity_crs_41_sql_injection_attacks.conf"] [line "55"] [id "981260"] [rev "2"] [msg "SQL Hex Encoding Identified"] [data "Matched Data: w0x0f9 found within REQUEST_COOKIES:irld: Lw0x0f9RDHRygwFY2vi3Qf3UDTsd0H-Q37xvqRcCw9mSXNRLV"] [severity "CRITICAL"] [ver "OWASP_CRS/2.2.9"] [maturity "8"] [accuracy "8"] [tag "OWASP_CRS/WEB_ATTACK/SQL_INJECTION"] [tag "WASCTC/WASC-19"] [tag "OWASP_TOP_10/A1"] [tag "OWASP_AppSensor/CIE1"] [tag "PCI/6.5.2"] [hostname "www.boxedmealz.com"] [uri "/"] [unique_id "aTQaUt2ZxB62VDveOyLmogAAAFM"], referer: https://www.boxedmealz.com/deals/sun-basket-family-dinner-50-off-promo/
[Sat Dec 06 07:18:05.811540 2025] [ssl:error] [pid 27397:tid 140380964071168] [client 139.59.177.211:59640] AH02032: Hostname www.healthandwellnesschiropractic.net provided via SNI and hostname boxedmealz.com provided via HTTP have no compatible SSL setup
[Sat Dec 06 07:50:36.649088 2025] [:error] [pid 27397:tid 140381014427392] [client 124.156.225.181:43198] [client 124.156.225.181] ModSecurity: Access denied with code 403 (phase 2). Pattern match "\\\\b(keep-alive|close),\\\\s?(keep-alive|close)\\\\b" at REQUEST_HEADERS:Connection. [file "/usr/local/apache/modsecurity-owasp-old/base_rules/modsecurity_crs_20_protocol_violations.conf"] [line "447"] [id "958295"] [rev "2"] [msg "Multiple/Conflicting Connection Header Data Found."] [data "keep-alive, close"] [severity "WARNING"] [ver "OWASP_CRS/2.2.9"] [maturity "6"] [accuracy "8"] [tag "OWASP_CRS/PROTOCOL_VIOLATION/INVALID_HREQ"] [hostname "www.boxedmealz.com"] [uri "/"] [unique_id "aTQmnN2ZxB62VDveOyLnNAAAAE0"]
[Sat Dec 06 09:28:34.571725 2025] [:error] [pid 27397:tid 140380964071168] [client 172.190.142.176:46246] File does not exist: /usr/local/apache/autossl_tmp/.well-known/acme-challenge/about.php
[Sat Dec 06 09:31:39.339701 2025] [autoindex:error] [pid 27397:tid 140381151188736] [client 172.190.142.176:62251] AH01276: Cannot serve directory /home/boxmealz/public_html/wp-content/uploads/: No matching DirectoryIndex (index.php,index.html.var,index.htm,index.html,index.shtml,index.xhtml,index.wml,index.perl,index.pl,index.plx,index.ppl,index.cgi,index.jsp,index.js,index.jp,index.php4,index.php3,index.phtml,default.htm,default.html,home.htm,index.php5,Default.html,Default.htm,home.html) found, and server-generated directory index forbidden by Options directive
[Sat Dec 06 09:34:25.431031 2025] [autoindex:error] [pid 27698:tid 140380930500352] [client 172.190.142.176:30720] AH01276: Cannot serve directory /home/boxmealz/public_html/wp-content/upgrade/: No matching DirectoryIndex (index.php,index.html.var,index.htm,index.html,index.shtml,index.xhtml,index.wml,index.perl,index.pl,index.plx,index.ppl,index.cgi,index.jsp,index.js,index.jp,index.php4,index.php3,index.phtml,default.htm,default.html,home.htm,index.php5,Default.html,Default.htm,home.html) found, and server-generated directory index forbidden by Options directive
[Sat Dec 06 09:35:54.513588 2025] [autoindex:error] [pid 27698:tid 140380972463872] [client 172.190.142.176:30720] AH01276: Cannot serve directory /home/boxmealz/public_html/wp-admin/maint/: No matching DirectoryIndex (index.php,index.html.var,index.htm,index.html,index.shtml,index.xhtml,index.wml,index.perl,index.pl,index.plx,index.ppl,index.cgi,index.jsp,index.js,index.jp,index.php4,index.php3,index.phtml,default.htm,default.html,home.htm,index.php5,Default.html,Default.htm,home.html) found, and server-generated directory index forbidden by Options directive
[Sat Dec 06 10:01:59.206218 2025] [:error] [pid 27670:tid 140380947285760] [client 110.166.71.39:60606] [client 110.166.71.39] ModSecurity: Access denied with code 403 (phase 2). Pattern match "\\\\b(keep-alive|close),\\\\s?(keep-alive|close)\\\\b" at REQUEST_HEADERS:Connection. [file "/usr/local/apache/modsecurity-owasp-old/base_rules/modsecurity_crs_20_protocol_violations.conf"] [line "447"] [id "958295"] [rev "2"] [msg "Multiple/Conflicting Connection Header Data Found."] [data "keep-alive, close"] [severity "WARNING"] [ver "OWASP_CRS/2.2.9"] [maturity "6"] [accuracy "8"] [tag "OWASP_CRS/PROTOCOL_VIOLATION/INVALID_HREQ"] [hostname "boxedmealz.com"] [uri "/"] [unique_id "aTRFZ2dCdXyvNoiknQ5k8wAAAhU"]
[Sat Dec 06 10:12:29.967878 2025] [:error] [pid 27397:tid 140380922107648] [client 4.196.110.44:42249] File does not exist: /usr/local/apache/autossl_tmp/.well-known/acme-challenge/file.php, referer: https://duckduckgo.com/
[Sat Dec 06 10:12:30.159052 2025] [:error] [pid 27397:tid 140380972463872] [client 4.196.110.44:42249] File does not exist: /usr/local/apache/autossl_tmp/.well-known/acme-challenge/wp-login.php, referer: https://duckduckgo.com/
[Sat Dec 06 10:12:30.344655 2025] [:error] [pid 27397:tid 140381184759552] [client 4.196.110.44:42249] File does not exist: /usr/local/apache/autossl_tmp/.well-known/acme-challenge/index.php, referer: https://www.google.com/
[Sat Dec 06 10:17:32.506877 2025] [autoindex:error] [pid 27397:tid 140380938893056] [client 4.196.110.44:18443] AH01276: Cannot serve directory /home/boxmealz/public_html/wp-admin/images/: No matching DirectoryIndex (index.php,index.html.var,index.htm,index.html,index.shtml,index.xhtml,index.wml,index.perl,index.pl,index.plx,index.ppl,index.cgi,index.jsp,index.js,index.jp,index.php4,index.php3,index.phtml,default.htm,default.html,home.htm,index.php5,Default.html,Default.htm,home.html) found, and server-generated directory index forbidden by Options directive, referer: https://duckduckgo.com/
[Sat Dec 06 10:17:35.833857 2025] [autoindex:error] [pid 27397:tid 140380989249280] [client 4.196.110.44:18443] AH01276: Cannot serve directory /home/boxmealz/public_html/wp-admin/includes/: No matching DirectoryIndex (index.php,index.html.var,index.htm,index.html,index.shtml,index.xhtml,index.wml,index.perl,index.pl,index.plx,index.ppl,index.cgi,index.jsp,index.js,index.jp,index.php4,index.php3,index.phtml,default.htm,default.html,home.htm,index.php5,Default.html,Default.htm,home.html) found, and server-generated directory index forbidden by Options directive, referer: https://duckduckgo.com/
[Sat Dec 06 10:20:04.090883 2025] [autoindex:error] [pid 27397:tid 140381006034688] [client 4.196.110.44:42269] AH01276: Cannot serve directory /home/boxmealz/public_html/wp-includes/SimplePie/: No matching DirectoryIndex (index.php,index.html.var,index.htm,index.html,index.shtml,index.xhtml,index.wml,index.perl,index.pl,index.plx,index.ppl,index.cgi,index.jsp,index.js,index.jp,index.php4,index.php3,index.phtml,default.htm,default.html,home.htm,index.php5,Default.html,Default.htm,home.html) found, and server-generated directory index forbidden by Options directive, referer: https://www.bing.com/
[Sat Dec 06 10:20:06.763001 2025] [autoindex:error] [pid 27397:tid 140380972463872] [client 4.196.110.44:42269] AH01276: Cannot serve directory /home/boxmealz/public_html/wp-includes/Text/Diff/Renderer/: No matching DirectoryIndex (index.php,index.html.var,index.htm,index.html,index.shtml,index.xhtml,index.wml,index.perl,index.pl,index.plx,index.ppl,index.cgi,index.jsp,index.js,index.jp,index.php4,index.php3,index.phtml,default.htm,default.html,home.htm,index.php5,Default.html,Default.htm,home.html) found, and server-generated directory index forbidden by Options directive, referer: https://www.google.fr/
[Sat Dec 06 10:20:09.626263 2025] [autoindex:error] [pid 27397:tid 140381193152256] [client 4.196.110.44:42269] AH01276: Cannot serve directory /home/boxmealz/public_html/wp-includes/Text/Diff/: No matching DirectoryIndex (index.php,index.html.var,index.htm,index.html,index.shtml,index.xhtml,index.wml,index.perl,index.pl,index.plx,index.ppl,index.cgi,index.jsp,index.js,index.jp,index.php4,index.php3,index.phtml,default.htm,default.html,home.htm,index.php5,Default.html,Default.htm,home.html) found, and server-generated directory index forbidden by Options directive, referer: https://www.google.co.uk/
[Sat Dec 06 10:20:12.661472 2025] [autoindex:error] [pid 27397:tid 140381073176320] [client 4.196.110.44:42269] AH01276: Cannot serve directory /home/boxmealz/public_html/wp-includes/Text/: No matching DirectoryIndex (index.php,index.html.var,index.htm,index.html,index.shtml,index.xhtml,index.wml,index.perl,index.pl,index.plx,index.ppl,index.cgi,index.jsp,index.js,index.jp,index.php4,index.php3,index.phtml,default.htm,default.html,home.htm,index.php5,Default.html,Default.htm,home.html) found, and server-generated directory index forbidden by Options directive, referer: https://www.google.fr/
[Sat Dec 06 10:20:54.284990 2025] [autoindex:error] [pid 27397:tid 140381039605504] [client 4.196.110.44:42269] AH01276: Cannot serve directory /home/boxmealz/public_html/wp-includes/css/: No matching DirectoryIndex (index.php,index.html.var,index.htm,index.html,index.shtml,index.xhtml,index.wml,index.perl,index.pl,index.plx,index.ppl,index.cgi,index.jsp,index.js,index.jp,index.php4,index.php3,index.phtml,default.htm,default.html,home.htm,index.php5,Default.html,Default.htm,home.html) found, and server-generated directory index forbidden by Options directive, referer: https://www.google.fr/
[Sat Dec 06 10:21:15.499507 2025] [autoindex:error] [pid 27455:tid 140380972463872] [client 4.196.110.44:18485] AH01276: Cannot serve directory /home/boxmealz/public_html/wp-includes/customize/: No matching DirectoryIndex (index.php,index.html.var,index.htm,index.html,index.shtml,index.xhtml,index.wml,index.perl,index.pl,index.plx,index.ppl,index.cgi,index.jsp,index.js,index.jp,index.php4,index.php3,index.phtml,default.htm,default.html,home.htm,index.php5,Default.html,Default.htm,home.html) found, and server-generated directory index forbidden by Options directive, referer: https://duckduckgo.com/
[Sat Dec 06 10:21:27.796972 2025] [autoindex:error] [pid 27455:tid 140381031212800] [client 4.196.110.44:18485] AH01276: Cannot serve directory /home/boxmealz/public_html/wp-includes/fonts/: No matching DirectoryIndex (index.php,index.html.var,index.htm,index.html,index.shtml,index.xhtml,index.wml,index.perl,index.pl,index.plx,index.ppl,index.cgi,index.jsp,index.js,index.jp,index.php4,index.php3,index.phtml,default.htm,default.html,home.htm,index.php5,Default.html,Default.htm,home.html) found, and server-generated directory index forbidden by Options directive, referer: https://www.google.co.uk/
[Sat Dec 06 10:21:39.452358 2025] [autoindex:error] [pid 27455:tid 140381014427392] [client 4.196.110.44:18485] AH01276: Cannot serve directory /home/boxmealz/public_html/wp-includes/: No matching DirectoryIndex (index.php,index.html.var,index.htm,index.html,index.shtml,index.xhtml,index.wml,index.perl,index.pl,index.plx,index.ppl,index.cgi,index.jsp,index.js,index.jp,index.php4,index.php3,index.phtml,default.htm,default.html,home.htm,index.php5,Default.html,Default.htm,home.html) found, and server-generated directory index forbidden by Options directive, referer: https://www.bing.com/
[Sat Dec 06 10:21:41.956771 2025] [autoindex:error] [pid 27455:tid 140380930500352] [client 4.196.110.44:18485] AH01276: Cannot serve directory /home/boxmealz/public_html/wp-includes/js/: No matching DirectoryIndex (index.php,index.html.var,index.htm,index.html,index.shtml,index.xhtml,index.wml,index.perl,index.pl,index.plx,index.ppl,index.cgi,index.jsp,index.js,index.jp,index.php4,index.php3,index.phtml,default.htm,default.html,home.htm,index.php5,Default.html,Default.htm,home.html) found, and server-generated directory index forbidden by Options directive, referer: https://www.yahoo.com/
[Sat Dec 06 10:21:49.101975 2025] [autoindex:error] [pid 27455:tid 140381167974144] [client 4.196.110.44:18485] AH01276: Cannot serve directory /home/boxmealz/public_html/wp-includes/rest-api/endpoints/: No matching DirectoryIndex (index.php,index.html.var,index.htm,index.html,index.shtml,index.xhtml,index.wml,index.perl,index.pl,index.plx,index.ppl,index.cgi,index.jsp,index.js,index.jp,index.php4,index.php3,index.phtml,default.htm,default.html,home.htm,index.php5,Default.html,Default.htm,home.html) found, and server-generated directory index forbidden by Options directive, referer: https://www.bing.com/
[Sat Dec 06 10:24:23.846759 2025] [autoindex:error] [pid 27397:tid 140381159581440] [client 4.196.110.44:42303] AH01276: Cannot serve directory /home/boxmealz/public_html/wp-admin/js/: No matching DirectoryIndex (index.php,index.html.var,index.htm,index.html,index.shtml,index.xhtml,index.wml,index.perl,index.pl,index.plx,index.ppl,index.cgi,index.jsp,index.js,index.jp,index.php4,index.php3,index.phtml,default.htm,default.html,home.htm,index.php5,Default.html,Default.htm,home.html) found, and server-generated directory index forbidden by Options directive, referer: https://www.google.de/
[Sat Dec 06 10:24:59.622361 2025] [autoindex:error] [pid 27397:tid 140381064783616] [client 4.196.110.44:42303] AH01276: Cannot serve directory /home/boxmealz/public_html/wp-content/cache/: No matching DirectoryIndex (index.php,index.html.var,index.htm,index.html,index.shtml,index.xhtml,index.wml,index.perl,index.pl,index.plx,index.ppl,index.cgi,index.jsp,index.js,index.jp,index.php4,index.php3,index.phtml,default.htm,default.html,home.htm,index.php5,Default.html,Default.htm,home.html) found, and server-generated directory index forbidden by Options directive, referer: https://duckduckgo.com/
[Sat Dec 06 10:25:14.903748 2025] [authz_core:error] [pid 27397:tid 140381073176320] [client 4.196.110.44:18466] AH01630: client denied by server configuration: /home/boxmealz/public_html/wp-content/wflogs/, referer: https://www.bing.com/
[Sat Dec 06 10:25:15.310572 2025] [autoindex:error] [pid 27397:tid 140381039605504] [client 4.196.110.44:42303] AH01276: Cannot serve directory /home/boxmealz/public_html/wp-content/upgrade/: No matching DirectoryIndex (index.php,index.html.var,index.htm,index.html,index.shtml,index.xhtml,index.wml,index.perl,index.pl,index.plx,index.ppl,index.cgi,index.jsp,index.js,index.jp,index.php4,index.php3,index.phtml,default.htm,default.html,home.htm,index.php5,Default.html,Default.htm,home.html) found, and server-generated directory index forbidden by Options directive, referer: https://www.google.com/
[Sat Dec 06 10:25:15.510104 2025] [access_compat:error] [pid 27397:tid 140381151188736] [client 4.196.110.44:18466] AH01797: client denied by server configuration: /home/boxmealz/public_html/wp-content/updraft/, referer: https://www.google.fr/
[Sat Dec 06 10:25:50.894730 2025] [autoindex:error] [pid 27455:tid 140381159581440] [client 4.196.110.44:18485] AH01276: Cannot serve directory /home/boxmealz/public_html/wp-content/upgrade/: No matching DirectoryIndex (index.php,index.html.var,index.htm,index.html,index.shtml,index.xhtml,index.wml,index.perl,index.pl,index.plx,index.ppl,index.cgi,index.jsp,index.js,index.jp,index.php4,index.php3,index.phtml,default.htm,default.html,home.htm,index.php5,Default.html,Default.htm,home.html) found, and server-generated directory index forbidden by Options directive, referer: https://www.yahoo.com/
[Sat Dec 06 10:25:51.294286 2025] [autoindex:error] [pid 27397:tid 140380997641984] [client 4.196.110.44:42303] AH01276: Cannot serve directory /home/boxmealz/public_html/wp-content/uploads/: No matching DirectoryIndex (index.php,index.html.var,index.htm,index.html,index.shtml,index.xhtml,index.wml,index.perl,index.pl,index.plx,index.ppl,index.cgi,index.jsp,index.js,index.jp,index.php4,index.php3,index.phtml,default.htm,default.html,home.htm,index.php5,Default.html,Default.htm,home.html) found, and server-generated directory index forbidden by Options directive, referer: https://www.yahoo.com/
[Sat Dec 06 10:25:56.255057 2025] [autoindex:error] [pid 27397:tid 140381039605504] [client 4.196.110.44:42303] AH01276: Cannot serve directory /home/boxmealz/public_html/wp-includes/images/: No matching DirectoryIndex (index.php,index.html.var,index.htm,index.html,index.shtml,index.xhtml,index.wml,index.perl,index.pl,index.plx,index.ppl,index.cgi,index.jsp,index.js,index.jp,index.php4,index.php3,index.phtml,default.htm,default.html,home.htm,index.php5,Default.html,Default.htm,home.html) found, and server-generated directory index forbidden by Options directive, referer: https://www.google.com/
[Sat Dec 06 10:25:56.662974 2025] [autoindex:error] [pid 27397:tid 140381039605504] [client 4.196.110.44:42303] AH01276: Cannot serve directory /home/boxmealz/public_html/wp-includes/js/: No matching DirectoryIndex (index.php,index.html.var,index.htm,index.html,index.shtml,index.xhtml,index.wml,index.perl,index.pl,index.plx,index.ppl,index.cgi,index.jsp,index.js,index.jp,index.php4,index.php3,index.phtml,default.htm,default.html,home.htm,index.php5,Default.html,Default.htm,home.html) found, and server-generated directory index forbidden by Options directive, referer: https://www.yahoo.com/
[Sat Dec 06 10:25:57.046485 2025] [autoindex:error] [pid 27397:tid 140380972463872] [client 4.196.110.44:42303] AH01276: Cannot serve directory /home/boxmealz/public_html/wp-includes/css/: No matching DirectoryIndex (index.php,index.html.var,index.htm,index.html,index.shtml,index.xhtml,index.wml,index.perl,index.pl,index.plx,index.ppl,index.cgi,index.jsp,index.js,index.jp,index.php4,index.php3,index.phtml,default.htm,default.html,home.htm,index.php5,Default.html,Default.htm,home.html) found, and server-generated directory index forbidden by Options directive, referer: https://www.bing.com/
[Sat Dec 06 10:25:57.432274 2025] [autoindex:error] [pid 27397:tid 140381039605504] [client 4.196.110.44:42303] AH01276: Cannot serve directory /home/boxmealz/public_html/wp-includes/fonts/: No matching DirectoryIndex (index.php,index.html.var,index.htm,index.html,index.shtml,index.xhtml,index.wml,index.perl,index.pl,index.plx,index.ppl,index.cgi,index.jsp,index.js,index.jp,index.php4,index.php3,index.phtml,default.htm,default.html,home.htm,index.php5,Default.html,Default.htm,home.html) found, and server-generated directory index forbidden by Options directive, referer: https://duckduckgo.com/
[Sat Dec 06 10:25:58.171321 2025] [autoindex:error] [pid 27397:tid 140381064783616] [client 4.196.110.44:42303] AH01276: Cannot serve directory /home/boxmealz/public_html/wp-includes/certificates/: No matching DirectoryIndex (index.php,index.html.var,index.htm,index.html,index.shtml,index.xhtml,index.wml,index.perl,index.pl,index.plx,index.ppl,index.cgi,index.jsp,index.js,index.jp,index.php4,index.php3,index.phtml,default.htm,default.html,home.htm,index.php5,Default.html,Default.htm,home.html) found, and server-generated directory index forbidden by Options directive, referer: https://www.bing.com/
[Sat Dec 06 10:25:58.942789 2025] [autoindex:error] [pid 27397:tid 140381073176320] [client 4.196.110.44:42303] AH01276: Cannot serve directory /home/boxmealz/public_html/wp-includes/ID3/: No matching DirectoryIndex (index.php,index.html.var,index.htm,index.html,index.shtml,index.xhtml,index.wml,index.perl,index.pl,index.plx,index.ppl,index.cgi,index.jsp,index.js,index.jp,index.php4,index.php3,index.phtml,default.htm,default.html,home.htm,index.php5,Default.html,Default.htm,home.html) found, and server-generated directory index forbidden by Options directive, referer: https://www.google.com/
[Sat Dec 06 10:25:59.397149 2025] [autoindex:error] [pid 27397:tid 140381064783616] [client 4.196.110.44:42303] AH01276: Cannot serve directory /home/boxmealz/public_html/wp-includes/IXR/: No matching DirectoryIndex (index.php,index.html.var,index.htm,index.html,index.shtml,index.xhtml,index.wml,index.perl,index.pl,index.plx,index.ppl,index.cgi,index.jsp,index.js,index.jp,index.php4,index.php3,index.phtml,default.htm,default.html,home.htm,index.php5,Default.html,Default.htm,home.html) found, and server-generated directory index forbidden by Options directive, referer: https://www.google.co.uk/
[Sat Dec 06 10:25:59.766474 2025] [autoindex:error] [pid 27397:tid 140381073176320] [client 4.196.110.44:42303] AH01276: Cannot serve directory /home/boxmealz/public_html/wp-includes/Requests/: No matching DirectoryIndex (index.php,index.html.var,index.htm,index.html,index.shtml,index.xhtml,index.wml,index.perl,index.pl,index.plx,index.ppl,index.cgi,index.jsp,index.js,index.jp,index.php4,index.php3,index.phtml,default.htm,default.html,home.htm,index.php5,Default.html,Default.htm,home.html) found, and server-generated directory index forbidden by Options directive, referer: https://www.google.de/
[Sat Dec 06 10:26:00.372757 2025] [autoindex:error] [pid 27397:tid 140381064783616] [client 4.196.110.44:42303] AH01276: Cannot serve directory /home/boxmealz/public_html/wp-includes/SimplePie/: No matching DirectoryIndex (index.php,index.html.var,index.htm,index.html,index.shtml,index.xhtml,index.wml,index.perl,index.pl,index.plx,index.ppl,index.cgi,index.jsp,index.js,index.jp,index.php4,index.php3,index.phtml,default.htm,default.html,home.htm,index.php5,Default.html,Default.htm,home.html) found, and server-generated directory index forbidden by Options directive, referer: https://www.google.de/
[Sat Dec 06 10:26:00.785225 2025] [autoindex:error] [pid 27397:tid 140380997641984] [client 4.196.110.44:42303] AH01276: Cannot serve directory /home/boxmealz/public_html/wp-includes/Text/: No matching DirectoryIndex (index.php,index.html.var,index.htm,index.html,index.shtml,index.xhtml,index.wml,index.perl,index.pl,index.plx,index.ppl,index.cgi,index.jsp,index.js,index.jp,index.php4,index.php3,index.phtml,default.htm,default.html,home.htm,index.php5,Default.html,Default.htm,home.html) found, and server-generated directory index forbidden by Options directive, referer: https://www.google.de/
[Sat Dec 06 10:26:26.374327 2025] [autoindex:error] [pid 27397:tid 140380972463872] [client 4.196.110.44:42303] AH01276: Cannot serve directory /home/boxmealz/public_html/wp-includes/js/crop/: No matching DirectoryIndex (index.php,index.html.var,index.htm,index.html,index.shtml,index.xhtml,index.wml,index.perl,index.pl,index.plx,index.ppl,index.cgi,index.jsp,index.js,index.jp,index.php4,index.php3,index.phtml,default.htm,default.html,home.htm,index.php5,Default.html,Default.htm,home.html) found, and server-generated directory index forbidden by Options directive, referer: https://www.google.co.uk/
[Sat Dec 06 10:26:27.007422 2025] [autoindex:error] [pid 27397:tid 140380997641984] [client 4.196.110.44:42303] AH01276: Cannot serve directory /home/boxmealz/public_html/wp-includes/pomo/: No matching DirectoryIndex (index.php,index.html.var,index.htm,index.html,index.shtml,index.xhtml,index.wml,index.perl,index.pl,index.plx,index.ppl,index.cgi,index.jsp,index.js,index.jp,index.php4,index.php3,index.phtml,default.htm,default.html,home.htm,index.php5,Default.html,Default.htm,home.html) found, and server-generated directory index forbidden by Options directive, referer: https://www.google.de/
[Sat Dec 06 10:26:46.406386 2025] [autoindex:error] [pid 27397:tid 140380972463872] [client 4.196.110.44:42303] AH01276: Cannot serve directory /home/boxmealz/public_html/wp-includes/theme-compat/: No matching DirectoryIndex (index.php,index.html.var,index.htm,index.html,index.shtml,index.xhtml,index.wml,index.perl,index.pl,index.plx,index.ppl,index.cgi,index.jsp,index.js,index.jp,index.php4,index.php3,index.phtml,default.htm,default.html,home.htm,index.php5,Default.html,Default.htm,home.html) found, and server-generated directory index forbidden by Options directive, referer: https://www.yahoo.com/
[Sat Dec 06 10:26:56.093306 2025] [autoindex:error] [pid 27397:tid 140381073176320] [client 4.196.110.44:42303] AH01276: Cannot serve directory /home/boxmealz/public_html/wp-includes/rest-api/: No matching DirectoryIndex (index.php,index.html.var,index.htm,index.html,index.shtml,index.xhtml,index.wml,index.perl,index.pl,index.plx,index.ppl,index.cgi,index.jsp,index.js,index.jp,index.php4,index.php3,index.phtml,default.htm,default.html,home.htm,index.php5,Default.html,Default.htm,home.html) found, and server-generated directory index forbidden by Options directive, referer: https://www.bing.com/
[Sat Dec 06 10:26:56.476143 2025] [autoindex:error] [pid 27397:tid 140381039605504] [client 4.196.110.44:42303] AH01276: Cannot serve directory /home/boxmealz/public_html/wp-includes/widgets/: No matching DirectoryIndex (index.php,index.html.var,index.htm,index.html,index.shtml,index.xhtml,index.wml,index.perl,index.pl,index.plx,index.ppl,index.cgi,index.jsp,index.js,index.jp,index.php4,index.php3,index.phtml,default.htm,default.html,home.htm,index.php5,Default.html,Default.htm,home.html) found, and server-generated directory index forbidden by Options directive, referer: https://duckduckgo.com/
[Sat Dec 06 10:26:56.841320 2025] [autoindex:error] [pid 27397:tid 140380997641984] [client 4.196.110.44:42303] AH01276: Cannot serve directory /home/boxmealz/public_html/wp-admin/css/: No matching DirectoryIndex (index.php,index.html.var,index.htm,index.html,index.shtml,index.xhtml,index.wml,index.perl,index.pl,index.plx,index.ppl,index.cgi,index.jsp,index.js,index.jp,index.php4,index.php3,index.phtml,default.htm,default.html,home.htm,index.php5,Default.html,Default.htm,home.html) found, and server-generated directory index forbidden by Options directive, referer: https://www.google.de/
[Sat Dec 06 10:26:57.234818 2025] [autoindex:error] [pid 27397:tid 140381073176320] [client 4.196.110.44:42303] AH01276: Cannot serve directory /home/boxmealz/public_html/wp-admin/images/: No matching DirectoryIndex (index.php,index.html.var,index.htm,index.html,index.shtml,index.xhtml,index.wml,index.perl,index.pl,index.plx,index.ppl,index.cgi,index.jsp,index.js,index.jp,index.php4,index.php3,index.phtml,default.htm,default.html,home.htm,index.php5,Default.html,Default.htm,home.html) found, and server-generated directory index forbidden by Options directive, referer: https://www.bing.com/
[Sat Dec 06 10:26:57.773220 2025] [autoindex:error] [pid 27397:tid 140380997641984] [client 4.196.110.44:42303] AH01276: Cannot serve directory /home/boxmealz/public_html/wp-admin/maint/: No matching DirectoryIndex (index.php,index.html.var,index.htm,index.html,index.shtml,index.xhtml,index.wml,index.perl,index.pl,index.plx,index.ppl,index.cgi,index.jsp,index.js,index.jp,index.php4,index.php3,index.phtml,default.htm,default.html,home.htm,index.php5,Default.html,Default.htm,home.html) found, and server-generated directory index forbidden by Options directive, referer: https://www.bing.com/
[Sat Dec 06 10:27:14.399575 2025] [autoindex:error] [pid 27455:tid 140381151188736] [client 4.196.110.44:18490] AH01276: Cannot serve directory /home/boxmealz/public_html/wp-admin/includes/: No matching DirectoryIndex (index.php,index.html.var,index.htm,index.html,index.shtml,index.xhtml,index.wml,index.perl,index.pl,index.plx,index.ppl,index.cgi,index.jsp,index.js,index.jp,index.php4,index.php3,index.phtml,default.htm,default.html,home.htm,index.php5,Default.html,Default.htm,home.html) found, and server-generated directory index forbidden by Options directive, referer: https://www.google.co.uk/
[Sat Dec 06 10:27:14.759150 2025] [autoindex:error] [pid 27455:tid 140380989249280] [client 4.196.110.44:18490] AH01276: Cannot serve directory /home/boxmealz/public_html/wp-includes/: No matching DirectoryIndex (index.php,index.html.var,index.htm,index.html,index.shtml,index.xhtml,index.wml,index.perl,index.pl,index.plx,index.ppl,index.cgi,index.jsp,index.js,index.jp,index.php4,index.php3,index.phtml,default.htm,default.html,home.htm,index.php5,Default.html,Default.htm,home.html) found, and server-generated directory index forbidden by Options directive, referer: https://www.google.fr/
[Sat Dec 06 10:27:35.266450 2025] [autoindex:error] [pid 27455:tid 140381193152256] [client 4.196.110.44:18490] AH01276: Cannot serve directory /home/boxmealz/public_html/wp-includes/Text/Diff/Renderer/: No matching DirectoryIndex (index.php,index.html.var,index.htm,index.html,index.shtml,index.xhtml,index.wml,index.perl,index.pl,index.plx,index.ppl,index.cgi,index.jsp,index.js,index.jp,index.php4,index.php3,index.phtml,default.htm,default.html,home.htm,index.php5,Default.html,Default.htm,home.html) found, and server-generated directory index forbidden by Options directive, referer: https://www.bing.com/
[Sat Dec 06 10:27:47.175751 2025] [autoindex:error] [pid 27455:tid 140381167974144] [client 4.196.110.44:42298] AH01276: Cannot serve directory /home/boxmealz/public_html/wp-includes/customize/: No matching DirectoryIndex (index.php,index.html.var,index.htm,index.html,index.shtml,index.xhtml,index.wml,index.perl,index.pl,index.plx,index.ppl,index.cgi,index.jsp,index.js,index.jp,index.php4,index.php3,index.phtml,default.htm,default.html,home.htm,index.php5,Default.html,Default.htm,home.html) found, and server-generated directory index forbidden by Options directive, referer: https://www.google.fr/
[Sat Dec 06 10:28:01.761481 2025] [autoindex:error] [pid 16489:tid 140381064783616] [client 4.196.110.44:42273] AH01276: Cannot serve directory /usr/local/apache/autossl_tmp/.well-known/acme-challenge/: No matching DirectoryIndex (index.php,index.html.var,index.htm,index.html,index.shtml,index.xhtml,index.wml,index.perl,index.pl,index.plx,index.ppl,index.cgi,index.jsp,index.js,index.jp,index.php4,index.php3,index.phtml,default.htm,default.html,home.htm,index.php5,Default.html,Default.htm,home.html) found, and server-generated directory index forbidden by Options directive, referer: https://www.google.de/
[Sat Dec 06 10:30:09.903894 2025] [autoindex:error] [pid 27670:tid 140380930500352] [client 4.196.110.44:18452] AH01276: Cannot serve directory /home/boxmealz/public_html/wp-includes/Text/Diff/Engine/: No matching DirectoryIndex (index.php,index.html.var,index.htm,index.html,index.shtml,index.xhtml,index.wml,index.perl,index.pl,index.plx,index.ppl,index.cgi,index.jsp,index.js,index.jp,index.php4,index.php3,index.phtml,default.htm,default.html,home.htm,index.php5,Default.html,Default.htm,home.html) found, and server-generated directory index forbidden by Options directive, referer: https://duckduckgo.com/
[Sat Dec 06 10:30:14.911589 2025] [autoindex:error] [pid 27670:tid 140380980856576] [client 4.196.110.44:18452] AH01276: Cannot serve directory /home/boxmealz/public_html/wp-includes/Text/Diff/: No matching DirectoryIndex (index.php,index.html.var,index.htm,index.html,index.shtml,index.xhtml,index.wml,index.perl,index.pl,index.plx,index.ppl,index.cgi,index.jsp,index.js,index.jp,index.php4,index.php3,index.phtml,default.htm,default.html,home.htm,index.php5,Default.html,Default.htm,home.html) found, and server-generated directory index forbidden by Options directive, referer: https://www.bing.com/
[Sat Dec 06 10:30:19.998364 2025] [autoindex:error] [pid 27670:tid 140381014427392] [client 4.196.110.44:18452] AH01276: Cannot serve directory /home/boxmealz/public_html/wp-includes/SimplePie/Cache/: No matching DirectoryIndex (index.php,index.html.var,index.htm,index.html,index.shtml,index.xhtml,index.wml,index.perl,index.pl,index.plx,index.ppl,index.cgi,index.jsp,index.js,index.jp,index.php4,index.php3,index.phtml,default.htm,default.html,home.htm,index.php5,Default.html,Default.htm,home.html) found, and server-generated directory index forbidden by Options directive, referer: https://www.google.co.uk/
[Sat Dec 06 10:30:20.424119 2025] [autoindex:error] [pid 27670:tid 140381031212800] [client 4.196.110.44:18452] AH01276: Cannot serve directory /home/boxmealz/public_html/wp-includes/SimplePie/Content/Type/: No matching DirectoryIndex (index.php,index.html.var,index.htm,index.html,index.shtml,index.xhtml,index.wml,index.perl,index.pl,index.plx,index.ppl,index.cgi,index.jsp,index.js,index.jp,index.php4,index.php3,index.phtml,default.htm,default.html,home.htm,index.php5,Default.html,Default.htm,home.html) found, and server-generated directory index forbidden by Options directive, referer: https://www.google.com/
