[Wed Nov 26 00:04:28.100700 2025] [:error] [pid 11024:tid 140690534070016] [client 52.169.206.229:3858] File does not exist: /usr/local/apache/autossl_tmp/.well-known/acme-challenge/index.php
[Wed Nov 26 00:04:57.804309 2025] [autoindex:error] [pid 11024:tid 140690293970688] [client 52.169.206.229:6595] AH01276: Cannot serve directory /home/boxmealz/public_html/wp-includes/rest-api/fields/: No matching DirectoryIndex (index.php,index.html.var,index.htm,index.html,index.shtml,index.xhtml,index.wml,index.perl,index.pl,index.plx,index.ppl,index.cgi,index.jsp,index.js,index.jp,index.php4,index.php3,index.phtml,default.htm,default.html,home.htm,index.php5,Default.html,Default.htm,home.html) found, and server-generated directory index forbidden by Options directive
[Wed Nov 26 00:05:10.963215 2025] [:error] [pid 19748:tid 140690344326912] [client 52.169.206.229:1609] File does not exist: /usr/local/apache/autossl_tmp/.well-known/acme-challenge/admin.php
[Wed Nov 26 01:39:57.272827 2025] [:error] [pid 23769:tid 140690411468544] [client 170.106.143.6:33602] [client 170.106.143.6] ModSecurity: Access denied with code 403 (phase 2). Pattern match "\\\\b(keep-alive|close),\\\\s?(keep-alive|close)\\\\b" at REQUEST_HEADERS:Connection. [file "/usr/local/apache/modsecurity-owasp-old/base_rules/modsecurity_crs_20_protocol_violations.conf"] [line "447"] [id "958295"] [rev "2"] [msg "Multiple/Conflicting Connection Header Data Found."] [data "keep-alive, close"] [severity "WARNING"] [ver "OWASP_CRS/2.2.9"] [maturity "6"] [accuracy "8"] [tag "OWASP_CRS/PROTOCOL_VIOLATION/INVALID_HREQ"] [hostname "www.boxedmealz.com"] [uri "/"] [unique_id "aSagva8DsFysumo6mNx4FQAAAQo"]
[Wed Nov 26 04:41:29.074975 2025] [:error] [pid 26140:tid 139658243602176] [client 136.158.118.112:30157] [client 136.158.118.112] ModSecurity: Access denied with code 403 (phase 2). Pattern match "(?i:(?:\\\\A|[^\\\\d])0x[a-f\\\\d]{3,}[a-f\\\\d]*)+" at XML. [file "/usr/local/apache/modsecurity-owasp-old/base_rules/modsecurity_crs_41_sql_injection_attacks.conf"] [line "55"] [id "981260"] [rev "2"] [msg "SQL Hex Encoding Identified"] [data "Matched Data: e0xbb60f46ede found within XML: metaWeblog.newPost17209672096title0xbb60f46edescription0xbb60f46emt_keywords0xbb60f46emt_excerpt0xbb60f46e1"] [severity "CRITICAL"] [ver "OWASP_CRS/2.2.9"] [maturity "8"] [accuracy "8"] [tag "OWASP_CRS/WEB_ATTACK/SQL_INJECTION"] [tag "WASCTC/WASC-19"] [tag "OWASP_TOP_10/A1"] [tag "OWASP_AppSensor/CIE1"] [tag "PCI/6.5.2"] [hostname "boxedmealz.com"] [uri "/xmlrpc.php"] [unique_id "aSbLSe9hJsbbejciTKBlkAAAAAA"]
[Wed Nov 26 04:45:30.688441 2025] [:error] [pid 25389:tid 139658184853248] [client 103.159.255.207:59180] [client 103.159.255.207] ModSecurity: Access denied with code 403 (phase 2). Pattern match "(?i:(?i:\\\\d[\\"'`\\xc2\\xb4\\xe2\\x80\\x99\\xe2\\x80\\x98]\\\\s+[\\"'`\\xc2\\xb4\\xe2\\x80\\x99\\xe2\\x80\\x98]\\\\s+\\\\d)|(?:^admin\\\\s*?[\\"'`\\xc2\\xb4\\xe2\\x80\\x99\\xe2\\x80\\x98]|(\\\\/\\\\*)+[\\"'`\\xc2\\xb4\\xe2\\x80\\x99\\xe2\\x80\\x98]+\\\\s?(?:--|#|\\\\/\\\\*|{)?)|(?:[\\"'`\\xc2\\xb4\\xe2\\x80\\x9 ..." at ARGS:user. [file "/usr/local/apache/modsecurity-owasp-old/base_rules/modsecurity_crs_41_sql_injection_attacks.conf"] [line "205"] [id "981244"] [msg "Detects basic SQL authentication bypass attempts 1/3"] [data "Matched Data: '>\\x22 found within ARGS:user: '>\\x22></script><svg/onload=confirm(93)>"] [severity "CRITICAL"] [tag "OWASP_CRS/WEB_ATTACK/SQL_INJECTION"] [hostname "boxedmealz.com"] [uri "/"] [unique_id "aSbMOjo4zjDYPW4rW56ufQAAAEc"]
[Wed Nov 26 04:45:54.324833 2025] [:error] [pid 26140:tid 139658176460544] [client 106.219.179.92:27437] [client 106.219.179.92] ModSecurity: Access denied with code 403 (phase 2). Pattern match "(?i:(?:\\\\A|[^\\\\d])0x[a-f\\\\d]{3,}[a-f\\\\d]*)+" at XML. [file "/usr/local/apache/modsecurity-owasp-old/base_rules/modsecurity_crs_41_sql_injection_attacks.conf"] [line "55"] [id "981260"] [rev "2"] [msg "SQL Hex Encoding Identified"] [data "Matched Data: e0x3e20205bde found within XML: metaWeblog.newPost14333043330title0x3e20205bdescription0x3e20205bmt_keywords0x3e20205bmt_excerpt0x3e20205b1"] [severity "CRITICAL"] [ver "OWASP_CRS/2.2.9"] [maturity "8"] [accuracy "8"] [tag "OWASP_CRS/WEB_ATTACK/SQL_INJECTION"] [tag "WASCTC/WASC-19"] [tag "OWASP_TOP_10/A1"] [tag "OWASP_AppSensor/CIE1"] [tag "PCI/6.5.2"] [hostname "boxedmealz.com"] [uri "/xmlrpc.php"] [unique_id "aSbMUu9hJsbbejciTKBlpAAAAAg"]
[Wed Nov 26 04:54:41.518909 2025] [:error] [pid 25389:tid 139658075748096] [client 43.153.192.98:59800] [client 43.153.192.98] ModSecurity: Access denied with code 403 (phase 2). Pattern match "\\\\b(keep-alive|close),\\\\s?(keep-alive|close)\\\\b" at REQUEST_HEADERS:Connection. [file "/usr/local/apache/modsecurity-owasp-old/base_rules/modsecurity_crs_20_protocol_violations.conf"] [line "447"] [id "958295"] [rev "2"] [msg "Multiple/Conflicting Connection Header Data Found."] [data "keep-alive, close"] [severity "WARNING"] [ver "OWASP_CRS/2.2.9"] [maturity "6"] [accuracy "8"] [tag "OWASP_CRS/PROTOCOL_VIOLATION/INVALID_HREQ"] [hostname "boxedmealz.com"] [uri "/"] [unique_id "aSbOYTo4zjDYPW4rW56umgAAAFQ"]
[Wed Nov 26 06:28:34.002685 2025] [:error] [pid 20762:tid 139658126104320] [client 182.42.111.156:48653] [client 182.42.111.156] ModSecurity: Access denied with code 403 (phase 2). Pattern match "\\\\b(keep-alive|close),\\\\s?(keep-alive|close)\\\\b" at REQUEST_HEADERS:Connection. [file "/usr/local/apache/modsecurity-owasp-old/base_rules/modsecurity_crs_20_protocol_violations.conf"] [line "447"] [id "958295"] [rev "2"] [msg "Multiple/Conflicting Connection Header Data Found."] [data "keep-alive, close"] [severity "WARNING"] [ver "OWASP_CRS/2.2.9"] [maturity "6"] [accuracy "8"] [tag "OWASP_CRS/PROTOCOL_VIOLATION/INVALID_HREQ"] [hostname "boxedmealz.com"] [uri "/"] [unique_id "aSbkYtGUQrOuJkV7M4SFNwAAAQ4"]
[Wed Nov 26 06:39:10.414176 2025] [:error] [pid 20762:tid 139658151282432] [client 43.166.247.155:46176] [client 43.166.247.155] ModSecurity: Access denied with code 403 (phase 2). Pattern match "\\\\b(keep-alive|close),\\\\s?(keep-alive|close)\\\\b" at REQUEST_HEADERS:Connection. [file "/usr/local/apache/modsecurity-owasp-old/base_rules/modsecurity_crs_20_protocol_violations.conf"] [line "447"] [id "958295"] [rev "2"] [msg "Multiple/Conflicting Connection Header Data Found."] [data "keep-alive, close"] [severity "WARNING"] [ver "OWASP_CRS/2.2.9"] [maturity "6"] [accuracy "8"] [tag "OWASP_CRS/PROTOCOL_VIOLATION/INVALID_HREQ"] [hostname "boxedmealz.com"] [uri "/"] [unique_id "aSbm3tGUQrOuJkV7M4SFPAAAAQs"]
[Wed Nov 26 09:04:41.140507 2025] [:error] [pid 25392:tid 139658100926208] [client 43.159.128.247:50374] [client 43.159.128.247] ModSecurity: Access denied with code 403 (phase 2). Pattern match "\\\\b(keep-alive|close),\\\\s?(keep-alive|close)\\\\b" at REQUEST_HEADERS:Connection. [file "/usr/local/apache/modsecurity-owasp-old/base_rules/modsecurity_crs_20_protocol_violations.conf"] [line "447"] [id "958295"] [rev "2"] [msg "Multiple/Conflicting Connection Header Data Found."] [data "keep-alive, close"] [severity "WARNING"] [ver "OWASP_CRS/2.2.9"] [maturity "6"] [accuracy "8"] [tag "OWASP_CRS/PROTOCOL_VIOLATION/INVALID_HREQ"] [hostname "www.boxedmealz.com"] [uri "/"] [unique_id "aScI-QVE8oXucfgobfHBxgAAANE"]
[Wed Nov 26 12:36:10.491851 2025] [autoindex:error] [pid 25392:tid 139658176460544] [client 4.206.54.177:63087] AH01276: Cannot serve directory /home/boxmealz/public_html/wp-admin/css/: No matching DirectoryIndex (index.php,index.html.var,index.htm,index.html,index.shtml,index.xhtml,index.wml,index.perl,index.pl,index.plx,index.ppl,index.cgi,index.jsp,index.js,index.jp,index.php4,index.php3,index.phtml,default.htm,default.html,home.htm,index.php5,Default.html,Default.htm,home.html) found, and server-generated directory index forbidden by Options directive, referer: https://duckduckgo.com/
[Wed Nov 26 12:37:52.769615 2025] [:error] [pid 26140:tid 139658159675136] [client 4.206.54.177:64402] PHP Warning:  phpinfo(): It is not safe to rely on the system's timezone settings. You are *required* to use the date.timezone setting or the date_default_timezone_set() function. In case you used any of those methods and you are still getting this warning, you most likely misspelled the timezone identifier. We selected the timezone 'UTC' for now, but please set date.timezone to select your timezone. in /home/boxmealz/public_html/phpinfo.php on line 1, referer: https://www.google.co.uk/
[Wed Nov 26 12:46:33.232074 2025] [autoindex:error] [pid 26140:tid 139658151282432] [client 4.206.54.177:59950] AH01276: Cannot serve directory /home/boxmealz/public_html/wp-admin/css/colors/ectoplasm/: No matching DirectoryIndex (index.php,index.html.var,index.htm,index.html,index.shtml,index.xhtml,index.wml,index.perl,index.pl,index.plx,index.ppl,index.cgi,index.jsp,index.js,index.jp,index.php4,index.php3,index.phtml,default.htm,default.html,home.htm,index.php5,Default.html,Default.htm,home.html) found, and server-generated directory index forbidden by Options directive, referer: https://www.yahoo.com/
[Wed Nov 26 12:46:33.534124 2025] [autoindex:error] [pid 26140:tid 139658134497024] [client 4.206.54.177:59950] AH01276: Cannot serve directory /home/boxmealz/public_html/wp-admin/css/colors/midnight/: No matching DirectoryIndex (index.php,index.html.var,index.htm,index.html,index.shtml,index.xhtml,index.wml,index.perl,index.pl,index.plx,index.ppl,index.cgi,index.jsp,index.js,index.jp,index.php4,index.php3,index.phtml,default.htm,default.html,home.htm,index.php5,Default.html,Default.htm,home.html) found, and server-generated directory index forbidden by Options directive, referer: https://www.google.de/
[Wed Nov 26 12:46:46.115019 2025] [autoindex:error] [pid 20762:tid 139658184853248] [client 4.206.54.177:59959] AH01276: Cannot serve directory /home/boxmealz/public_html/wp-admin/images/: No matching DirectoryIndex (index.php,index.html.var,index.htm,index.html,index.shtml,index.xhtml,index.wml,index.perl,index.pl,index.plx,index.ppl,index.cgi,index.jsp,index.js,index.jp,index.php4,index.php3,index.phtml,default.htm,default.html,home.htm,index.php5,Default.html,Default.htm,home.html) found, and server-generated directory index forbidden by Options directive, referer: https://www.google.fr/
[Wed Nov 26 12:46:53.801244 2025] [autoindex:error] [pid 26140:tid 139658117711616] [client 4.206.54.177:59950] AH01276: Cannot serve directory /home/boxmealz/public_html/wp-admin/js/: No matching DirectoryIndex (index.php,index.html.var,index.htm,index.html,index.shtml,index.xhtml,index.wml,index.perl,index.pl,index.plx,index.ppl,index.cgi,index.jsp,index.js,index.jp,index.php4,index.php3,index.phtml,default.htm,default.html,home.htm,index.php5,Default.html,Default.htm,home.html) found, and server-generated directory index forbidden by Options directive, referer: https://www.bing.com/
[Wed Nov 26 12:47:02.859314 2025] [autoindex:error] [pid 20762:tid 139658168067840] [client 4.206.54.177:59959] AH01276: Cannot serve directory /home/boxmealz/public_html/wp-admin/js/: No matching DirectoryIndex (index.php,index.html.var,index.htm,index.html,index.shtml,index.xhtml,index.wml,index.perl,index.pl,index.plx,index.ppl,index.cgi,index.jsp,index.js,index.jp,index.php4,index.php3,index.phtml,default.htm,default.html,home.htm,index.php5,Default.html,Default.htm,home.html) found, and server-generated directory index forbidden by Options directive, referer: https://duckduckgo.com/
[Wed Nov 26 12:47:17.734437 2025] [autoindex:error] [pid 26140:tid 139658235209472] [client 4.206.54.177:59950] AH01276: Cannot serve directory /home/boxmealz/public_html/wp-admin/maint/: No matching DirectoryIndex (index.php,index.html.var,index.htm,index.html,index.shtml,index.xhtml,index.wml,index.perl,index.pl,index.plx,index.ppl,index.cgi,index.jsp,index.js,index.jp,index.php4,index.php3,index.phtml,default.htm,default.html,home.htm,index.php5,Default.html,Default.htm,home.html) found, and server-generated directory index forbidden by Options directive, referer: https://www.bing.com/
[Wed Nov 26 12:47:20.879601 2025] [autoindex:error] [pid 20762:tid 139658042177280] [client 4.206.54.177:59959] AH01276: Cannot serve directory /home/boxmealz/public_html/wp-admin/maint/: No matching DirectoryIndex (index.php,index.html.var,index.htm,index.html,index.shtml,index.xhtml,index.wml,index.perl,index.pl,index.plx,index.ppl,index.cgi,index.jsp,index.js,index.jp,index.php4,index.php3,index.phtml,default.htm,default.html,home.htm,index.php5,Default.html,Default.htm,home.html) found, and server-generated directory index forbidden by Options directive, referer: https://www.google.fr/
[Wed Nov 26 12:49:25.270125 2025] [autoindex:error] [pid 26140:tid 139658218424064] [client 4.206.54.177:63056] AH01276: Cannot serve directory /home/boxmealz/public_html/wp-content/upgrade/: No matching DirectoryIndex (index.php,index.html.var,index.htm,index.html,index.shtml,index.xhtml,index.wml,index.perl,index.pl,index.plx,index.ppl,index.cgi,index.jsp,index.js,index.jp,index.php4,index.php3,index.phtml,default.htm,default.html,home.htm,index.php5,Default.html,Default.htm,home.html) found, and server-generated directory index forbidden by Options directive, referer: https://www.google.de/
[Wed Nov 26 12:49:25.423026 2025] [autoindex:error] [pid 26140:tid 139658075748096] [client 4.206.54.177:63068] AH01276: Cannot serve directory /home/boxmealz/public_html/wp-content/uploads/: No matching DirectoryIndex (index.php,index.html.var,index.htm,index.html,index.shtml,index.xhtml,index.wml,index.perl,index.pl,index.plx,index.ppl,index.cgi,index.jsp,index.js,index.jp,index.php4,index.php3,index.phtml,default.htm,default.html,home.htm,index.php5,Default.html,Default.htm,home.html) found, and server-generated directory index forbidden by Options directive, referer: https://www.google.co.uk/
[Wed Nov 26 12:49:35.800963 2025] [autoindex:error] [pid 26140:tid 139658050569984] [client 4.206.54.177:63056] AH01276: Cannot serve directory /home/boxmealz/public_html/wp-content/uploads/: No matching DirectoryIndex (index.php,index.html.var,index.htm,index.html,index.shtml,index.xhtml,index.wml,index.perl,index.pl,index.plx,index.ppl,index.cgi,index.jsp,index.js,index.jp,index.php4,index.php3,index.phtml,default.htm,default.html,home.htm,index.php5,Default.html,Default.htm,home.html) found, and server-generated directory index forbidden by Options directive, referer: https://www.google.fr/
[Wed Nov 26 12:49:49.679349 2025] [autoindex:error] [pid 20762:tid 139658084140800] [client 4.206.54.177:63042] AH01276: Cannot serve directory /home/boxmealz/public_html/wp-includes/: No matching DirectoryIndex (index.php,index.html.var,index.htm,index.html,index.shtml,index.xhtml,index.wml,index.perl,index.pl,index.plx,index.ppl,index.cgi,index.jsp,index.js,index.jp,index.php4,index.php3,index.phtml,default.htm,default.html,home.htm,index.php5,Default.html,Default.htm,home.html) found, and server-generated directory index forbidden by Options directive, referer: https://www.google.de/
[Wed Nov 26 12:50:27.735419 2025] [autoindex:error] [pid 20762:tid 139658117711616] [client 4.206.54.177:63042] AH01276: Cannot serve directory /home/boxmealz/public_html/wp-includes/certificates/: No matching DirectoryIndex (index.php,index.html.var,index.htm,index.html,index.shtml,index.xhtml,index.wml,index.perl,index.pl,index.plx,index.ppl,index.cgi,index.jsp,index.js,index.jp,index.php4,index.php3,index.phtml,default.htm,default.html,home.htm,index.php5,Default.html,Default.htm,home.html) found, and server-generated directory index forbidden by Options directive, referer: https://duckduckgo.com/
[Wed Nov 26 12:50:27.915582 2025] [autoindex:error] [pid 20762:tid 139658042177280] [client 4.206.54.177:63042] AH01276: Cannot serve directory /home/boxmealz/public_html/wp-includes/css/: No matching DirectoryIndex (index.php,index.html.var,index.htm,index.html,index.shtml,index.xhtml,index.wml,index.perl,index.pl,index.plx,index.ppl,index.cgi,index.jsp,index.js,index.jp,index.php4,index.php3,index.phtml,default.htm,default.html,home.htm,index.php5,Default.html,Default.htm,home.html) found, and server-generated directory index forbidden by Options directive, referer: https://www.google.co.uk/
[Wed Nov 26 12:50:32.811200 2025] [autoindex:error] [pid 20762:tid 139658201638656] [client 4.206.54.177:63042] AH01276: Cannot serve directory /home/boxmealz/public_html/wp-includes/customize/: No matching DirectoryIndex (index.php,index.html.var,index.htm,index.html,index.shtml,index.xhtml,index.wml,index.perl,index.pl,index.plx,index.ppl,index.cgi,index.jsp,index.js,index.jp,index.php4,index.php3,index.phtml,default.htm,default.html,home.htm,index.php5,Default.html,Default.htm,home.html) found, and server-generated directory index forbidden by Options directive, referer: https://www.google.de/
[Wed Nov 26 12:50:43.492332 2025] [autoindex:error] [pid 26140:tid 139658109318912] [client 4.206.54.177:63056] AH01276: Cannot serve directory /home/boxmealz/public_html/wp-includes/fonts/: No matching DirectoryIndex (index.php,index.html.var,index.htm,index.html,index.shtml,index.xhtml,index.wml,index.perl,index.pl,index.plx,index.ppl,index.cgi,index.jsp,index.js,index.jp,index.php4,index.php3,index.phtml,default.htm,default.html,home.htm,index.php5,Default.html,Default.htm,home.html) found, and server-generated directory index forbidden by Options directive, referer: https://www.google.co.uk/
[Wed Nov 26 12:50:47.921332 2025] [autoindex:error] [pid 20762:tid 139658159675136] [client 4.206.54.177:63042] AH01276: Cannot serve directory /home/boxmealz/public_html/wp-includes/ID3/: No matching DirectoryIndex (index.php,index.html.var,index.htm,index.html,index.shtml,index.xhtml,index.wml,index.perl,index.pl,index.plx,index.ppl,index.cgi,index.jsp,index.js,index.jp,index.php4,index.php3,index.phtml,default.htm,default.html,home.htm,index.php5,Default.html,Default.htm,home.html) found, and server-generated directory index forbidden by Options directive, referer: https://www.google.com/
[Wed Nov 26 12:50:50.096482 2025] [autoindex:error] [pid 26140:tid 139658050569984] [client 4.206.54.177:63056] AH01276: Cannot serve directory /home/boxmealz/public_html/wp-includes/ID3/: No matching DirectoryIndex (index.php,index.html.var,index.htm,index.html,index.shtml,index.xhtml,index.wml,index.perl,index.pl,index.plx,index.ppl,index.cgi,index.jsp,index.js,index.jp,index.php4,index.php3,index.phtml,default.htm,default.html,home.htm,index.php5,Default.html,Default.htm,home.html) found, and server-generated directory index forbidden by Options directive, referer: https://www.google.de/
[Wed Nov 26 12:50:50.221715 2025] [autoindex:error] [pid 20762:tid 139658176460544] [client 4.206.54.177:63042] AH01276: Cannot serve directory /home/boxmealz/public_html/wp-includes/images/: No matching DirectoryIndex (index.php,index.html.var,index.htm,index.html,index.shtml,index.xhtml,index.wml,index.perl,index.pl,index.plx,index.ppl,index.cgi,index.jsp,index.js,index.jp,index.php4,index.php3,index.phtml,default.htm,default.html,home.htm,index.php5,Default.html,Default.htm,home.html) found, and server-generated directory index forbidden by Options directive, referer: https://www.google.co.uk/
[Wed Nov 26 12:50:50.348744 2025] [autoindex:error] [pid 20762:tid 139658243602176] [client 4.206.54.177:63042] AH01276: Cannot serve directory /home/boxmealz/public_html/wp-includes/images/smilies/: No matching DirectoryIndex (index.php,index.html.var,index.htm,index.html,index.shtml,index.xhtml,index.wml,index.perl,index.pl,index.plx,index.ppl,index.cgi,index.jsp,index.js,index.jp,index.php4,index.php3,index.phtml,default.htm,default.html,home.htm,index.php5,Default.html,Default.htm,home.html) found, and server-generated directory index forbidden by Options directive, referer: https://www.google.fr/
[Wed Nov 26 12:50:50.472951 2025] [autoindex:error] [pid 20762:tid 139658117711616] [client 4.206.54.177:63042] AH01276: Cannot serve directory /home/boxmealz/public_html/wp-includes/IXR/: No matching DirectoryIndex (index.php,index.html.var,index.htm,index.html,index.shtml,index.xhtml,index.wml,index.perl,index.pl,index.plx,index.ppl,index.cgi,index.jsp,index.js,index.jp,index.php4,index.php3,index.phtml,default.htm,default.html,home.htm,index.php5,Default.html,Default.htm,home.html) found, and server-generated directory index forbidden by Options directive, referer: https://duckduckgo.com/
[Wed Nov 26 12:51:01.093576 2025] [autoindex:error] [pid 26140:tid 139658092533504] [client 4.206.54.177:63056] AH01276: Cannot serve directory /home/boxmealz/public_html/wp-includes/IXR/: No matching DirectoryIndex (index.php,index.html.var,index.htm,index.html,index.shtml,index.xhtml,index.wml,index.perl,index.pl,index.plx,index.ppl,index.cgi,index.jsp,index.js,index.jp,index.php4,index.php3,index.phtml,default.htm,default.html,home.htm,index.php5,Default.html,Default.htm,home.html) found, and server-generated directory index forbidden by Options directive, referer: https://www.google.fr/
[Wed Nov 26 12:51:14.755600 2025] [autoindex:error] [pid 20762:tid 139658184853248] [client 4.206.54.177:63042] AH01276: Cannot serve directory /home/boxmealz/public_html/wp-includes/Requests/Cookie/: No matching DirectoryIndex (index.php,index.html.var,index.htm,index.html,index.shtml,index.xhtml,index.wml,index.perl,index.pl,index.plx,index.ppl,index.cgi,index.jsp,index.js,index.jp,index.php4,index.php3,index.phtml,default.htm,default.html,home.htm,index.php5,Default.html,Default.htm,home.html) found, and server-generated directory index forbidden by Options directive, referer: https://www.yahoo.com/
[Wed Nov 26 12:51:14.888630 2025] [autoindex:error] [pid 20762:tid 139658193245952] [client 4.206.54.177:63042] AH01276: Cannot serve directory /home/boxmealz/public_html/wp-includes/Requests/Response/: No matching DirectoryIndex (index.php,index.html.var,index.htm,index.html,index.shtml,index.xhtml,index.wml,index.perl,index.pl,index.plx,index.ppl,index.cgi,index.jsp,index.js,index.jp,index.php4,index.php3,index.phtml,default.htm,default.html,home.htm,index.php5,Default.html,Default.htm,home.html) found, and server-generated directory index forbidden by Options directive, referer: https://www.google.de/
[Wed Nov 26 12:51:14.990579 2025] [autoindex:error] [pid 20762:tid 139658159675136] [client 4.206.54.177:63042] AH01276: Cannot serve directory /home/boxmealz/public_html/wp-includes/rest-api/: No matching DirectoryIndex (index.php,index.html.var,index.htm,index.html,index.shtml,index.xhtml,index.wml,index.perl,index.pl,index.plx,index.ppl,index.cgi,index.jsp,index.js,index.jp,index.php4,index.php3,index.phtml,default.htm,default.html,home.htm,index.php5,Default.html,Default.htm,home.html) found, and server-generated directory index forbidden by Options directive, referer: https://www.bing.com/
[Wed Nov 26 12:51:15.159156 2025] [autoindex:error] [pid 20762:tid 139658210031360] [client 4.206.54.177:63042] AH01276: Cannot serve directory /home/boxmealz/public_html/wp-includes/rest-api/endpoints/: No matching DirectoryIndex (index.php,index.html.var,index.htm,index.html,index.shtml,index.xhtml,index.wml,index.perl,index.pl,index.plx,index.ppl,index.cgi,index.jsp,index.js,index.jp,index.php4,index.php3,index.phtml,default.htm,default.html,home.htm,index.php5,Default.html,Default.htm,home.html) found, and server-generated directory index forbidden by Options directive, referer: https://www.google.de/
[Wed Nov 26 12:51:15.253415 2025] [autoindex:error] [pid 20762:tid 139658176460544] [client 4.206.54.177:63042] AH01276: Cannot serve directory /home/boxmealz/public_html/wp-includes/rest-api/fields/: No matching DirectoryIndex (index.php,index.html.var,index.htm,index.html,index.shtml,index.xhtml,index.wml,index.perl,index.pl,index.plx,index.ppl,index.cgi,index.jsp,index.js,index.jp,index.php4,index.php3,index.phtml,default.htm,default.html,home.htm,index.php5,Default.html,Default.htm,home.html) found, and server-generated directory index forbidden by Options directive, referer: https://www.google.de/
[Wed Nov 26 12:51:19.460030 2025] [autoindex:error] [pid 20762:tid 139658109318912] [client 4.206.54.177:63042] AH01276: Cannot serve directory /home/boxmealz/public_html/wp-includes/SimplePie/: No matching DirectoryIndex (index.php,index.html.var,index.htm,index.html,index.shtml,index.xhtml,index.wml,index.perl,index.pl,index.plx,index.ppl,index.cgi,index.jsp,index.js,index.jp,index.php4,index.php3,index.phtml,default.htm,default.html,home.htm,index.php5,Default.html,Default.htm,home.html) found, and server-generated directory index forbidden by Options directive, referer: https://www.google.fr/
[Wed Nov 26 12:51:56.942992 2025] [autoindex:error] [pid 20762:tid 139658100926208] [client 4.206.54.177:63042] AH01276: Cannot serve directory /home/boxmealz/public_html/wp-includes/Text/Diff/: No matching DirectoryIndex (index.php,index.html.var,index.htm,index.html,index.shtml,index.xhtml,index.wml,index.perl,index.pl,index.plx,index.ppl,index.cgi,index.jsp,index.js,index.jp,index.php4,index.php3,index.phtml,default.htm,default.html,home.htm,index.php5,Default.html,Default.htm,home.html) found, and server-generated directory index forbidden by Options directive, referer: https://www.google.de/
[Wed Nov 26 12:51:57.071830 2025] [autoindex:error] [pid 20762:tid 139658042177280] [client 4.206.54.177:63042] AH01276: Cannot serve directory /home/boxmealz/public_html/wp-includes/Text/Diff/Renderer/: No matching DirectoryIndex (index.php,index.html.var,index.htm,index.html,index.shtml,index.xhtml,index.wml,index.perl,index.pl,index.plx,index.ppl,index.cgi,index.jsp,index.js,index.jp,index.php4,index.php3,index.phtml,default.htm,default.html,home.htm,index.php5,Default.html,Default.htm,home.html) found, and server-generated directory index forbidden by Options directive, referer: https://duckduckgo.com/
[Wed Nov 26 12:57:12.595321 2025] [autoindex:error] [pid 20762:tid 139658126104320] [client 4.206.54.177:56062] AH01276: Cannot serve directory /home/boxmealz/public_html/wp-admin/css/colors/: No matching DirectoryIndex (index.php,index.html.var,index.htm,index.html,index.shtml,index.xhtml,index.wml,index.perl,index.pl,index.plx,index.ppl,index.cgi,index.jsp,index.js,index.jp,index.php4,index.php3,index.phtml,default.htm,default.html,home.htm,index.php5,Default.html,Default.htm,home.html) found, and server-generated directory index forbidden by Options directive, referer: https://www.google.com/
[Wed Nov 26 12:57:14.585897 2025] [autoindex:error] [pid 26140:tid 139658159675136] [client 4.206.54.177:56007] AH01276: Cannot serve directory /home/boxmealz/public_html/wp-admin/css/colors/blue/: No matching DirectoryIndex (index.php,index.html.var,index.htm,index.html,index.shtml,index.xhtml,index.wml,index.perl,index.pl,index.plx,index.ppl,index.cgi,index.jsp,index.js,index.jp,index.php4,index.php3,index.phtml,default.htm,default.html,home.htm,index.php5,Default.html,Default.htm,home.html) found, and server-generated directory index forbidden by Options directive, referer: https://www.bing.com/
[Wed Nov 26 12:57:23.575065 2025] [autoindex:error] [pid 20762:tid 139658210031360] [client 4.206.54.177:56062] AH01276: Cannot serve directory /home/boxmealz/public_html/wp-admin/images/: No matching DirectoryIndex (index.php,index.html.var,index.htm,index.html,index.shtml,index.xhtml,index.wml,index.perl,index.pl,index.plx,index.ppl,index.cgi,index.jsp,index.js,index.jp,index.php4,index.php3,index.phtml,default.htm,default.html,home.htm,index.php5,Default.html,Default.htm,home.html) found, and server-generated directory index forbidden by Options directive, referer: https://www.google.co.uk/
[Wed Nov 26 12:57:27.981603 2025] [autoindex:error] [pid 20762:tid 139658218424064] [client 4.206.54.177:56062] AH01276: Cannot serve directory /home/boxmealz/public_html/wp-admin/includes/: No matching DirectoryIndex (index.php,index.html.var,index.htm,index.html,index.shtml,index.xhtml,index.wml,index.perl,index.pl,index.plx,index.ppl,index.cgi,index.jsp,index.js,index.jp,index.php4,index.php3,index.phtml,default.htm,default.html,home.htm,index.php5,Default.html,Default.htm,home.html) found, and server-generated directory index forbidden by Options directive, referer: https://www.bing.com/
[Wed Nov 26 12:57:38.556871 2025] [autoindex:error] [pid 26140:tid 139658201638656] [client 4.206.54.177:56007] AH01276: Cannot serve directory /home/boxmealz/public_html/wp-admin/includes/: No matching DirectoryIndex (index.php,index.html.var,index.htm,index.html,index.shtml,index.xhtml,index.wml,index.perl,index.pl,index.plx,index.ppl,index.cgi,index.jsp,index.js,index.jp,index.php4,index.php3,index.phtml,default.htm,default.html,home.htm,index.php5,Default.html,Default.htm,home.html) found, and server-generated directory index forbidden by Options directive, referer: https://www.google.fr/
[Wed Nov 26 12:59:38.297187 2025] [autoindex:error] [pid 20762:tid 139658084140800] [client 4.206.54.177:62996] AH01276: Cannot serve directory /home/boxmealz/public_html/wp-content/upgrade/: No matching DirectoryIndex (index.php,index.html.var,index.htm,index.html,index.shtml,index.xhtml,index.wml,index.perl,index.pl,index.plx,index.ppl,index.cgi,index.jsp,index.js,index.jp,index.php4,index.php3,index.phtml,default.htm,default.html,home.htm,index.php5,Default.html,Default.htm,home.html) found, and server-generated directory index forbidden by Options directive, referer: https://www.google.de/
[Wed Nov 26 13:00:58.435986 2025] [autoindex:error] [pid 26140:tid 139658159675136] [client 4.206.54.177:62985] AH01276: Cannot serve directory /home/boxmealz/public_html/wp-includes/rest-api/: No matching DirectoryIndex (index.php,index.html.var,index.htm,index.html,index.shtml,index.xhtml,index.wml,index.perl,index.pl,index.plx,index.ppl,index.cgi,index.jsp,index.js,index.jp,index.php4,index.php3,index.phtml,default.htm,default.html,home.htm,index.php5,Default.html,Default.htm,home.html) found, and server-generated directory index forbidden by Options directive, referer: https://www.bing.com/
[Wed Nov 26 13:04:04.560601 2025] [autoindex:error] [pid 20762:tid 139658243602176] [client 4.206.54.177:62996] AH01276: Cannot serve directory /home/boxmealz/public_html/wp-includes/fonts/: No matching DirectoryIndex (index.php,index.html.var,index.htm,index.html,index.shtml,index.xhtml,index.wml,index.perl,index.pl,index.plx,index.ppl,index.cgi,index.jsp,index.js,index.jp,index.php4,index.php3,index.phtml,default.htm,default.html,home.htm,index.php5,Default.html,Default.htm,home.html) found, and server-generated directory index forbidden by Options directive, referer: https://duckduckgo.com/
[Wed Nov 26 13:04:04.671115 2025] [autoindex:error] [pid 20762:tid 139658159675136] [client 4.206.54.177:62996] AH01276: Cannot serve directory /home/boxmealz/public_html/wp-includes/images/crystal/: No matching DirectoryIndex (index.php,index.html.var,index.htm,index.html,index.shtml,index.xhtml,index.wml,index.perl,index.pl,index.plx,index.ppl,index.cgi,index.jsp,index.js,index.jp,index.php4,index.php3,index.phtml,default.htm,default.html,home.htm,index.php5,Default.html,Default.htm,home.html) found, and server-generated directory index forbidden by Options directive, referer: https://www.google.com/
[Wed Nov 26 13:04:04.847618 2025] [autoindex:error] [pid 20762:tid 139658201638656] [client 4.206.54.177:62996] AH01276: Cannot serve directory /home/boxmealz/public_html/wp-includes/images/media/: No matching DirectoryIndex (index.php,index.html.var,index.htm,index.html,index.shtml,index.xhtml,index.wml,index.perl,index.pl,index.plx,index.ppl,index.cgi,index.jsp,index.js,index.jp,index.php4,index.php3,index.phtml,default.htm,default.html,home.htm,index.php5,Default.html,Default.htm,home.html) found, and server-generated directory index forbidden by Options directive, referer: https://www.google.de/
[Wed Nov 26 13:04:04.962953 2025] [autoindex:error] [pid 20762:tid 139658100926208] [client 4.206.54.177:62996] AH01276: Cannot serve directory /home/boxmealz/public_html/wp-includes/images/wlw/: No matching DirectoryIndex (index.php,index.html.var,index.htm,index.html,index.shtml,index.xhtml,index.wml,index.perl,index.pl,index.plx,index.ppl,index.cgi,index.jsp,index.js,index.jp,index.php4,index.php3,index.phtml,default.htm,default.html,home.htm,index.php5,Default.html,Default.htm,home.html) found, and server-generated directory index forbidden by Options directive, referer: https://www.google.co.uk/
[Wed Nov 26 13:04:05.038397 2025] [autoindex:error] [pid 20762:tid 139658117711616] [client 4.206.54.177:62996] AH01276: Cannot serve directory /home/boxmealz/public_html/wp-includes/js/: No matching DirectoryIndex (index.php,index.html.var,index.htm,index.html,index.shtml,index.xhtml,index.wml,index.perl,index.pl,index.plx,index.ppl,index.cgi,index.jsp,index.js,index.jp,index.php4,index.php3,index.phtml,default.htm,default.html,home.htm,index.php5,Default.html,Default.htm,home.html) found, and server-generated directory index forbidden by Options directive, referer: https://www.yahoo.com/
[Wed Nov 26 13:04:09.208430 2025] [autoindex:error] [pid 20762:tid 139658210031360] [client 4.206.54.177:62996] AH01276: Cannot serve directory /home/boxmealz/public_html/wp-includes/js/crop/: No matching DirectoryIndex (index.php,index.html.var,index.htm,index.html,index.shtml,index.xhtml,index.wml,index.perl,index.pl,index.plx,index.ppl,index.cgi,index.jsp,index.js,index.jp,index.php4,index.php3,index.phtml,default.htm,default.html,home.htm,index.php5,Default.html,Default.htm,home.html) found, and server-generated directory index forbidden by Options directive, referer: https://www.google.fr/
[Wed Nov 26 13:04:09.285078 2025] [autoindex:error] [pid 20762:tid 139658142889728] [client 4.206.54.177:62996] AH01276: Cannot serve directory /home/boxmealz/public_html/wp-includes/Requests/: No matching DirectoryIndex (index.php,index.html.var,index.htm,index.html,index.shtml,index.xhtml,index.wml,index.perl,index.pl,index.plx,index.ppl,index.cgi,index.jsp,index.js,index.jp,index.php4,index.php3,index.phtml,default.htm,default.html,home.htm,index.php5,Default.html,Default.htm,home.html) found, and server-generated directory index forbidden by Options directive, referer: https://www.bing.com/
[Wed Nov 26 13:04:09.360954 2025] [autoindex:error] [pid 20762:tid 139658050569984] [client 4.206.54.177:62996] AH01276: Cannot serve directory /home/boxmealz/public_html/wp-includes/Requests/Auth/: No matching DirectoryIndex (index.php,index.html.var,index.htm,index.html,index.shtml,index.xhtml,index.wml,index.perl,index.pl,index.plx,index.ppl,index.cgi,index.jsp,index.js,index.jp,index.php4,index.php3,index.phtml,default.htm,default.html,home.htm,index.php5,Default.html,Default.htm,home.html) found, and server-generated directory index forbidden by Options directive, referer: https://www.google.co.uk/
[Wed Nov 26 13:04:09.574580 2025] [autoindex:error] [pid 20762:tid 139658075748096] [client 4.206.54.177:62996] AH01276: Cannot serve directory /home/boxmealz/public_html/wp-includes/Requests/Exception/HTTP/: No matching DirectoryIndex (index.php,index.html.var,index.htm,index.html,index.shtml,index.xhtml,index.wml,index.perl,index.pl,index.plx,index.ppl,index.cgi,index.jsp,index.js,index.jp,index.php4,index.php3,index.phtml,default.htm,default.html,home.htm,index.php5,Default.html,Default.htm,home.html) found, and server-generated directory index forbidden by Options directive, referer: https://duckduckgo.com/
[Wed Nov 26 13:04:09.668794 2025] [autoindex:error] [pid 20762:tid 139658243602176] [client 4.206.54.177:62996] AH01276: Cannot serve directory /home/boxmealz/public_html/wp-includes/Requests/Proxy/: No matching DirectoryIndex (index.php,index.html.var,index.htm,index.html,index.shtml,index.xhtml,index.wml,index.perl,index.pl,index.plx,index.ppl,index.cgi,index.jsp,index.js,index.jp,index.php4,index.php3,index.phtml,default.htm,default.html,home.htm,index.php5,Default.html,Default.htm,home.html) found, and server-generated directory index forbidden by Options directive, referer: https://www.google.com/
[Wed Nov 26 13:04:09.787442 2025] [autoindex:error] [pid 20762:tid 139658159675136] [client 4.206.54.177:62996] AH01276: Cannot serve directory /home/boxmealz/public_html/wp-includes/Requests/Transport/: No matching DirectoryIndex (index.php,index.html.var,index.htm,index.html,index.shtml,index.xhtml,index.wml,index.perl,index.pl,index.plx,index.ppl,index.cgi,index.jsp,index.js,index.jp,index.php4,index.php3,index.phtml,default.htm,default.html,home.htm,index.php5,Default.html,Default.htm,home.html) found, and server-generated directory index forbidden by Options directive, referer: https://www.bing.com/
[Wed Nov 26 13:04:09.907211 2025] [autoindex:error] [pid 20762:tid 139658201638656] [client 4.206.54.177:62996] AH01276: Cannot serve directory /home/boxmealz/public_html/wp-includes/Requests/Utility/: No matching DirectoryIndex (index.php,index.html.var,index.htm,index.html,index.shtml,index.xhtml,index.wml,index.perl,index.pl,index.plx,index.ppl,index.cgi,index.jsp,index.js,index.jp,index.php4,index.php3,index.phtml,default.htm,default.html,home.htm,index.php5,Default.html,Default.htm,home.html) found, and server-generated directory index forbidden by Options directive, referer: https://www.yahoo.com/
[Wed Nov 26 13:04:10.010198 2025] [autoindex:error] [pid 20762:tid 139658100926208] [client 4.206.54.177:62996] AH01276: Cannot serve directory /home/boxmealz/public_html/wp-includes/SimplePie/Cache/: No matching DirectoryIndex (index.php,index.html.var,index.htm,index.html,index.shtml,index.xhtml,index.wml,index.perl,index.pl,index.plx,index.ppl,index.cgi,index.jsp,index.js,index.jp,index.php4,index.php3,index.phtml,default.htm,default.html,home.htm,index.php5,Default.html,Default.htm,home.html) found, and server-generated directory index forbidden by Options directive, referer: https://www.bing.com/
[Wed Nov 26 13:04:10.098952 2025] [autoindex:error] [pid 20762:tid 139658117711616] [client 4.206.54.177:62996] AH01276: Cannot serve directory /home/boxmealz/public_html/wp-includes/SimplePie/Content/: No matching DirectoryIndex (index.php,index.html.var,index.htm,index.html,index.shtml,index.xhtml,index.wml,index.perl,index.pl,index.plx,index.ppl,index.cgi,index.jsp,index.js,index.jp,index.php4,index.php3,index.phtml,default.htm,default.html,home.htm,index.php5,Default.html,Default.htm,home.html) found, and server-generated directory index forbidden by Options directive, referer: https://www.google.com/
[Wed Nov 26 13:04:10.185397 2025] [autoindex:error] [pid 20762:tid 139658226816768] [client 4.206.54.177:62996] AH01276: Cannot serve directory /home/boxmealz/public_html/wp-includes/SimplePie/Content/Type/: No matching DirectoryIndex (index.php,index.html.var,index.htm,index.html,index.shtml,index.xhtml,index.wml,index.perl,index.pl,index.plx,index.ppl,index.cgi,index.jsp,index.js,index.jp,index.php4,index.php3,index.phtml,default.htm,default.html,home.htm,index.php5,Default.html,Default.htm,home.html) found, and server-generated directory index forbidden by Options directive, referer: https://www.google.com/
[Wed Nov 26 13:04:19.956228 2025] [autoindex:error] [pid 20762:tid 139658176460544] [client 4.206.54.177:63040] AH01276: Cannot serve directory /home/boxmealz/public_html/wp-includes/Text/: No matching DirectoryIndex (index.php,index.html.var,index.htm,index.html,index.shtml,index.xhtml,index.wml,index.perl,index.pl,index.plx,index.ppl,index.cgi,index.jsp,index.js,index.jp,index.php4,index.php3,index.phtml,default.htm,default.html,home.htm,index.php5,Default.html,Default.htm,home.html) found, and server-generated directory index forbidden by Options directive, referer: https://www.yahoo.com/
[Wed Nov 26 13:04:20.031256 2025] [autoindex:error] [pid 20762:tid 139658201638656] [client 4.206.54.177:63040] AH01276: Cannot serve directory /home/boxmealz/public_html/wp-includes/Text/Diff/Engine/: No matching DirectoryIndex (index.php,index.html.var,index.htm,index.html,index.shtml,index.xhtml,index.wml,index.perl,index.pl,index.plx,index.ppl,index.cgi,index.jsp,index.js,index.jp,index.php4,index.php3,index.phtml,default.htm,default.html,home.htm,index.php5,Default.html,Default.htm,home.html) found, and server-generated directory index forbidden by Options directive, referer: https://www.yahoo.com/
[Wed Nov 26 13:04:24.530961 2025] [autoindex:error] [pid 20762:tid 139658042177280] [client 4.206.54.177:63040] AH01276: Cannot serve directory /home/boxmealz/public_html/wp-includes/widgets/: No matching DirectoryIndex (index.php,index.html.var,index.htm,index.html,index.shtml,index.xhtml,index.wml,index.perl,index.pl,index.plx,index.ppl,index.cgi,index.jsp,index.js,index.jp,index.php4,index.php3,index.phtml,default.htm,default.html,home.htm,index.php5,Default.html,Default.htm,home.html) found, and server-generated directory index forbidden by Options directive, referer: https://duckduckgo.com/
[Wed Nov 26 13:12:25.541330 2025] [:error] [pid 25389:tid 139658084140800] [client 182.42.111.156:46751] [client 182.42.111.156] ModSecurity: Access denied with code 403 (phase 2). Pattern match "\\\\b(keep-alive|close),\\\\s?(keep-alive|close)\\\\b" at REQUEST_HEADERS:Connection. [file "/usr/local/apache/modsecurity-owasp-old/base_rules/modsecurity_crs_20_protocol_violations.conf"] [line "447"] [id "958295"] [rev "2"] [msg "Multiple/Conflicting Connection Header Data Found."] [data "keep-alive, close"] [severity "WARNING"] [ver "OWASP_CRS/2.2.9"] [maturity "6"] [accuracy "8"] [tag "OWASP_CRS/PROTOCOL_VIOLATION/INVALID_HREQ"] [hostname "www.boxedmealz.com"] [uri "/"] [unique_id "aSdDCTo4zjDYPW4rW56vvgAAAFM"]
[Wed Nov 26 16:43:22.138047 2025] [:error] [pid 25389:tid 139658126104320] (12)Cannot allocate memory: [client 45.204.209.253:52260] couldn't create child process: /usr/local/sbin/suphp for /home/boxmealz/public_html/index.php, referer: https://boxedmealz.com
[Wed Nov 26 16:43:23.543961 2025] [:error] [pid 20762:tid 139658168067840] (12)Cannot allocate memory: [client 144.76.67.108:45046] couldn't create child process: /usr/local/sbin/suphp for /home/boxmealz/public_html/index.php
[Wed Nov 26 16:44:56.615597 2025] [core:error] [pid 26140:tid 139658159675136] [client 136.243.222.140:43580] Script timed out before returning headers: index.php
[Wed Nov 26 16:44:57.882462 2025] [core:error] [pid 25389:tid 139658117711616] [client 45.204.209.253:52158] Script timed out before returning headers: index.php, referer: https://boxedmealz.com
[Wed Nov 26 16:44:57.790800 2025] [core:error] [pid 26140:tid 139658142889728] [client 198.23.224.203:45204] Script timed out before returning headers: index.php, referer: https://www.boxedmealz.com/index.php?swppurge=1764193377.6185359954833984375000
[Wed Nov 26 16:44:57.930139 2025] [core:error] [pid 26140:tid 139658067355392] [client 198.23.224.203:45208] Script timed out before returning headers: index.php, referer: https://www.boxedmealz.com/index.php?swpnonce=1764193377.7754259109497070312500
[Wed Nov 26 16:45:04.466229 2025] [core:error] [pid 20762:tid 139658243602176] [client 136.243.222.140:44638] Script timed out before returning headers: index.php
[Wed Nov 26 16:45:08.438385 2025] [core:error] [pid 26140:tid 139658100926208] [client 144.76.67.108:39944] Script timed out before returning headers: index.php
[Wed Nov 26 16:45:08.803198 2025] [:error] [pid 26140:tid 139658142889728] [client 198.23.224.203:45204] PHP Warning:  mysqli_query(): MySQL server has gone away in /home/boxmealz/public_html/wp-includes/wp-db.php on line 1942, referer: https://www.boxedmealz.com/index.php?swppurge=1764193377.6185359954833984375000
[Wed Nov 26 16:45:08.803533 2025] [:error] [pid 26140:tid 139658142889728] [client 198.23.224.203:45204] PHP Warning:  mysqli_query(): Error reading result set's header in /home/boxmealz/public_html/wp-includes/wp-db.php on line 1942, referer: https://www.boxedmealz.com/index.php?swppurge=1764193377.6185359954833984375000
[Wed Nov 26 16:45:08.824699 2025] [:error] [pid 26140:tid 139658210031360] [client 198.23.224.203:45842] PHP Warning:  Error while sending QUERY packet. PID=25381 in /home/boxmealz/public_html/wp-includes/wp-db.php on line 1942, referer: https://www.boxedmealz.com/index.php?swpnonce=1764193408.5151588916778564453125
[Wed Nov 26 16:45:09.144776 2025] [:error] [pid 20762:tid 139658067355392] [client 198.23.224.203:45314] PHP Warning:  Error while sending QUERY packet. PID=25359 in /home/boxmealz/public_html/wp-includes/wp-db.php on line 1942, referer: https://www.boxedmealz.com/index.php?swpnonce=1764193386.8435969352722167968750
[Wed Nov 26 16:45:09.518554 2025] [:error] [pid 26140:tid 139658100926208] [client 144.76.67.108:39944] PHP Warning:  Error while sending QUERY packet. PID=25352 in /home/boxmealz/public_html/wp-includes/wp-db.php on line 1942
[Wed Nov 26 16:45:10.250042 2025] [:error] [pid 26140:tid 139658151282432] [client 136.243.222.140:46826] PHP Warning:  Error while sending QUERY packet. PID=25374 in /home/boxmealz/public_html/wp-includes/wp-db.php on line 1942
[Wed Nov 26 16:45:10.304795 2025] [:error] [pid 25389:tid 139658117711616] [client 45.204.209.253:52158] PHP Warning:  Error while sending QUERY packet. PID=25338 in /home/boxmealz/public_html/wp-includes/wp-db.php on line 1942, referer: https://boxedmealz.com
[Wed Nov 26 16:45:10.560351 2025] [:error] [pid 26140:tid 139658159675136] [client 136.243.222.140:43580] PHP Warning:  Error while sending QUERY packet. PID=25331 in /home/boxmealz/public_html/wp-includes/wp-db.php on line 1942
[Wed Nov 26 16:45:10.950698 2025] [:error] [pid 25389:tid 139658109318912] [client 136.243.59.237:57022] PHP Warning:  Error while sending QUERY packet. PID=25382 in /home/boxmealz/public_html/wp-includes/wp-db.php on line 1942
[Wed Nov 26 16:45:11.022145 2025] [:error] [pid 20762:tid 139658050569984] [client 144.76.67.108:47874] PHP Warning:  Error while sending QUERY packet. PID=25384 in /home/boxmealz/public_html/wp-includes/wp-db.php on line 1942
[Wed Nov 26 16:45:11.138834 2025] [:error] [pid 20762:tid 139658243602176] [client 136.243.222.140:44638] PHP Warning:  Error while sending QUERY packet. PID=25348 in /home/boxmealz/public_html/wp-includes/wp-db.php on line 1942
[Wed Nov 26 16:45:11.497246 2025] [:error] [pid 26140:tid 139658067355392] [client 198.23.224.203:45208] PHP Warning:  Error while sending QUERY packet. PID=25340 in /home/boxmealz/public_html/wp-includes/wp-db.php on line 1942, referer: https://www.boxedmealz.com/index.php?swpnonce=1764193377.7754259109497070312500
[Wed Nov 26 16:45:20.331803 2025] [:error] [pid 25389:tid 139658117711616] [client 45.204.209.253:52158] PHP Warning:  Cannot modify header information - headers already sent by (output started at /home/boxmealz/public_html/wp-includes/functions.php:3774) in /home/boxmealz/public_html/wp-includes/functions.php on line 3813, referer: https://boxedmealz.com
[Wed Nov 26 16:45:20.563787 2025] [:error] [pid 26140:tid 139658159675136] [client 136.243.222.140:43580] PHP Warning:  Cannot modify header information - headers already sent by (output started at /home/boxmealz/public_html/wp-includes/functions.php:3774) in /home/boxmealz/public_html/wp-includes/functions.php on line 3813
[Wed Nov 26 16:45:21.503577 2025] [:error] [pid 26140:tid 139658067355392] [client 198.23.224.203:45208] PHP Warning:  Cannot modify header information - headers already sent by (output started at /home/boxmealz/public_html/wp-includes/functions.php:3774) in /home/boxmealz/public_html/wp-includes/functions.php on line 3813, referer: https://www.boxedmealz.com/index.php?swpnonce=1764193377.7754259109497070312500
[Wed Nov 26 17:53:09.293608 2025] [:error] [pid 26140:tid 139658218424064] [client 43.135.135.57:49602] [client 43.135.135.57] ModSecurity: Access denied with code 403 (phase 2). Pattern match "\\\\b(keep-alive|close),\\\\s?(keep-alive|close)\\\\b" at REQUEST_HEADERS:Connection. [file "/usr/local/apache/modsecurity-owasp-old/base_rules/modsecurity_crs_20_protocol_violations.conf"] [line "447"] [id "958295"] [rev "2"] [msg "Multiple/Conflicting Connection Header Data Found."] [data "keep-alive, close"] [severity "WARNING"] [ver "OWASP_CRS/2.2.9"] [maturity "6"] [accuracy "8"] [tag "OWASP_CRS/PROTOCOL_VIOLATION/INVALID_HREQ"] [hostname "www.boxedmealz.com"] [uri "/"] [unique_id "aSeE1e9hJsbbejciTKBpvgAAAAM"]
[Wed Nov 26 18:09:22.303664 2025] [:error] [pid 20762:tid 139658201638656] [client 43.131.26.226:53142] [client 43.131.26.226] ModSecurity: Access denied with code 403 (phase 2). Pattern match "\\\\b(keep-alive|close),\\\\s?(keep-alive|close)\\\\b" at REQUEST_HEADERS:Connection. [file "/usr/local/apache/modsecurity-owasp-old/base_rules/modsecurity_crs_20_protocol_violations.conf"] [line "447"] [id "958295"] [rev "2"] [msg "Multiple/Conflicting Connection Header Data Found."] [data "keep-alive, close"] [severity "WARNING"] [ver "OWASP_CRS/2.2.9"] [maturity "6"] [accuracy "8"] [tag "OWASP_CRS/PROTOCOL_VIOLATION/INVALID_HREQ"] [hostname "www.boxedmealz.com"] [uri "/blue-apron/"] [unique_id "aSeIotGUQrOuJkV7M4SI_gAAAQU"]
[Wed Nov 26 18:29:23.692875 2025] [authz_host:error] [pid 25392:tid 139658134497024] [client 172.70.216.194:9450] AH01753: access check of 'localhost' to /server-status failed, reason: unable to get the remote host name
[Wed Nov 26 18:29:23.693245 2025] [authz_core:error] [pid 25392:tid 139658134497024] [client 172.70.216.194:9450] AH01630: client denied by server configuration: /home/boxmealz/public_html/server-status
[Wed Nov 26 18:29:24.001665 2025] [authz_host:error] [pid 26140:tid 139658075748096] [client 172.70.216.194:10476] AH01753: access check of 'localhost' to /server-status failed, reason: unable to get the remote host name
