[Fri Dec 05 03:25:35.414489 2025] [access_compat:error] [pid 30689:tid 140346436609792] [client 4.218.20.75:47955] AH01797: client denied by server configuration: /home/locglobe/public_html/gifclass.php
[Fri Dec 05 03:25:36.494925 2025] [access_compat:error] [pid 30689:tid 140346419824384] [client 4.218.20.75:47955] AH01797: client denied by server configuration: /home/locglobe/public_html/nox.php
[Fri Dec 05 03:25:36.658329 2025] [access_compat:error] [pid 30689:tid 140346310719232] [client 4.218.20.75:47955] AH01797: client denied by server configuration: /home/locglobe/public_html/file48.php
[Fri Dec 05 03:25:36.821658 2025] [access_compat:error] [pid 30689:tid 140346293933824] [client 4.218.20.75:47955] AH01797: client denied by server configuration: /home/locglobe/public_html/info.php
[Fri Dec 05 03:25:36.984933 2025] [access_compat:error] [pid 30689:tid 140346428217088] [client 4.218.20.75:47955] AH01797: client denied by server configuration: /home/locglobe/public_html/class9.php
[Fri Dec 05 03:25:37.197928 2025] [access_compat:error] [pid 30689:tid 140346386253568] [client 4.218.20.75:47955] AH01797: client denied by server configuration: /home/locglobe/public_html/la.php
[Fri Dec 05 03:25:37.361575 2025] [access_compat:error] [pid 30689:tid 140346369468160] [client 4.218.20.75:47955] AH01797: client denied by server configuration: /home/locglobe/public_html/bless11.php
[Fri Dec 05 03:25:37.547549 2025] [access_compat:error] [pid 30689:tid 140346285541120] [client 4.218.20.75:47955] AH01797: client denied by server configuration: /home/locglobe/public_html/ccou.php
[Fri Dec 05 03:25:37.732779 2025] [access_compat:error] [pid 30689:tid 140346394646272] [client 4.218.20.75:47955] AH01797: client denied by server configuration: /home/locglobe/public_html/ton.php
[Fri Dec 05 03:25:37.971387 2025] [access_compat:error] [pid 30689:tid 140346547033856] [client 4.218.20.75:47955] AH01797: client denied by server configuration: /home/locglobe/public_html/403.php
[Fri Dec 05 03:25:38.134702 2025] [access_compat:error] [pid 30689:tid 140346445002496] [client 4.218.20.75:47955] AH01797: client denied by server configuration: /home/locglobe/public_html/file9.php
[Fri Dec 05 03:25:38.347635 2025] [access_compat:error] [pid 30689:tid 140346521855744] [client 4.218.20.75:47955] AH01797: client denied by server configuration: /home/locglobe/public_html/php.php
[Fri Dec 05 03:25:38.578257 2025] [access_compat:error] [pid 30689:tid 140346436609792] [client 4.218.20.75:47955] AH01797: client denied by server configuration: /home/locglobe/public_html/ac.php
[Fri Dec 05 03:25:38.764828 2025] [access_compat:error] [pid 30689:tid 140346361075456] [client 4.218.20.75:47955] AH01797: client denied by server configuration: /home/locglobe/public_html/new.php
[Fri Dec 05 03:25:38.938856 2025] [access_compat:error] [pid 30689:tid 140346538641152] [client 4.218.20.75:47955] AH01797: client denied by server configuration: /home/locglobe/public_html/new4.php
[Fri Dec 05 03:25:39.102439 2025] [access_compat:error] [pid 30689:tid 140346419824384] [client 4.218.20.75:47955] AH01797: client denied by server configuration: /home/locglobe/public_html/pop.php
[Fri Dec 05 03:25:39.265752 2025] [access_compat:error] [pid 30689:tid 140346293933824] [client 4.218.20.75:47955] AH01797: client denied by server configuration: /home/locglobe/public_html/az.php
[Fri Dec 05 03:25:39.429140 2025] [access_compat:error] [pid 30689:tid 140346555426560] [client 4.218.20.75:47955] AH01797: client denied by server configuration: /home/locglobe/public_html/xaz.php
[Fri Dec 05 03:25:39.592504 2025] [access_compat:error] [pid 30689:tid 140346403038976] [client 4.218.20.75:47955] AH01797: client denied by server configuration: /home/locglobe/public_html/up4.php
[Fri Dec 05 03:25:39.915020 2025] [access_compat:error] [pid 30689:tid 140346386253568] [client 4.218.20.75:47955] AH01797: client denied by server configuration: /home/locglobe/public_html/1aa.php
[Fri Dec 05 03:25:40.082712 2025] [access_compat:error] [pid 30689:tid 140346369468160] [client 4.218.20.75:47955] AH01797: client denied by server configuration: /home/locglobe/public_html/elp.php
[Fri Dec 05 03:25:40.256451 2025] [access_compat:error] [pid 30689:tid 140346394646272] [client 4.218.20.75:47955] AH01797: client denied by server configuration: /home/locglobe/public_html/wtz.php
[Fri Dec 05 03:26:51.394442 2025] [access_compat:error] [pid 30689:tid 140346530248448] [client 198.23.224.203:57766] AH01797: client denied by server configuration: /home/locglobe/public_html/wp-cron.php, referer: https://www.locglobal.com/wp-cron.php?doing_wp_cron=1764923211.2534239292144775390625
[Fri Dec 05 03:28:08.315531 2025] [access_compat:error] [pid 30689:tid 140346436609792] [client 198.23.224.203:60784] AH01797: client denied by server configuration: /home/locglobe/public_html/wp-cron.php, referer: http://www.locglobal.com/wp-cron.php?doing_wp_cron=1764923288.3035840988159179687500
[Fri Dec 05 03:29:38.610255 2025] [access_compat:error] [pid 30689:tid 140346547033856] [client 198.23.224.203:34770] AH01797: client denied by server configuration: /home/locglobe/public_html/wp-cron.php, referer: https://www.locglobal.com/wp-cron.php?doing_wp_cron=1764923378.4169490337371826171875
[Fri Dec 05 03:31:07.683319 2025] [access_compat:error] [pid 15253:tid 140346386253568] [client 198.23.224.203:36622] AH01797: client denied by server configuration: /home/locglobe/public_html/wp-cron.php, referer: https://www.locglobal.com/wp-cron.php?doing_wp_cron=1764923467.4906899929046630859375
[Fri Dec 05 03:32:46.290033 2025] [access_compat:error] [pid 15253:tid 140346428217088] [client 198.23.224.203:38644] AH01797: client denied by server configuration: /home/locglobe/public_html/wp-cron.php, referer: https://www.locglobal.com/wp-cron.php?doing_wp_cron=1764923566.1559290885925292968750
[Fri Dec 05 03:34:22.265959 2025] [access_compat:error] [pid 30689:tid 140346436609792] [client 198.23.224.203:40458] AH01797: client denied by server configuration: /home/locglobe/public_html/wp-cron.php, referer: https://www.locglobal.com/wp-cron.php?doing_wp_cron=1764923662.1356439590454101562500
[Fri Dec 05 04:07:52.470819 2025] [:error] [pid 27221:tid 140616826582784] [client 66.249.79.36:35117] PHP Parse error: syntax error, unexpected '}' in /home/locglobe/public_html/index.php on line 1
[Fri Dec 05 04:23:19.882677 2025] [access_compat:error] [pid 27221:tid 140616986810112] [client 198.23.224.203:43048] AH01797: client denied by server configuration: /home/locglobe/public_html/wp-cron.php, referer: https://www.locglobal.com/wp-cron.php?doing_wp_cron=1764926599.4587600231170654296875
[Fri Dec 05 04:24:23.960628 2025] [access_compat:error] [pid 27221:tid 140616809797376] [client 198.23.224.203:44494] AH01797: client denied by server configuration: /home/locglobe/public_html/wp-cron.php, referer: https://www.locglobal.com/wp-cron.php?doing_wp_cron=1764926663.7061679363250732421875
[Fri Dec 05 04:25:53.414101 2025] [access_compat:error] [pid 27221:tid 140616793011968] [client 198.23.224.203:46132] AH01797: client denied by server configuration: /home/locglobe/public_html/wp-cron.php, referer: https://www.locglobal.com/wp-cron.php?doing_wp_cron=1764926753.2155199050903320312500
[Fri Dec 05 04:27:08.332769 2025] [access_compat:error] [pid 27221:tid 140616818190080] [client 198.23.224.203:47758] AH01797: client denied by server configuration: /home/locglobe/public_html/wp-cron.php, referer: https://www.locglobal.com/wp-cron.php?doing_wp_cron=1764926828.1388649940490722656250
[Fri Dec 05 04:28:27.833361 2025] [access_compat:error] [pid 27221:tid 140616978417408] [client 198.23.224.203:49622] AH01797: client denied by server configuration: /home/locglobe/public_html/wp-cron.php, referer: https://www.locglobal.com/wp-cron.php?doing_wp_cron=1764926907.6947898864746093750000
[Fri Dec 05 04:30:11.198400 2025] [access_compat:error] [pid 27008:tid 140616826582784] [client 198.23.224.203:51828] AH01797: client denied by server configuration: /home/locglobe/public_html/wp-cron.php, referer: https://www.locglobal.com/wp-cron.php?doing_wp_cron=1764927011.0096950531005859375000
[Fri Dec 05 04:31:27.040329 2025] [access_compat:error] [pid 27009:tid 140616751048448] [client 198.23.224.203:53452] AH01797: client denied by server configuration: /home/locglobe/public_html/wp-cron.php, referer: https://www.locglobal.com/wp-cron.php?doing_wp_cron=1764927086.8477880954742431640625
[Fri Dec 05 04:32:56.737772 2025] [access_compat:error] [pid 27221:tid 140617011988224] [client 198.23.224.203:55456] AH01797: client denied by server configuration: /home/locglobe/public_html/wp-cron.php, referer: https://www.locglobal.com/wp-cron.php?doing_wp_cron=1764927176.5515859127044677734375
[Fri Dec 05 04:34:04.785209 2025] [access_compat:error] [pid 27221:tid 140616759441152] [client 198.23.224.203:56936] AH01797: client denied by server configuration: /home/locglobe/public_html/wp-cron.php, referer: https://www.locglobal.com/wp-cron.php?doing_wp_cron=1764927244.5959279537200927734375
[Fri Dec 05 04:35:32.980293 2025] [access_compat:error] [pid 27010:tid 140616986810112] [client 198.23.224.203:59218] AH01797: client denied by server configuration: /home/locglobe/public_html/wp-cron.php, referer: https://www.locglobal.com/wp-cron.php?doing_wp_cron=1764927332.7928779125213623046875
[Fri Dec 05 04:35:57.854996 2025] [autoindex:error] [pid 27221:tid 140616751048448] [client 185.104.184.228:45608] AH01276: Cannot serve directory /home/locglobe/public_html/wp-content/uploads/: No matching DirectoryIndex (index.php,index.html) found, and server-generated directory index forbidden by Options directive
[Fri Dec 05 04:35:58.186338 2025] [autoindex:error] [pid 27221:tid 140616834975488] [client 185.104.184.228:45608] AH01276: Cannot serve directory /home/locglobe/public_html/wp-includes/css/: No matching DirectoryIndex (index.php,index.html) found, and server-generated directory index forbidden by Options directive
[Fri Dec 05 04:35:58.323488 2025] [autoindex:error] [pid 27221:tid 140616868546304] [client 185.104.184.228:45608] AH01276: Cannot serve directory /home/locglobe/public_html/wp-includes/ID3/: No matching DirectoryIndex (index.php,index.html) found, and server-generated directory index forbidden by Options directive
[Fri Dec 05 04:35:58.462733 2025] [autoindex:error] [pid 27221:tid 140616876939008] [client 185.104.184.228:45608] AH01276: Cannot serve directory /home/locglobe/public_html/wp-includes/IXR/: No matching DirectoryIndex (index.php,index.html) found, and server-generated directory index forbidden by Options directive
[Fri Dec 05 04:35:58.603878 2025] [autoindex:error] [pid 27221:tid 140616986810112] [client 185.104.184.228:45608] AH01276: Cannot serve directory /home/locglobe/public_html/wp-includes/Requests/: No matching DirectoryIndex (index.php,index.html) found, and server-generated directory index forbidden by Options directive
[Fri Dec 05 04:35:58.741322 2025] [autoindex:error] [pid 27221:tid 140616742655744] [client 185.104.184.228:45608] AH01276: Cannot serve directory /home/locglobe/public_html/wp-includes/SimplePie/: No matching DirectoryIndex (index.php,index.html) found, and server-generated directory index forbidden by Options directive
[Fri Dec 05 04:35:58.876322 2025] [autoindex:error] [pid 27221:tid 140616860153600] [client 185.104.184.228:45608] AH01276: Cannot serve directory /home/locglobe/public_html/wp-includes/Text/: No matching DirectoryIndex (index.php,index.html) found, and server-generated directory index forbidden by Options directive
[Fri Dec 05 04:36:01.635506 2025] [autoindex:error] [pid 27221:tid 140616818190080] [client 185.104.184.228:45608] AH01276: Cannot serve directory /home/locglobe/public_html/wp-content/mu-plugins/: No matching DirectoryIndex (index.php,index.html) found, and server-generated directory index forbidden by Options directive
[Fri Dec 05 04:36:01.783125 2025] [autoindex:error] [pid 27221:tid 140616776226560] [client 185.104.184.228:45608] AH01276: Cannot serve directory /home/locglobe/public_html/wp-includes/Text/Diff/Renderer/: No matching DirectoryIndex (index.php,index.html) found, and server-generated directory index forbidden by Options directive
[Fri Dec 05 04:36:01.940096 2025] [:error] [pid 27221:tid 140616970024704] [client 185.104.184.228:45608] PHP Notice: Use of undefined constant ABSPATH - assumed 'ABSPATH' in /home/locglobe/public_html/wp-includes/blocks/index.php on line 9
[Fri Dec 05 04:36:01.940320 2025] [:error] [pid 27221:tid 140616970024704] [client 185.104.184.228:45608] PHP Notice: Use of undefined constant WPINC - assumed 'WPINC' in /home/locglobe/public_html/wp-includes/blocks/index.php on line 9
[Fri Dec 05 04:36:01.940590 2025] [:error] [pid 27221:tid 140616970024704] [client 185.104.184.228:45608] PHP Warning: require(ABSPATHWPINC/blocks/archives.php): failed to open stream: No such file or directory in /home/locglobe/public_html/wp-includes/blocks/index.php on line 9
[Fri Dec 05 04:36:01.940873 2025] [:error] [pid 27221:tid 140616970024704] [client 185.104.184.228:45608] PHP Fatal error: require(): Failed opening required 'ABSPATHWPINC/blocks/archives.php' (include_path='.:/usr/local/lib/php') in /home/locglobe/public_html/wp-includes/blocks/index.php on line 9
[Fri Dec 05 04:36:02.219897 2025] [autoindex:error] [pid 27221:tid 140616978417408] [client 185.104.184.228:45014] AH01276: Cannot serve directory /home/locglobe/public_html/wp-includes/certificates/: No matching DirectoryIndex (index.php,index.html) found, and server-generated directory index forbidden by Options directive
[Fri Dec 05 04:36:02.369114 2025] [autoindex:error] [pid 27221:tid 140616843368192] [client 185.104.184.228:45014] AH01276: Cannot serve directory /home/locglobe/public_html/wp-includes/customize/: No matching DirectoryIndex (index.php,index.html) found, and server-generated directory index forbidden by Options directive
[Fri Dec 05 04:36:02.518392 2025] [autoindex:error] [pid 27221:tid 140616793011968] [client 185.104.184.228:45014] AH01276: Cannot serve directory /home/locglobe/public_html/wp-includes/fonts/: No matching DirectoryIndex (index.php,index.html) found, and server-generated directory index forbidden by Options directive
[Fri Dec 05 04:36:02.658279 2025] [autoindex:error] [pid 27221:tid 140616784619264] [client 185.104.184.228:45014] AH01276: Cannot serve directory /home/locglobe/public_html/wp-includes/images/: No matching DirectoryIndex (index.php,index.html) found, and server-generated directory index forbidden by Options directive
[Fri Dec 05 04:36:05.415538 2025] [autoindex:error] [pid 27221:tid 140616801404672] [client 185.104.184.228:45014] AH01276: Cannot serve directory /usr/local/apache/autossl_tmp/.well-known/acme-challenge/: No matching DirectoryIndex (index.php,index.html.var,index.htm,index.html,index.shtml,index.xhtml,index.wml,index.perl,index.pl,index.plx,index.ppl,index.cgi,index.jsp,index.js,index.jp,index.php4,index.php3,index.phtml,default.htm,default.html,home.htm,index.php5,Default.html,Default.htm,home.html) found, and server-generated directory index forbidden by Options directive
[Fri Dec 05 04:36:16.354217 2025] [autoindex:error] [pid 27221:tid 140616784619264] [client 185.104.184.228:45014] AH01276: Cannot serve directory /home/locglobe/public_html/images/: No matching DirectoryIndex (index.php,index.html) found, and server-generated directory index forbidden by Options directive
[Fri Dec 05 04:36:30.973352 2025] [core:error] [pid 27009:tid 140616784619264] [client 66.249.79.36:52336] End of script output before headers: index.php
[Fri Dec 05 04:36:32.544295 2025] [autoindex:error] [pid 27221:tid 140616751048448] [client 185.104.184.228:45014] AH01276: Cannot serve directory /home/locglobe/public_html/wp-admin/css/: No matching DirectoryIndex (index.php,index.html) found, and server-generated directory index forbidden by Options directive
[Fri Dec 05 04:36:33.192457 2025] [access_compat:error] [pid 27221:tid 140616834975488] [client 198.23.224.203:33320] AH01797: client denied by server configuration: /home/locglobe/public_html/wp-cron.php, referer: http://www.locglobal.com/wp-cron.php?doing_wp_cron=1764927393.1813569068908691406250
[Fri Dec 05 04:36:34.384145 2025] [autoindex:error] [pid 27221:tid 140616885331712] [client 185.104.184.228:45014] AH01276: Cannot serve directory /home/locglobe/public_html/wp-admin/maint/: No matching DirectoryIndex (index.php,index.html) found, and server-generated directory index forbidden by Options directive
[Fri Dec 05 04:36:34.682328 2025] [autoindex:error] [pid 27221:tid 140616767833856] [client 185.104.184.228:45014] AH01276: Cannot serve directory /home/locglobe/public_html/wp-includes/assets/: No matching DirectoryIndex (index.php,index.html) found, and server-generated directory index forbidden by Options directive
[Fri Dec 05 04:36:34.818543 2025] [autoindex:error] [pid 27221:tid 140617011988224] [client 185.104.184.228:45014] AH01276: Cannot serve directory /home/locglobe/public_html/wp-includes/block-patterns/: No matching DirectoryIndex (index.php,index.html) found, and server-generated directory index forbidden by Options directive
[Fri Dec 05 04:36:34.984783 2025] [autoindex:error] [pid 27221:tid 140616776226560] [client 185.104.184.228:45014] AH01276: Cannot serve directory /home/locglobe/public_html/wp-includes/block-supports/: No matching DirectoryIndex (index.php,index.html) found, and server-generated directory index forbidden by Options directive
[Fri Dec 05 04:36:36.010796 2025] [autoindex:error] [pid 27221:tid 140616793011968] [client 185.104.184.228:45014] AH01276: Cannot serve directory /home/locglobe/public_html/wp-includes/js/: No matching DirectoryIndex (index.php,index.html.var,index.htm,index.html,index.shtml,index.xhtml,index.wml,index.perl,index.pl,index.plx,index.ppl,index.cgi,index.jsp,index.js,index.jp,index.php4,index.php3,index.phtml,default.htm,default.html,home.htm,index.php5,Default.html,Default.htm,home.html) found, and server-generated directory index forbidden by Options directive
[Fri Dec 05 04:36:36.997692 2025] [autoindex:error] [pid 27221:tid 140616784619264] [client 185.104.184.228:45014] AH01276: Cannot serve directory /home/locglobe/public_html/wp-includes/PHPMailer/: No matching DirectoryIndex (index.php,index.html.var,index.htm,index.html,index.shtml,index.xhtml,index.wml,index.perl,index.pl,index.plx,index.ppl,index.cgi,index.jsp,index.js,index.jp,index.php4,index.php3,index.phtml,default.htm,default.html,home.htm,index.php5,Default.html,Default.htm,home.html) found, and server-generated directory index forbidden by Options directive
[Fri Dec 05 04:36:37.136695 2025] [autoindex:error] [pid 27221:tid 140616995202816] [client 185.104.184.228:45014] AH01276: Cannot serve directory /home/locglobe/public_html/wp-includes/pomo/: No matching DirectoryIndex (index.php,index.html.var,index.htm,index.html,index.shtml,index.xhtml,index.wml,index.perl,index.pl,index.plx,index.ppl,index.cgi,index.jsp,index.js,index.jp,index.php4,index.php3,index.phtml,default.htm,default.html,home.htm,index.php5,Default.html,Default.htm,home.html) found, and server-generated directory index forbidden by Options directive
[Fri Dec 05 04:36:37.290637 2025] [autoindex:error] [pid 27221:tid 140616809797376] [client 185.104.184.228:45014] AH01276: Cannot serve directory /home/locglobe/public_html/wp-includes/random_compat/: No matching DirectoryIndex (index.php,index.html.var,index.htm,index.html,index.shtml,index.xhtml,index.wml,index.perl,index.pl,index.plx,index.ppl,index.cgi,index.jsp,index.js,index.jp,index.php4,index.php3,index.phtml,default.htm,default.html,home.htm,index.php5,Default.html,Default.htm,home.html) found, and server-generated directory index forbidden by Options directive
[Fri Dec 05 04:36:37.428477 2025] [autoindex:error] [pid 27221:tid 140616893724416] [client 185.104.184.228:45014] AH01276: Cannot serve directory /home/locglobe/public_html/wp-includes/rest-api/: No matching DirectoryIndex (index.php,index.html) found, and server-generated directory index forbidden by Options directive
[Fri Dec 05 04:36:37.565929 2025] [autoindex:error] [pid 27221:tid 140616851760896] [client 185.104.184.228:45014] AH01276: Cannot serve directory /home/locglobe/public_html/wp-includes/sitemaps/: No matching DirectoryIndex (index.php,index.html) found, and server-generated directory index forbidden by Options directive
[Fri Dec 05 04:36:37.701394 2025] [autoindex:error] [pid 27221:tid 140616801404672] [client 185.104.184.228:45014] AH01276: Cannot serve directory /home/locglobe/public_html/wp-includes/sodium_compat/: No matching DirectoryIndex (index.php,index.html) found, and server-generated directory index forbidden by Options directive
[Fri Dec 05 04:36:38.697883 2025] [autoindex:error] [pid 27221:tid 140616834975488] [client 185.104.184.228:45014] AH01276: Cannot serve directory /home/locglobe/public_html/wp-includes/theme-compat/: No matching DirectoryIndex (index.php,index.html) found, and server-generated directory index forbidden by Options directive
[Fri Dec 05 04:36:38.859284 2025] [autoindex:error] [pid 27221:tid 140616826582784] [client 185.104.184.228:45014] AH01276: Cannot serve directory /home/locglobe/public_html/wp-includes/widgets/: No matching DirectoryIndex (index.php,index.html) found, and server-generated directory index forbidden by Options directive
[Fri Dec 05 04:36:39.015340 2025] [autoindex:error] [pid 27221:tid 140616876939008] [client 185.104.184.228:45014] AH01276: Cannot serve directory /home/locglobe/public_html/wp-admin/css/colors/ectoplasm/: No matching DirectoryIndex (index.php,index.html) found, and server-generated directory index forbidden by Options directive
[Fri Dec 05 04:36:39.151711 2025] [autoindex:error] [pid 27221:tid 140616986810112] [client 185.104.184.228:45014] AH01276: Cannot serve directory /home/locglobe/public_html/wp-admin/css/colors/: No matching DirectoryIndex (index.php,index.html) found, and server-generated directory index forbidden by Options directive
[Fri Dec 05 04:36:43.665485 2025] [:error] [pid 27221:tid 140616793011968] [client 66.249.79.36:59566] PHP Parse error: syntax error, unexpected '70' (T_LNUMBER), expecting identifier (T_STRING) in /home/locglobe/public_html/index.php on line 3
[Fri Dec 05 04:36:46.903904 2025] [autoindex:error] [pid 27221:tid 140616751048448] [client 185.104.184.228:45014] AH01276: Cannot serve directory /home/locglobe/public_html/wp-content/plugins/contact-form-7/admin/js/: No matching DirectoryIndex (index.php,index.html) found, and server-generated directory index forbidden by Options directive
[Fri Dec 05 04:36:47.062350 2025] [autoindex:error] [pid 27221:tid 140616834975488] [client 185.104.184.228:45014] AH01276: Cannot serve directory /home/locglobe/public_html/wp-content/plugins/contact-form-7/: No matching DirectoryIndex (index.php,index.html) found, and server-generated directory index forbidden by Options directive
[Fri Dec 05 04:36:48.043764 2025] [autoindex:error] [pid 27221:tid 140616876939008] [client 185.104.184.228:45014] AH01276: Cannot serve directory /home/locglobe/public_html/wp-admin/images/: No matching DirectoryIndex (index.php,index.html) found, and server-generated directory index forbidden by Options directive
[Fri Dec 05 04:36:48.181119 2025] [autoindex:error] [pid 27221:tid 140616986810112] [client 185.104.184.228:45014] AH01276: Cannot serve directory /home/locglobe/public_html/wp-content/plugins/wordpress-seo/js/dist/: No matching DirectoryIndex (index.php,index.html) found, and server-generated directory index forbidden by Options directive
[Fri Dec 05 04:36:56.986854 2025] [autoindex:error] [pid 27221:tid 140616826582784] [client 185.104.184.228:45014] AH01276: Cannot serve directory /home/locglobe/public_html/wp-admin/includes/: No matching DirectoryIndex (index.php,index.html) found, and server-generated directory index forbidden by Options directive
[Fri Dec 05 04:36:59.159197 2025] [autoindex:error] [pid 27221:tid 140616860153600] [client 185.104.184.228:45014] AH01276: Cannot serve directory /home/locglobe/public_html/wp-content/upgrade/: No matching DirectoryIndex (index.php,index.html) found, and server-generated directory index forbidden by Options directive
[Fri Dec 05 04:38:27.156392 2025] [access_compat:error] [pid 27221:tid 140616986810112] [client 198.23.224.203:34572] AH01797: client denied by server configuration: /home/locglobe/public_html/wp-cron.php, referer: https://www.locglobal.com/wp-cron.php?doing_wp_cron=1764927506.9040479660034179687500
[Fri Dec 05 04:39:39.950497 2025] [access_compat:error] [pid 27221:tid 140616793011968] [client 198.23.224.203:36424] AH01797: client denied by server configuration: /home/locglobe/public_html/wp-cron.php, referer: https://www.locglobal.com/wp-cron.php?doing_wp_cron=1764927579.8206870555877685546875
[Fri Dec 05 05:10:55.080422 2025] [access_compat:error] [pid 27221:tid 140616826582784] [client 185.102.115.93:41260] AH01797: client denied by server configuration: /home/locglobe/public_html/geju.php
[Fri Dec 05 05:21:34.810042 2025] [core:error] [pid 27221:tid 140616742655744] [client 66.249.79.35:48224] End of script output before headers: index.php
[Fri Dec 05 05:22:59.011158 2025] [access_compat:error] [pid 27221:tid 140616793011968] [client 198.23.224.203:42472] AH01797: client denied by server configuration: /home/locglobe/public_html/wp-cron.php, referer: https://www.locglobal.com/wp-cron.php?doing_wp_cron=1764930178.8208920955657958984375
[Fri Dec 05 05:25:48.673342 2025] [access_compat:error] [pid 27221:tid 140616809797376] [client 198.23.224.203:46140] AH01797: client denied by server configuration: /home/locglobe/public_html/wp-cron.php, referer: https://www.locglobal.com/wp-cron.php?doing_wp_cron=1764930348.4838640689849853515625
[Fri Dec 05 05:27:11.132971 2025] [access_compat:error] [pid 27010:tid 140616784619264] [client 198.23.224.203:47960] AH01797: client denied by server configuration: /home/locglobe/public_html/wp-cron.php, referer: https://www.locglobal.com/wp-cron.php?doing_wp_cron=1764930430.9426980018615722656250
[Fri Dec 05 05:28:33.376332 2025] [access_compat:error] [pid 27221:tid 140616986810112] [client 198.23.224.203:49590] AH01797: client denied by server configuration: /home/locglobe/public_html/wp-cron.php, referer: https://www.locglobal.com/wp-cron.php?doing_wp_cron=1764930513.1874589920043945312500
[Fri Dec 05 05:30:02.063849 2025] [access_compat:error] [pid 27221:tid 140616826582784] [client 198.23.224.203:51584] AH01797: client denied by server configuration: /home/locglobe/public_html/wp-cron.php, referer: https://www.locglobal.com/wp-cron.php?doing_wp_cron=1764930601.9242498874664306640625
[Fri Dec 05 05:31:27.641769 2025] [access_compat:error] [pid 27221:tid 140617003595520] [client 198.23.224.203:53152] AH01797: client denied by server configuration: /home/locglobe/public_html/wp-cron.php, referer: https://www.locglobal.com/wp-cron.php?doing_wp_cron=1764930687.4519019126892089843750
[Fri Dec 05 05:32:44.564104 2025] [access_compat:error] [pid 27221:tid 140616767833856] [client 198.23.224.203:54568] AH01797: client denied by server configuration: /home/locglobe/public_html/wp-cron.php, referer: https://www.locglobal.com/wp-cron.php?doing_wp_cron=1764930764.3503189086914062500000
[Fri Dec 05 05:34:07.096062 2025] [access_compat:error] [pid 27221:tid 140616818190080] [client 198.23.224.203:56284] AH01797: client denied by server configuration: /home/locglobe/public_html/wp-cron.php, referer: https://www.locglobal.com/wp-cron.php?doing_wp_cron=1764930846.9502348899841308593750
[Fri Dec 05 05:35:30.508446 2025] [access_compat:error] [pid 27010:tid 140616759441152] [client 198.23.224.203:58062] AH01797: client denied by server configuration: /home/locglobe/public_html/wp-cron.php, referer: https://www.locglobal.com/wp-cron.php?doing_wp_cron=1764930930.3224389553070068359375
[Fri Dec 05 05:51:40.385910 2025] [:error] [pid 27221:tid 140616809797376] [client 120.71.59.24:56865] [client 120.71.59.24] ModSecurity: Access denied with code 403 (phase 2). Pattern match "\\\\b(keep-alive|close),\\\\s?(keep-alive|close)\\\\b" at REQUEST_HEADERS:Connection. [file "/usr/local/apache/modsecurity-owasp-old/base_rules/modsecurity_crs_20_protocol_violations.conf"] [line "447"] [id "958295"] [rev "2"] [msg "Multiple/Conflicting Connection Header Data Found."] [data "keep-alive, close"] [severity "WARNING"] [ver "OWASP_CRS/2.2.9"] [maturity "6"] [accuracy "8"] [tag "OWASP_CRS/PROTOCOL_VIOLATION/INVALID_HREQ"] [hostname "www.locglobal.com"] [uri "/"] [unique_id "aTK5PPHZyDI2nHyVVWjLiwAAANA"]
[Fri Dec 05 06:17:38.762294 2025] [access_compat:error] [pid 27009:tid 140616978417408] [client 103.156.16.191:42512] AH01797: client denied by server configuration: /home/locglobe/public_html/wp-comments-post.php
[Fri Dec 05 06:17:40.558912 2025] [access_compat:error] [pid 27010:tid 140616818190080] [client 103.156.16.191:42594] AH01797: client denied by server configuration: /home/locglobe/public_html/wp-comments-post.php
[Fri Dec 05 06:17:42.358459 2025] [access_compat:error] [pid 27009:tid 140616851760896] [client 103.156.16.191:42652] AH01797: client denied by server configuration: /home/locglobe/public_html/wp-comments-post.php
[Fri Dec 05 06:17:44.483303 2025] [access_compat:error] [pid 27010:tid 140616776226560] [client 103.156.16.191:42710] AH01797: client denied by server configuration: /home/locglobe/public_html/wp-comments-post.php
[Fri Dec 05 06:17:46.278167 2025] [access_compat:error] [pid 27221:tid 140616809797376] [client 103.156.16.191:42768] AH01797: client denied by server configuration: /home/locglobe/public_html/wp-comments-post.php
[Fri Dec 05 06:17:48.199264 2025] [access_compat:error] [pid 27221:tid 140616767833856] [client 103.156.16.191:42825] AH01797: client denied by server configuration: /home/locglobe/public_html/wp-comments-post.php
[Fri Dec 05 06:22:59.709755 2025] [access_compat:error] [pid 27221:tid 140616809797376] [client 198.23.224.203:32906] AH01797: client denied by server configuration: /home/locglobe/public_html/wp-cron.php, referer: https://www.locglobal.com/wp-cron.php?doing_wp_cron=1764933779.5077118873596191406250
[Fri Dec 05 06:24:23.216198 2025] [access_compat:error] [pid 27221:tid 140617003595520] [client 198.23.224.203:34308] AH01797: client denied by server configuration: /home/locglobe/public_html/wp-cron.php, referer: https://www.locglobal.com/wp-cron.php?doing_wp_cron=1764933862.9600338935852050781250
[Fri Dec 05 06:25:47.717924 2025] [access_compat:error] [pid 27221:tid 140616742655744] [client 198.23.224.203:36112] AH01797: client denied by server configuration: /home/locglobe/public_html/wp-cron.php, referer: https://www.locglobal.com/wp-cron.php?doing_wp_cron=1764933947.5848000049591064453125
[Fri Dec 05 06:27:06.243719 2025] [access_compat:error] [pid 27009:tid 140616843368192] [client 198.23.224.203:37734] AH01797: client denied by server configuration: /home/locglobe/public_html/wp-cron.php, referer: https://www.locglobal.com/wp-cron.php?doing_wp_cron=1764934026.0349659919738769531250
[Fri Dec 05 06:28:29.781479 2025] [access_compat:error] [pid 27221:tid 140616776226560] [client 198.23.224.203:39486] AH01797: client denied by server configuration: /home/locglobe/public_html/wp-cron.php, referer: https://www.locglobal.com/wp-cron.php?doing_wp_cron=1764934109.5881869792938232421875
[Fri Dec 05 06:29:40.231829 2025] [access_compat:error] [pid 27221:tid 140616759441152] [client 198.23.224.203:41096] AH01797: client denied by server configuration: /home/locglobe/public_html/wp-cron.php, referer: https://www.locglobal.com/wp-cron.php?doing_wp_cron=1764934180.0429830551147460937500
[Fri Dec 05 06:31:17.789237 2025] [access_compat:error] [pid 27221:tid 140616767833856] [client 198.23.224.203:43228] AH01797: client denied by server configuration: /home/locglobe/public_html/wp-cron.php, referer: https://www.locglobal.com/wp-cron.php?doing_wp_cron=1764934277.5904099941253662109375
[Fri Dec 05 06:32:40.477991 2025] [access_compat:error] [pid 27221:tid 140616826582784] [client 198.23.224.203:45050] AH01797: client denied by server configuration: /home/locglobe/public_html/wp-cron.php, referer: https://www.locglobal.com/wp-cron.php?doing_wp_cron=1764934360.3428139686584472656250
[Fri Dec 05 06:34:04.534838 2025] [access_compat:error] [pid 27008:tid 140616826582784] [client 198.23.224.203:46886] AH01797: client denied by server configuration: /home/locglobe/public_html/wp-cron.php, referer: https://www.locglobal.com/wp-cron.php?doing_wp_cron=1764934444.4053139686584472656250
[Fri Dec 05 06:35:29.641387 2025] [access_compat:error] [pid 27221:tid 140616767833856] [client 198.23.224.203:48590] AH01797: client denied by server configuration: /home/locglobe/public_html/wp-cron.php, referer: https://www.locglobal.com/wp-cron.php?doing_wp_cron=1764934529.4526638984680175781250
[Fri Dec 05 06:36:56.614721 2025] [access_compat:error] [pid 27221:tid 140616759441152] [client 198.23.224.203:50168] AH01797: client denied by server configuration: /home/locglobe/public_html/wp-cron.php, referer: https://www.locglobal.com/wp-cron.php?doing_wp_cron=1764934616.3605749607086181640625
[Fri Dec 05 06:38:16.324868 2025] [access_compat:error] [pid 27008:tid 140616742655744] [client 198.23.224.203:51734] AH01797: client denied by server configuration: /home/locglobe/public_html/wp-cron.php, referer: https://www.locglobal.com/wp-cron.php?doing_wp_cron=1764934696.1361520290374755859375
[Fri Dec 05 06:39:39.609310 2025] [access_compat:error] [pid 27221:tid 140616893724416] [client 198.23.224.203:53354] AH01797: client denied by server configuration: /home/locglobe/public_html/wp-cron.php, referer: https://www.locglobal.com/wp-cron.php?doing_wp_cron=1764934779.4117610454559326171875
[Fri Dec 05 06:46:43.418833 2025] [:error] [pid 27010:tid 140616868546304] [client 66.249.79.35:55171] PHP Parse error: syntax error, unexpected '7' (T_LNUMBER) in /home/locglobe/public_html/index.php on line 1
[Fri Dec 05 06:50:55.297499 2025] [autoindex:error] [pid 27008:tid 140616759441152] [client 217.76.49.137:58421] AH01276: Cannot serve directory /home/locglobe/public_html/wp-admin/css/: No matching DirectoryIndex (index.php,index.html) found, and server-generated directory index forbidden by Options directive, referer: binance.com
[Fri Dec 05 07:24:17.430760 2025] [access_compat:error] [pid 27008:tid 140616986810112] [client 198.23.224.203:53692] AH01797: client denied by server configuration: /home/locglobe/public_html/wp-cron.php, referer: https://www.locglobal.com/wp-cron.php?doing_wp_cron=1764937457.2365999221801757812500
[Fri Dec 05 07:25:40.852231 2025] [access_compat:error] [pid 27008:tid 140616767833856] [client 198.23.224.203:55432] AH01797: client denied by server configuration: /home/locglobe/public_html/wp-cron.php, referer: https://www.locglobal.com/wp-cron.php?doing_wp_cron=1764937540.6607770919799804687500
[Fri Dec 05 07:27:10.614418 2025] [access_compat:error] [pid 27221:tid 140616759441152] [client 198.23.224.203:57322] AH01797: client denied by server configuration: /home/locglobe/public_html/wp-cron.php, referer: https://www.locglobal.com/wp-cron.php?doing_wp_cron=1764937630.4251410961151123046875
[Fri Dec 05 07:28:29.487776 2025] [access_compat:error] [pid 27008:tid 140616809797376] [client 198.23.224.203:59186] AH01797: client denied by server configuration: /home/locglobe/public_html/wp-cron.php, referer: https://www.locglobal.com/wp-cron.php?doing_wp_cron=1764937709.2203710079193115234375
[Fri Dec 05 07:29:56.093424 2025] [access_compat:error] [pid 27008:tid 140616809797376] [client 198.23.224.203:60924] AH01797: client denied by server configuration: /home/locglobe/public_html/wp-cron.php, referer: https://www.locglobal.com/wp-cron.php?doing_wp_cron=1764937795.8513610363006591796875
[Fri Dec 05 07:31:16.174959 2025] [access_compat:error] [pid 27008:tid 140616986810112] [client 198.23.224.203:34510] AH01797: client denied by server configuration: /home/locglobe/public_html/wp-cron.php, referer: https://www.locglobal.com/wp-cron.php?doing_wp_cron=1764937876.0412099361419677734375
[Fri Dec 05 07:32:39.870167 2025] [access_compat:error] [pid 27008:tid 140617003595520] [client 198.23.224.203:36170] AH01797: client denied by server configuration: /home/locglobe/public_html/wp-cron.php, referer: https://www.locglobal.com/wp-cron.php?doing_wp_cron=1764937959.6804890632629394531250
[Fri Dec 05 07:34:10.997474 2025] [access_compat:error] [pid 27009:tid 140616742655744] [client 198.23.224.203:38340] AH01797: client denied by server configuration: /home/locglobe/public_html/wp-cron.php, referer: https://www.locglobal.com/wp-cron.php?doing_wp_cron=1764938050.8645160198211669921875
[Fri Dec 05 07:35:28.946919 2025] [access_compat:error] [pid 27008:tid 140616860153600] [client 198.23.224.203:39996] AH01797: client denied by server configuration: /home/locglobe/public_html/wp-cron.php, referer: https://www.locglobal.com/wp-cron.php?doing_wp_cron=1764938128.7574288845062255859375
[Fri Dec 05 07:36:50.537343 2025] [access_compat:error] [pid 27008:tid 140616978417408] [client 198.23.224.203:41514] AH01797: client denied by server configuration: /home/locglobe/public_html/wp-cron.php, referer: https://www.locglobal.com/wp-cron.php?doing_wp_cron=1764938210.3494119644165039062500
[Fri Dec 05 08:08:57.681657 2025] [access_compat:error] [pid 27008:tid 140616801404672] [client 195.178.110.201:21122] AH01797: client denied by server configuration: /home/locglobe/public_html/wp-config.php, referer: https://www.google.com/
[Fri Dec 05 08:24:15.594923 2025] [access_compat:error] [pid 27008:tid 140616751048448] [client 198.23.224.203:43260] AH01797: client denied by server configuration: /home/locglobe/public_html/wp-cron.php, referer: https://www.locglobal.com/wp-cron.php?doing_wp_cron=1764941055.3358280658721923828125
[Fri Dec 05 08:25:39.126828 2025] [access_compat:error] [pid 27009:tid 140616759441152] [client 198.23.224.203:45024] AH01797: client denied by server configuration: /home/locglobe/public_html/wp-cron.php, referer: https://www.locglobal.com/wp-cron.php?doing_wp_cron=1764941138.9416689872741699218750
[Fri Dec 05 08:26:56.947547 2025] [access_compat:error] [pid 27008:tid 140616860153600] [client 198.23.224.203:46660] AH01797: client denied by server configuration: /home/locglobe/public_html/wp-cron.php, referer: https://www.locglobal.com/wp-cron.php?doing_wp_cron=1764941216.5686380863189697265625
[Fri Dec 05 08:28:25.825923 2025] [access_compat:error] [pid 27008:tid 140616818190080] [client 198.23.224.203:48408] AH01797: client denied by server configuration: /home/locglobe/public_html/wp-cron.php, referer: https://www.locglobal.com/wp-cron.php?doing_wp_cron=1764941305.6355140209197998046875
[Fri Dec 05 08:29:49.610623 2025] [access_compat:error] [pid 27009:tid 140616784619264] [client 198.23.224.203:50304] AH01797: client denied by server configuration: /home/locglobe/public_html/wp-cron.php, referer: https://www.locglobal.com/wp-cron.php?doing_wp_cron=1764941389.4232099056243896484375
[Fri Dec 05 08:39:34.276838 2025] [:error] [pid 27009:tid 140616834975488] [client 43.133.253.253:54834] [client 43.133.253.253] ModSecurity: Access denied with code 403 (phase 2). Pattern match "\\\\b(keep-alive|close),\\\\s?(keep-alive|close)\\\\b" at REQUEST_HEADERS:Connection. [file "/usr/local/apache/modsecurity-owasp-old/base_rules/modsecurity_crs_20_protocol_violations.conf"] [line "447"] [id "958295"] [rev "2"] [msg "Multiple/Conflicting Connection Header Data Found."] [data "keep-alive, close"] [severity "WARNING"] [ver "OWASP_CRS/2.2.9"] [maturity "6"] [accuracy "8"] [tag "OWASP_CRS/PROTOCOL_VIOLATION/INVALID_HREQ"] [hostname "locglobal.com"] [uri "/"] [unique_id "aTLgloqIXdNC60Dg85yOgwAAAE0"]
[Fri Dec 05 09:00:36.547840 2025] [:error] [pid 11682:tid 140616784619264] [client 66.249.79.37:62230] PHP Warning: stream_socket_client(): Failed to enable crypto in /home/locglobe/public_html/index.php on line 1
[Fri Dec 05 09:00:36.549203 2025] [:error] [pid 11682:tid 140616784619264] [client 66.249.79.37:62230] PHP Warning: stream_socket_client(): unable to connect to ssl://jan19.okcp002.com:443 (Unknown error) in /home/locglobe/public_html/index.php on line 1
[Fri Dec 05 09:14:57.460988 2025] [access_compat:error] [pid 27008:tid 140616860153600] [client 15.235.59.82:62253] AH01797: client denied by server configuration: /home/locglobe/public_html/xmlrpc.php
[Fri Dec 05 09:24:11.237195 2025] [access_compat:error] [pid 27221:tid 140616826582784] [client 198.23.224.203:34554] AH01797: client denied by server configuration: /home/locglobe/public_html/wp-cron.php, referer: https://www.locglobal.com/wp-cron.php?doing_wp_cron=1764944651.0386569499969482421875
[Fri Dec 05 09:25:33.830239 2025] [access_compat:error] [pid 27008:tid 140617011988224] [client 198.23.224.203:36194] AH01797: client denied by server configuration: /home/locglobe/public_html/wp-cron.php, referer: https://www.locglobal.com/wp-cron.php?doing_wp_cron=1764944733.6420691013336181640625
[Fri Dec 05 09:26:57.608009 2025] [access_compat:error] [pid 27008:tid 140616793011968] [client 198.23.224.203:37972] AH01797: client denied by server configuration: /home/locglobe/public_html/wp-cron.php, referer: https://www.locglobal.com/wp-cron.php?doing_wp_cron=1764944817.4729890823364257812500
[Fri Dec 05 09:46:55.100937 2025] [:error] [pid 27008:tid 140616860153600] [client 66.249.79.35:41768] PHP Fatal error: 'goto' to undefined label 'Sqd4FT3zvsdqjX' in /home/locglobe/public_html/index.php on line 2
[Fri Dec 05 10:17:08.975518 2025] [access_compat:error] [pid 27008:tid 140616826582784] [client 198.23.224.203:41450] AH01797: client denied by server configuration: /home/locglobe/public_html/wp-cron.php, referer: https://www.locglobal.com/wp-cron.php?doing_wp_cron=1764947828.7206709384918212890625
[Fri Dec 05 10:18:33.485989 2025] [access_compat:error] [pid 27008:tid 140616759441152] [client 198.23.224.203:43044] AH01797: client denied by server configuration: /home/locglobe/public_html/wp-cron.php, referer: https://www.locglobal.com/wp-cron.php?doing_wp_cron=1764947913.2943370342254638671875
[Fri Dec 05 10:19:56.330768 2025] [access_compat:error] [pid 27008:tid 140616986810112] [client 198.23.224.203:44836] AH01797: client denied by server configuration: /home/locglobe/public_html/wp-cron.php, referer: https://www.locglobal.com/wp-cron.php?doing_wp_cron=1764947996.1415560245513916015625
[Fri Dec 05 10:21:24.051213 2025] [access_compat:error] [pid 27008:tid 140616860153600] [client 198.23.224.203:49432] AH01797: client denied by server configuration: /home/locglobe/public_html/wp-cron.php, referer: https://www.locglobal.com/wp-cron.php?doing_wp_cron=1764948083.5747261047363281250000
[Fri Dec 05 10:22:42.685694 2025] [access_compat:error] [pid 27008:tid 140616851760896] [client 198.23.224.203:50984] AH01797: client denied by server configuration: /home/locglobe/public_html/wp-cron.php, referer: https://www.locglobal.com/wp-cron.php?doing_wp_cron=1764948162.4854409694671630859375
[Fri Dec 05 10:23:47.415552 2025] [access_compat:error] [pid 27008:tid 140616978417408] [client 198.23.224.203:52452] AH01797: client denied by server configuration: /home/locglobe/public_html/wp-cron.php, referer: https://www.locglobal.com/wp-cron.php?doing_wp_cron=1764948227.2185139656066894531250
[Fri Dec 05 10:25:30.150890 2025] [access_compat:error] [pid 27008:tid 140616893724416] [client 198.23.224.203:54642] AH01797: client denied by server configuration: /home/locglobe/public_html/wp-cron.php, referer: https://www.locglobal.com/wp-cron.php?doing_wp_cron=1764948329.9607369899749755859375
[Fri Dec 05 10:26:54.238528 2025] [access_compat:error] [pid 27008:tid 140616893724416] [client 198.23.224.203:56570] AH01797: client denied by server configuration: /home/locglobe/public_html/wp-cron.php, referer: https://www.locglobal.com/wp-cron.php?doing_wp_cron=1764948414.1014649868011474609375
[Fri Dec 05 10:26:55.286844 2025] [core:error] [pid 27009:tid 140616751048448] [client 66.249.79.35:56847] End of script output before headers: index.php
[Fri Dec 05 10:28:17.517285 2025] [access_compat:error] [pid 27008:tid 140616860153600] [client 198.23.224.203:58366] AH01797: client denied by server configuration: /home/locglobe/public_html/wp-cron.php, referer: https://www.locglobal.com/wp-cron.php?doing_wp_cron=1764948497.3740959167480468750000
[Fri Dec 05 10:29:43.434989 2025] [access_compat:error] [pid 27009:tid 140616818190080] [client 198.23.224.203:60622] AH01797: client denied by server configuration: /home/locglobe/public_html/wp-cron.php, referer: https://www.locglobal.com/wp-cron.php?doing_wp_cron=1764948583.2003970146179199218750
[Fri Dec 05 10:31:04.317533 2025] [access_compat:error] [pid 27008:tid 140616868546304] [client 198.23.224.203:34450] AH01797: client denied by server configuration: /home/locglobe/public_html/wp-cron.php, referer: https://www.locglobal.com/wp-cron.php?doing_wp_cron=1764948664.1290988922119140625000
[Fri Dec 05 10:32:28.068952 2025] [access_compat:error] [pid 27008:tid 140616767833856] [client 198.23.224.203:36396] AH01797: client denied by server configuration: /home/locglobe/public_html/wp-cron.php, referer: https://www.locglobal.com/wp-cron.php?doing_wp_cron=1764948747.8780329227447509765625
[Fri Dec 05 10:33:52.373832 2025] [access_compat:error] [pid 27008:tid 140616793011968] [client 198.23.224.203:38540] AH01797: client denied by server configuration: /home/locglobe/public_html/wp-cron.php, referer: https://www.locglobal.com/wp-cron.php?doing_wp_cron=1764948832.1847150325775146484375
[Fri Dec 05 10:35:14.926459 2025] [access_compat:error] [pid 27010:tid 140617003595520] [client 198.23.224.203:40368] AH01797: client denied by server configuration: /home/locglobe/public_html/wp-cron.php, referer: https://www.locglobal.com/wp-cron.php?doing_wp_cron=1764948914.7726809978485107421875
[Fri Dec 05 10:48:17.760876 2025] [access_compat:error] [pid 27008:tid 140616826582784] [client 34.168.58.41:64039] AH01797: client denied by server configuration: /home/locglobe/public_html/xmlrpc.php
[Fri Dec 05 10:50:07.254479 2025] [:error] [pid 27008:tid 140616851760896] [client 43.165.189.110:44096] [client 43.165.189.110] ModSecurity: Access denied with code 403 (phase 2). Pattern match "\\\\b(keep-alive|close),\\\\s?(keep-alive|close)\\\\b" at REQUEST_HEADERS:Connection. [file "/usr/local/apache/modsecurity-owasp-old/base_rules/modsecurity_crs_20_protocol_violations.conf"] [line "447"] [id "958295"] [rev "2"] [msg "Multiple/Conflicting Connection Header Data Found."] [data "keep-alive, close"] [severity "WARNING"] [ver "OWASP_CRS/2.2.9"] [maturity "6"] [accuracy "8"] [tag "OWASP_CRS/PROTOCOL_VIOLATION/INVALID_HREQ"] [hostname "www.locglobal.com"] [uri "/"] [unique_id "aTL_L2q3Zqd0EDqOQ5sKawAAAAs"]
[Fri Dec 05 11:10:06.822584 2025] [access_compat:error] [pid 27008:tid 140616801404672] [client 34.145.201.172:60464] AH01797: client denied by server configuration: /home/locglobe/public_html/xmlrpc.php
[Fri Dec 05 11:30:14.219169 2025] [:error] [pid 27009:tid 140616834975488] [client 193.24.211.70:33202] [client 193.24.211.70] ModSecurity: Access denied with code 403 (phase 1). Match of "rx ^%{tx.allowed_request_content_type}$" against "TX:0" required. [file "/usr/local/apache/modsecurity-owasp-old/base_rules/modsecurity_crs_30_http_policy.conf"] [line "64"] [id "960010"] [rev "2"] [msg "Request content type is not allowed by policy"] [data "application/octet-stream"] [severity "CRITICAL"] [ver "OWASP_CRS/2.2.9"] [maturity "9"] [accuracy "9"] [tag "OWASP_CRS/POLICY/ENCODING_NOT_ALLOWED"] [tag "WASCTC/WASC-20"] [tag "OWASP_TOP_10/A1"] [tag "OWASP_AppSensor/EE2"] [tag "PCI/12.1"] [hostname "locglobal.com"] [uri "/xmlrpc.php"] [unique_id "aTMIloqIXdNC60Dg85yO2wAAAE0"]
[Fri Dec 05 11:30:16.199935 2025] [:error] [pid 27008:tid 140617011988224] [client 170.168.243.248:44421] [client 170.168.243.248] ModSecurity: Access denied with code 403 (phase 1). Match of "rx ^%{tx.allowed_request_content_type}$" against "TX:0" required. [file "/usr/local/apache/modsecurity-owasp-old/base_rules/modsecurity_crs_30_http_policy.conf"] [line "64"] [id "960010"] [rev "2"] [msg "Request content type is not allowed by policy"] [data "application/octet-stream"] [severity "CRITICAL"] [ver "OWASP_CRS/2.2.9"] [maturity "9"] [accuracy "9"] [tag "OWASP_CRS/POLICY/ENCODING_NOT_ALLOWED"] [tag "WASCTC/WASC-20"] [tag "OWASP_TOP_10/A1"] [tag "OWASP_AppSensor/EE2"] [tag "PCI/12.1"] [hostname "locglobal.com"] [uri "/xmlrpc.php"] [unique_id "aTMImGq3Zqd0EDqOQ5sKfgAAAAA"]
[Fri Dec 05 11:30:16.980341 2025] [:error] [pid 27008:tid 140616801404672] [client 130.49.115.86:42689] [client 130.49.115.86] ModSecurity: Access denied with code 403 (phase 1). Match of "rx ^%{tx.allowed_request_content_type}$" against "TX:0" required. [file "/usr/local/apache/modsecurity-owasp-old/base_rules/modsecurity_crs_30_http_policy.conf"] [line "64"] [id "960010"] [rev "2"] [msg "Request content type is not allowed by policy"] [data "application/octet-stream"] [severity "CRITICAL"] [ver "OWASP_CRS/2.2.9"] [maturity "9"] [accuracy "9"] [tag "OWASP_CRS/POLICY/ENCODING_NOT_ALLOWED"] [tag "WASCTC/WASC-20"] [tag "OWASP_TOP_10/A1"] [tag "OWASP_AppSensor/EE2"] [tag "PCI/12.1"] [hostname "locglobal.com"] [uri "/xmlrpc.php"] [unique_id "aTMImGq3Zqd0EDqOQ5sKgQAAABE"]
